-- https://www.phpmyadmin.net/
--
-- Servidor: 127.0.0.1
-- Tiempo de generación: 01-04-2022 a las 16:22:43
-- Versión del servidor: 10.4.19-MariaDB
-- Versión de PHP: 8.0.6

START TRANSACTION;



--
-- Base de datos: `pqrs`
--

-- --------------------------------------------------------

--
-- Estructura de tabla para la tabla `asegurador`
--

CREATE TABLE `asegurador` (
  `MECNTR` varchar(15) COLLATE utf8_spanish_ci NOT NULL,
  `EMPDSC` varchar(45) COLLATE utf8_spanish_ci NOT NULL,
  `ESTADO` varchar(1) COLLATE utf8_spanish_ci NOT NULL
) ENGINE=InnoDB DEFAULT CHARSET=utf8 COLLATE=utf8_spanish_ci;

--
-- Volcado de datos para la tabla `asegurador`
--

INSERT INTO `asegurador` (`MECNTR`, `EMPDSC`, `ESTADO`) VALUES
('00000000', '-NINGUNO', 'A'),
('10243460-4', 'ALBERTO LOPEZ GOMEZ', 'A'),
('1700100873', 'TARJETA VIVIR MEJOR', 'A'),
('800.130.907-4', 'SALUD TOTAL SA EPS', 'A'),
('800044967-8', 'ASSBASALUD ESE', 'A'),
('800050068-6', 'FUNDACIÓN MÉDICO PREVENTIVA PARA EL BIENESTAR', 'A'),
('800088702-2', 'EPS Y MEDICINA PREPAGADA SURAMERICANA SA', 'A'),
('800091594-4', 'GOBERNACIÓN DE CAQUETÁ', 'A'),
('800094164-4', 'SECRETARIA DE SALUD DEPARTAMENTO PUTUMAYO', 'A'),
('800099310-6', 'SECRETARIA DE DOSQUEBRADAS', 'A'),
('800100054-9', 'MUNICIPIO DE FALAN TOLIMA', 'A'),
('800100056-3', 'ALCALDIA MUNICIPAL FRESNO TOLIMA', 'A'),
('800103196-1', 'SECRETARIA DE SALUD DEL GUAVIARE', 'A'),
('800106339-1', 'COLMEDICA MEDICINA PREPAGADA', 'A'),
('800113672-7', 'GOBERNACIÓN DEL TOLIMA', 'A'),
('800114312-5', 'DIRECCION TERRITORIAL DE SALUD DE CALDAS', 'A'),
('800118954-1', 'UNIVERSIDAD DE NARIÑO', 'A'),
('800125405-9', 'INSTITUTO SECCIONAL DE SALUD DEL QUINDIO', 'A'),
('800130044-3', 'BATALLON AYACUCHO', 'A'),
('800130829-8', 'EJERCITO NAL. INTENDENCIA LOCAL D BRIGADA Nº8', 'A'),
('800130907-4', 'SALUD TOTAL EPS-S S.A', 'A'),
('800138188-1', 'PROTECCION SA', 'A'),
('800140610-5', 'DEPARTAMENTO DE POLICIA DE CALDAS', 'A'),
('800140949-6', 'CAFESALUD', 'A'),
('800176807-4', 'PROFESIONALES DE LA SALUD', 'A'),
('800179541-4', 'CAJANAL EPS', 'A'),
('800185449-9', 'DIAGNOSTICOS CARDIOLOGICOS ESP. S.A DIACORSA', 'A'),
('800199994-2', 'RENAL MEDICA LTDA PEREIRA', 'A'),
('800215546-5', 'INPEC NACIONAL', 'A'),
('800219192-1', 'CLINICA SANTILLANA', 'A'),
('800223979-4', 'DEPARTAMENTO DE POLICIA NACIONAL', 'A'),
('800226175-3', 'COLMENA RIESGOS PROFESIONALES', 'A'),
('800246953-2', 'FONDO FINANCIERO DISTRITAL DE SALUD', 'A'),
('800249241-0', 'COOSALUD', 'A'),
('800250119-1', 'SALUDCOOP EPS', 'A'),
('800251440-6', 'SANITAS EPS SA', 'A'),
('800256161-9', 'SEGUROS DE RIESGOS PROFESIONALES SURAMERICANA', 'A'),
('800299241-0', 'COOSALUD VALLE', 'A'),
('801000713-9', 'ONCOLOGOS DE OCCIDENTE', 'A'),
('804001273-2', 'SOLSALUD', 'A'),
('804002105-0', 'COMPARTA EPS S', 'A'),
('805000427-1', 'COOMEVA EPS', 'A'),
('805001157-2', 'SOS EPS', 'A'),
('805004565-8', 'CALI SALUD EPS', 'A'),
('805009242-7', 'SERV TERAPIA RENAL DE CALDAS', 'A'),
('805009741-0', 'COOMEVA MEDICINA PREPAGADA', 'A'),
('805011262-0', 'RTS LIMITADA', 'A'),
('805021984-2', 'SALUD COLOMBIA', 'A'),
('805023289-0', 'COSMITET', 'A'),
('805023289-1', 'UT CLINICA AMAN-COSMITET', 'A'),
('806008394-7', 'ASOCIACIÓN MUTUAL SER', 'A'),
('809008362-2', 'PIJAO SALUD EPS', 'A'),
('810000123-6', 'INSTITUTO ONCOLOGICO', 'A'),
('810000140-0', 'ASOCIACION MUTUAL BARRIOS UNIDOS DE QUIBDO', 'A'),
('810000140-1', 'ASOCIACION MUTUAL BARRIOS UNIDOS DE QUIBDO', 'A'),
('810000423-0', 'FUNDACION PEQUEÑO CORAZON', 'A'),
('810000425-5', 'MEDIPOS S.A.', 'A'),
('810000506-3', 'SEGURO SOCIAL DEL CLERO', 'A'),
('810000565-8', 'FAMISALUD ARS', 'A'),
('810000878-8', 'EPS DE CALDAS SA', 'A'),
('810000901-1', 'PASBISALUD IPS LIMITADA', 'A'),
('810000990-5', 'CENTRO DE SALUD MONTEBONITO', 'A'),
('810001014-6', 'INSTITUTO MEDICINA LEGAL SECCIONAL CALDAS', 'A'),
('810001041-8', 'ASORESSEC', 'A'),
('810001096-1', 'CÁRCEL DISTRITO JUDICIAL MANIZALES', 'A'),
('810001114-4', 'INPEC DISTRITO MANIZALES MUJERES', 'A'),
('810001377-4', 'INPEC AGUADAS', 'A'),
('810001392-5', 'HOSPITAL SAN ANTONIO MARMATO', 'A'),
('810002335-1', 'CENTRO DE DIAGNOSTICO UROLOGICO DE CALDAS', 'A'),
('810003245-1', 'CLINICA VERSALLES', 'A'),
('810003634-1', 'CALDAS SALUD', 'A'),
('810004661-5', 'CONSORCIO JAIBANA IPS', 'A'),
('810005402-9', 'FUNDACION SOFIA', 'A'),
('810005551-8', 'MEDICAN LTDA', 'A'),
('810005577-9', 'UT SALUD CAFETERA', 'A'),
('810005588-1', 'C.T.A COOPSOFIA', 'A'),
('810005688-8', 'UT SALUD DEL EJE CAFETERO', 'A'),
('810005798-1', 'COOTRABEA', 'A'),
('81000588-1', 'C.T.A COPPSOFIA', 'A'),
('810005979-6', 'COOPERATIVA DE TRABAJO ASOCIADO COOPERAMOS', 'A'),
('810006053-6', 'ESTABLECIMIENTO PENINTENCIARIO DE LA DORADA', 'A'),
('810006324-7', 'COOPERATIVA DE TRABAJO ASOCIADO CONTRALABOR', 'A'),
('810006843-8', 'SERVICIOS MEDICOS LA CAMELIA LTDA', 'A'),
('811016192-8', 'IPS UNIVERSITARIA DE UNIVERSIDAD DE ANTIOQUIA', 'A'),
('811039913-0', 'FUNDACION BANCO TEJIDOS HUMANOS TISSUE BANK', 'A'),
('814000337-1', 'EMSSANAR ESS', 'A'),
('814000608-0', 'ENTIDAD PROMOTORA DE SALUD CONDOR SA ARS', 'A'),
('816005003 5', 'ESE SALUD PEREIRA', 'A'),
('816005816-6', 'C.T.A DE MEDICOS ESPECIALISTAS DARSALUD', 'A'),
('816007623-0', 'ESE RITA ARANGO ALVAREZ DEL PINO', 'A'),
('817000248 3', 'ASMET SALUD CHINCHINA', 'A'),
('817000248-3', 'ASMET SALUD -\"ASOCIACIÓN MUTUAL LA ESPERANZA\"', 'A'),
('817001773-3', 'ASOCIACION INDIGENA DEL CAUCA AIC EPS-INDIGEN', 'A'),
('818000140-0', 'ASOCIACION BARRIOS UNIDOS DE QUIBDO E.S.S', 'A'),
('830003564-7', 'EPS FAMISANAR', 'A'),
('830006404-0', 'HUMANA VIVIR EPS', 'A'),
('830008686-1', 'SEGUROS LA EQUIDAD DE VIDA ARP', 'A'),
('830009783-0', 'CRUZ BLANCA EPS', 'A'),
('830023202', 'FERROCARRILES Y PUERTOS COSMITET LDA', 'A'),
('830023202-1', 'COSMITET LTDA', 'A'),
('830035564-7', 'FAMISANAR', 'A'),
('830039670-5', 'DIRECCION GENERAL DE SANIDAD MILITAR', 'A'),
('830040256-0', 'HOSPITAL MILITAR CENTRAL', 'A'),
('830041314-4', 'POLICÍA SANIDAD QUINDÍO', 'A'),
('830054904-6', 'MAPFRE COLOMBIA VIDA ARL', 'A'),
('830055758-1', 'MEDIHUMANA COLOMBIA', 'A'),
('830074184-5', 'SALUD VIDA SA', 'A'),
('830079672-0', 'FISALUD', 'A'),
('830096513-1', 'RED SALUD', 'A'),
('830113831-0', 'ALIANSALUD EPS', 'A'),
('830115226-9', 'MINISTERIO DE PROTECCION SOCIAL', 'A'),
('830502506-0', 'ASOCIACION CULTURAR DE COLOMBIA', 'A'),
('830514240-9', 'DIAGNOSTIMED S.A', 'A'),
('832000760-8', 'ECOOPSOS EPS EMPRESA SOLIDARIA DE SALUD', 'A'),
('837000084-5', 'MALLAMAS', 'A'),
('846000244-1', 'SELVA SALUD EPS', 'A'),
('860.002.398-5', 'METLIFE COLOMBIA SEGUROS DE VIDA S.A', 'A'),
('860002183-9', 'AXA COLPATRIA SEGUROS DE VIDA S.A.', 'A'),
('860002184-6', 'AXA COLPATRIA SEGUROS S.A.', 'A'),
('860002398-5', 'METLIFE COLOMBIA SEGUROS DE VIDA S.A', 'A'),
('860002400-2', 'LA PREVISORA SA', 'A'),
('860002447-8', 'SEGUROS COLMENA', 'A'),
('860002503-2', 'SEGUROS BOLIVAR', 'A'),
('860002505-7', 'ROYAL & SUN ALLIANCE', 'A'),
('860002527-9', 'AGRICOLA DE SEGUROS SOAT', 'A'),
('860002528-6', 'AGRICOLA DE SEGUROS ARP', 'A'),
('860002534-0', 'QBE SEGUROS S.A', 'A'),
('860005068-3', 'RELIGIOSOS TERCIARIOS CAPUCHINOS', 'A'),
('860005216-7', 'BANCO DE LA REPUBLICA', 'A'),
('860005224-6', 'BAVARIA SA', 'A'),
('860005239-6', 'SEGUROS TEQUENDAMA', 'A'),
('860007336-1', 'CAJA DE SUBSIDIO FAMILIAR COLSUBSIDIO', 'A'),
('860008645', 'LIBERTY SEGUROS A.R.P', 'A'),
('860008645-7', 'LIBERTY SEGUROS DE VIDA S.A', 'A'),
('860009174-4', 'SEGUROS DE VIDA DEL ESTADO', 'A'),
('860009578-6', 'SEGUROS DEL ESTADO', 'A'),
('860010170-7', 'GENERALI COLOMBIA SA', 'A'),
('860011153-6', 'POSITIVA COMPAÑIA DE SEGUROS SA', 'A'),
('860013570-3', 'CAFAM CUNDINAMARCA', 'A'),
('860013816-1', 'ISS', 'A'),
('860022137-5', 'SEGUROS AURORA', 'A'),
('860026182-5', 'COLSEGUROS SOAT', 'A'),
('860026518-6', 'ACE SEGUROS S.A.', 'A'),
('860026529-7', 'UNDETOC', 'A'),
('860027404-1', 'ALLIANZ- COLSEGUROS DE VIDA S.A', 'A'),
('860028415-5', 'SEGUROS LA EQUIDAD', 'A'),
('860037013-6', 'MUNDIAL DE SEGUROS', 'A'),
('860038299-1', 'COMPAÑIA DE SEGUROS PAN AMERICAN LIFE', 'A'),
('860039988-0', 'LIBERTY SEGUROS SA', 'A'),
('860045904-7', 'CAJA DE COMPENSACION FAMILIAR DE CUNDINAMARCA', 'A'),
('860066191-2', 'MEDICOS ASOCIADOS SA', 'A'),
('860066942-7', 'COMPENSAR', 'A'),
('860078828-7', 'COLSANITAS SA', 'A'),
('860512237-6', 'SALUD COLPATRIA S.A', 'A'),
('860519964-4', 'MEDISALUD', 'A'),
('860524654-6', 'ASEGURADORA SOLIDARIA DE COLOMBIA', 'A'),
('880013570-4', 'CAFAM SUBSIDIADO', 'A'),
('890.801.152-8', 'MUNICIPIO VILLAMARIA', 'A'),
('890000070-6', 'CLINICA CENTRAL DEL QUINDIO SA', 'A'),
('890000381-0', 'COMFENALCO QUINDIO', 'A'),
('890001639-1', 'SECRETARIA DE SALUD DEL QUINDIO', 'A'),
('890013816-1', 'ISS SECCIONAL CALDAS', 'A'),
('890102044-1', 'CAJA DE COMPENSACION FAMILIAR CAJACOPI ATLANT', 'A'),
('890201235-6', 'SECRETARIA DEPTAL DE SALUD DE SANTANDER', 'A'),
('890303093-1', 'COMFENALCO VALLE', 'A'),
('890303208-5', 'CAJA COMPENSACION FAMILIAR DEL CAUCA COMFANDI', 'A'),
('890324177-5', 'FUNDACION VALLE DEL LILI', 'A'),
('890330348-2', 'SOCIEDAD CLÍNICA SANTIAGO DE CALI S.A.', 'A'),
('890399010 6', 'UNIVERSIDAD DEL VALLE', 'A'),
('890399010-6', 'UNIVERSIDAD DEL VALLE', 'A'),
('890399029-5', 'SECRETARIA DE SALUD DEPTAL DEL VALLE', 'A'),
('890480126-7', 'SECRETARIA DEPARTAMENTAL DE CARTAGENA', 'A'),
('890700148-4', 'COMFENALCO TOLIMA', 'A'),
('890706145-1', 'SECRETARIA DE SALUD DEL TOLIMA', 'A'),
('890800128-6', 'CHEC', 'A'),
('890800135-8', 'CLINICA MANIZALES S.A', 'A'),
('890800153-0', 'SEGUROS ATLAS', 'A'),
('890800498-1', 'SECRETARIA DE SALUD DE BOYACA', 'A'),
('890801024-3', 'ARQUIDIOCESIS DE MANIZALES', 'A'),
('890801026-8', 'HOSPITAL FELIPE SUAREZ SALAMINA', 'A'),
('890801052-1', 'GOBERNACION DE CALDAS', 'A'),
('890801053-7', 'MUNICIPIO DE MANIZALES', 'A'),
('890801063', 'UNIVERSIDAD DE CALDAS', 'A'),
('890801083-8', 'SINDICATO DE BARES Y CAFES SIBARCA', 'A'),
('890801099-5', 'PACIENTE INSTITUCIONAL - SANTA SOFIA', 'A'),
('890801130-6', 'MUNICIPIO DE LA DORADA', 'A'),
('890801132-0', 'MUNICIPIO DE AGUADAS', 'A'),
('8908011320', 'MUNICIPIO DE AGUADAS', 'A'),
('890801133-8', 'MUNICIPIO CHINCHINA', 'A'),
('890801135-2', 'MUNICIPIO DE NEIRA', 'A'),
('890801136-1', 'MUNICIPIO DE PACORA', 'A'),
('890801137-7', 'MUNICIPIO DE PENSILVANIA', 'A'),
('890801138-4', 'ALCALDIA DE RIOSUCIO', 'A'),
('890801139-1', 'SECRETARIA DE SALUD ANSERMA', 'A'),
('890801141-7', 'MUNICIPIO DE PALESTINA', 'A'),
('890801142-4', 'MUNICIPIO DE ARANZAZU', 'A'),
('890801144-9', 'MUNICIPIO DE FILADELFIA', 'A'),
('890801152-8', 'MUNICIPIO VILLAMARIA', 'A'),
('890801160-7', 'CLINICA LA PRESENTACION', 'A'),
('890801167-8', 'INDUSTRIA LICORERA DE CALDAS', 'A'),
('890801201-0', 'CRUZ ROJA COLOMBIANA SECCIONAL CALDAS', 'A'),
('890801447-5', 'COORPORACION DEPORTIVA ONCE CALDAS', 'A'),
('890801562-4', 'HOSPITAL SAN JOSE NEIRA', 'A'),
('890801699-4', 'HOSPITAL SAN ANTONIO MANZANARE', 'A'),
('890801944-4', 'HOSPITAL SAN ANTONIO DE VILLAMARIA', 'A'),
('890801989 5', 'ESE HOSPITAL DEPARTAMENTAL SAN JUAN DE DIOS', 'A'),
('890801989-5', 'ESE HOSPITAL SAN JUAN DE DIOS', 'A'),
('890802036-6', 'HOSPITAL SAN MARCOS CHINCHINA', 'A'),
('890802218', 'HOSPITAL SAN VICENTE DE PAUL ARANZAZU', 'A'),
('890802323-7', 'HOSPITAL SAN BERNARDO', 'A'),
('890802505-9', 'MUNICIPIO DE MANZANARES', 'A'),
('890802616-6', 'HOSPITAL SANTA ANA', 'A'),
('890802628-6', 'HOSPITAL SAN SIMON LA VICTORIA', 'A'),
('890802650-9', 'ALCALDIA MUNICIPAL BELALCAZAR', 'A'),
('890802795-8', 'MUNICIPIO DE LA MERCED', 'A'),
('890802961-4', 'HOSPITAL SAN JOSE SAMANA', 'A'),
('890802965-3', 'COOPERATIVA DE LA SEGURIDAD SOCIAL DE CALDAS', 'A'),
('890802981-1', 'CLUB DE LEONES MANIZALES LA SUIZA', 'A'),
('890804256-9', 'CENTRO DE RECEPCION DE MENORES', 'A'),
('890805260-3', 'HOSPITAL SAN JOSE MARULANDA', 'A'),
('890806490-5', 'CONFAMILIARES CALDAS', 'A'),
('890806522-2', 'CLINICA AMAN S.A.', 'A'),
('890806677 5', 'FESTIVAL INTERNACIONAL DE TEATRO', 'A'),
('890806677-5', 'FESTIVAL INTERNACIONAL DE TEATRO', 'A'),
('890806949-3', 'TARJETA JAVIER MEJIA Y CIA', 'A'),
('890807284-9', 'FESCO', 'A'),
('890807591-5', 'SERVICIOS ESPECIALES DE SALUD - S.E.S', 'A'),
('890807691-3', 'SERVICIOS ESPECIALES DE SALUD', 'A'),
('890900286-0', 'DIRECCION SECCIONAL DE SALUD ANTIOQUIA', 'A'),
('890900518-4', 'HOSPITAL SAN VICENTE DE PAUL', 'A'),
('890900841-9', 'ALIANZA MEDELLIN ANTIOQUIA E.P.S', 'A'),
('890900842-6', 'C.C.F. COMFENALCO ANTIOQUIA', 'A'),
('890901826-2', 'HOSPITAL PABLO TOBON URIBE', 'A'),
('890903407-9', 'SEGUROS GENERALES SURAMERICANA S.A', 'A'),
('890903790-5', 'SEGUROS DE VIDA SURAMERICANA SA', 'A'),
('8909037905', 'SEGUROS DE VIDA SURAMERICANA', 'A'),
('890980040-8', 'UNIVERSIDAD DE ANTIOQUIA', 'A'),
('891.700.037-9', 'MAPFRE SEGUROS GENERALES DE COLOMBIA S.A.', 'A'),
('891080005-1', 'COMFACOR E.P.S', 'A'),
('891080031-3', 'UNIVERSIDAD DE CORDOBA', 'A'),
('891180008-2', 'CONFAMILIARES HUILA', 'A'),
('891280001-0', 'INSTITUTO DEPARTAMENTAL DE SALUD DE NARIÑO', 'A'),
('891408031-4', 'CRUZ ROJA COLOMBIANA SECCIONAL RISARALDA', 'A'),
('891480000-1', 'CONFAMILIAR RISARALDA', 'A'),
('891480027-1', 'SECRETARIA DE SALUD DE LA VIRGINIA RISARALDA', 'A'),
('891480033-4', 'ALCALDIA SANTA ROSA DE CABAL', 'A'),
('891480085-7', 'SECRETARIA DE SALUD DE RISARALDA', 'A'),
('891500319-2', 'UNIVERSIDAD DEL CAUCA', 'A'),
('891580016-8', 'SECRETARIA DEPARTAMENTAL DEL CAUCA', 'A'),
('891600091-6', 'COMFACHOCO EPS-S', 'A'),
('891600091-8', 'COMFACHOCO EPS-S', 'A'),
('891680011-0', 'SECRETARIA DE SALUD DEL CHOCO', 'A'),
('891700037-7', 'MAFRE ARP', 'A'),
('891700037-9', 'MAPFRE SEGUROS GENERALES DE COLOMBIA S.A.', 'A'),
('891780009-4', 'SECRETARIA DE SALUD DISTRITAL SANTA MARTA', 'A'),
('891800213-8', 'CAJA DE COMPENSACIÓN FAMILIAR DE BOYACÁ', 'A'),
('891800498-1', 'SECRETARIA DE SALUD DE BOYACA', 'A'),
('891856000-7', 'CAPRESOCA EPS', 'A'),
('891900441-1', 'E.S.E. HOSPITAL SAN RAFAEL', 'A'),
('891900452-0', 'COMFAMILIAR CARTAGO', 'A'),
('891901041-1', 'CAPRECOM VALLE', 'A'),
('892000148-4', 'SECRETARIA SECCIONAL SALUD DEL META', 'A'),
('892000148-8', 'MUNICIPIO DEL VILLAVICENCIO', 'A'),
('892280016-4', 'SECRETARIA DE SALUD DEPARTAMENTAL SUCRE', 'A'),
('899991079', 'CONVIDA', 'A'),
('899999026-0', 'CAPRECOM', 'A'),
('8999990260', 'CAPRECOM QUINDIO', 'A'),
('899999034-1', 'SENA', 'A'),
('899999047-5', 'SEGUROS CAJA AGRARIA', 'A'),
('899999061-9', 'SECRETARIA DE SALUD DEL DISTRITO DE BOGOTA', 'A'),
('899999063-3', 'UNISALUD', 'A'),
('899999068-1', 'ECOPETROL SA', 'A'),
('899999107-4', 'CONVIDA', 'A'),
('899999112-6', 'SUPERINTENDENCIA BANCARIA', 'A'),
('899999114-0', 'SECRETARIA DE SALUD DE CUNDINAMARCA', 'A'),
('899999734-7', 'FONDO DE PS CONGRESO', 'A'),
('8999999107-9', 'CONVIDA EPS SUBSIDIADO', 'A'),
('900.251.503-4', 'CORPORACION IPS UNIVERSITARIA DE CALDAS', 'A'),
('900047282-8', 'CONSORCIO FIDUFOSYGA 2005', 'A'),
('900074992-3', 'GOLDEN GROUP S.A. EPS', 'A'),
('900089602-1', 'COODECOM', 'A'),
('900136638-8', 'CERVECERIA DEL VALLE S A', 'A'),
('900155730-9', 'COOPERATIVA DE SERVICIOS ESPECIALIZADOS CTA', 'A'),
('900156264-2', 'NUEVA EMPRESA PROMOTORA DE SALUD', 'A'),
('900157891-5', 'LINEA MEDICA AMIGA EU', 'A'),
('900178724-3', 'MEDPLUS MEDICINA PREPAGADA S.A.', 'A'),
('900181419-2', 'MEINTEGRAL S.A.S', 'A'),
('900200435-3', 'CARDIF COLOMBIA SEGUROS GENERALES S.A.', 'A'),
('900251503-4', 'CORPORACION IPS UNIVERSITARIA DE CALDAS', 'A'),
('900292961-1', 'CENTRO CARDIOLOGICO TODO POR EL CORAZON SAS', 'A'),
('900298372-9', 'CAPITAL SALUD', 'A'),
('900306291-6', 'CARDIÓLOGOS DEL CAFÉ S.A.S', 'A'),
('900311736-1', 'ROL POSITIVO SOCIEDAD POR ACCIONES', 'A'),
('900324217-7', 'UNIDAD DE SERVICIOS INTEGRALES SAS', 'A'),
('900339410-8', 'SECCIONAL SANIDAD RISARALDA', 'A'),
('900350649-5', 'FONSAT', 'A'),
('900402583-2', 'CERRITOS D. SAS', 'A'),
('900462447-5', 'CONSORCIO SAYP', 'A'),
('900604350-0', 'ALIANZA MEDELLIN ANTIOQUIA E.P.S S.A.S', 'A'),
('900643886-2', 'GRUPO ESPECIALIZADODE ASISTENCIA COLOMBIA SAS', 'A'),
('901097473-5', 'MEDIMAS EPS S.A.S', 'A'),
('982000148-4', 'SECRETARIA SECCIONAL DE SALUD DEL META', 'A'),
('982000148-8', 'SECRETARIA SECCIONAL DE SALUD DEL META', 'A'),
('CV 35612-0', 'CROIX BLEUE', 'A'),
('NL800174094B01', 'EUROCROSS ASSISTANCE INTERNATIONAL', 'A'),
('X860002398-5', 'AIG VIDA', 'A');

-- --------------------------------------------------------

--
-- Estructura de tabla para la tabla `departamentos`
--

CREATE TABLE `departamentos` (
  `id_departamento` int(2) UNSIGNED NOT NULL,
  `departamento` varchar(20) NOT NULL DEFAULT '',
  `fkPais` int(11) NOT NULL
) ENGINE=InnoDB DEFAULT CHARSET=utf8mb4;

--
-- Volcado de datos para la tabla `departamentos`
--

INSERT INTO `departamentos` (`id_departamento`, `departamento`, `fkPais`) VALUES
(1, '', 52),
(5, 'ANTIOQUIA', 52),
(8, 'ATLANTICO', 52),
(11, 'BOGOTA, D.C.', 52),
(13, 'BOLIVAR', 52),
(15, 'BOYACÁ', 52),
(17, 'CALDAS', 52),
(18, 'CAQUETÁ', 52),
(19, 'CAUCA', 52),
(20, 'CESAR', 52),
(23, 'CORDOBA', 52),
(25, 'CUNDINAMARCA', 52),
(27, 'CHOCO', 52),
(41, 'HUILA', 52),
(44, 'LA GUAJIRA', 52),
(47, 'MAGDALENA', 52),
(50, 'META', 52),
(52, 'NARIÑO', 52),
(54, 'NORTE DE SANTANDER', 52),
(63, 'QUINDIO', 52),
(66, 'RISARALDA', 52),
(68, 'SANTANDER', 52),
(70, 'SUCRE', 52),
(73, 'TOLIMA', 52),
(76, 'VALLE DEL CAUCA', 52),
(81, 'ARAUCA', 52),
(85, 'CASANARE', 52),
(86, 'PUTUMAYO', 52),
(88, 'ARCHIPIÉLAGO DE SAN ', 52),
(91, 'AMAZONAS', 52),
(94, 'GUAINIA', 52),
(95, 'GUAVIARE', 52),
(97, 'VAUPES', 52),
(99, 'VICHADA', 52);

-- --------------------------------------------------------

--
-- Estructura de tabla para la tabla `estadomanifestacion`
--

CREATE TABLE `estadomanifestacion` (
  `id` int(11) NOT NULL,
  `nombre` varchar(10) NOT NULL
) ENGINE=InnoDB DEFAULT CHARSET=utf8mb4;

-- --------------------------------------------------------

--
-- Estructura de tabla para la tabla `estadotramite`
--

CREATE TABLE `estadotramite` (
  `codigo` int(2) NOT NULL,
  `descripcion` varchar(50) COLLATE utf8_spanish_ci NOT NULL
) ENGINE=InnoDB DEFAULT CHARSET=utf8 COLLATE=utf8_spanish_ci;

--
-- Volcado de datos para la tabla `estadotramite`
--

INSERT INTO `estadotramite` (`codigo`, `descripcion`) VALUES
(1, 'ENVIADO'),
(2, 'EN TRAMITE'),
(3, 'FINALIZADO');

-- --------------------------------------------------------

--
-- Estructura de tabla para la tabla `motivoqueja`
--

CREATE TABLE `motivoqueja` (
  `CODIGO` int(11) NOT NULL,
  `DESCRIPCION` varchar(100) COLLATE utf8_spanish_ci NOT NULL
) ENGINE=InnoDB DEFAULT CHARSET=utf8 COLLATE=utf8_spanish_ci;

-- --------------------------------------------------------

--
-- Estructura de tabla para la tabla `municipios`
--

CREATE TABLE `municipios` (
  `id_municipio` int(6) UNSIGNED NOT NULL,
  `municipio` varchar(255) NOT NULL DEFAULT '',
  `estado` int(1) UNSIGNED NOT NULL,
  `departamento_id` int(2) UNSIGNED NOT NULL
) ENGINE=InnoDB DEFAULT CHARSET=utf8mb4;

--
-- Volcado de datos para la tabla `municipios`
--

INSERT INTO `municipios` (`id_municipio`, `municipio`, `estado`, `departamento_id`) VALUES
(1, 'Abriaquí', 1, 5),
(2, 'Acacias', 1, 50),
(3, 'Acandi', 1, 27),
(4, 'Acevedo', 1, 41),
(5, 'Achi', 1, 13),
(6, 'Agrado', 1, 41),
(7, 'Agua de Dios', 1, 25),
(8, 'Aguachica', 1, 20),
(9, 'Aguada', 1, 68),
(10, 'Aguadas', 1, 17),
(11, 'Aguazul', 1, 85),
(12, 'Agustin Codazzi', 1, 20),
(13, 'Aipe', 1, 41),
(14, 'Albania', 1, 18),
(15, 'Albania', 1, 44),
(16, 'Albania', 1, 68),
(17, 'Alban', 1, 25),
(18, 'Albán (San José)', 1, 52),
(19, 'Alcala', 1, 76),
(20, 'Alejandria', 1, 5),
(21, 'Algarrobo', 1, 47),
(22, 'Algeciras', 1, 41),
(23, 'Almaguer', 1, 19),
(24, 'Almeida', 1, 15),
(25, 'Alpujarra', 1, 73),
(26, 'Altamira', 1, 41),
(27, 'Alto Baudó (Pie de Pato)', 1, 27),
(28, 'Altos del Rosario', 1, 13),
(29, 'Alvarado', 1, 73),
(30, 'Amaga', 1, 5),
(31, 'Amalfi', 1, 5),
(32, 'Ambalema', 1, 73),
(33, 'Anapoima', 1, 25),
(34, 'Ancuya', 1, 52),
(35, 'Andalucia', 1, 76),
(36, 'Andes', 1, 5),
(37, 'Angelópolis', 1, 5),
(38, 'Angostura', 1, 5),
(39, 'Anolaima', 1, 25),
(40, 'Anori', 1, 5),
(41, 'Anserma', 1, 17),
(42, 'Ansermanuevo', 1, 76),
(43, 'Anzoategui', 1, 73),
(44, 'Anza', 1, 5),
(45, 'Apartado', 1, 5),
(46, 'Apulo', 1, 25),
(47, 'Apía', 1, 66),
(48, 'Aquitania', 1, 15),
(49, 'Aracataca', 1, 47),
(50, 'Aranzazu', 1, 17),
(51, 'Aratoca', 1, 68),
(52, 'Arauca', 1, 81),
(53, 'Arauquita', 1, 81),
(54, 'Arbelaez', 1, 25),
(55, 'Arboleda (Berruecos)', 1, 52),
(56, 'Arboledas', 1, 54),
(57, 'Arboletes', 1, 5),
(58, 'Arcabuco', 1, 15),
(59, 'Arenal', 1, 13),
(60, 'Argelia', 1, 5),
(61, 'Argelia', 1, 19),
(62, 'Argelia', 1, 76),
(63, 'Ariguani (El Difícil)', 1, 47),
(64, 'Arjona', 1, 13),
(65, 'Armenia', 1, 5),
(66, 'Armenia', 1, 63),
(67, 'Armero (Guayabal)', 1, 73),
(68, 'Arroyohondo', 1, 13),
(69, 'Astrea', 1, 20),
(70, 'Ataco', 1, 73),
(71, 'Atrato (Yuto)', 1, 27),
(72, 'Ayapel', 1, 23),
(73, 'Bagado', 1, 27),
(74, 'Bahia Solano (Mútis)', 1, 27),
(75, 'Bajo Baudo (Pizarro)', 1, 27),
(76, 'Balboa', 1, 19),
(77, 'Balboa', 1, 66),
(78, 'Baranoa', 1, 8),
(79, 'Baraya', 1, 41),
(80, 'Barbacoas', 1, 52),
(81, 'Barbosa', 1, 5),
(82, 'Barbosa', 1, 68),
(83, 'Barichara', 1, 68),
(84, 'Barranca de Upía', 1, 50),
(85, 'Barrancabermeja', 1, 68),
(86, 'Barrancas', 1, 44),
(87, 'Barranco de Loba', 1, 13),
(88, 'Barranquilla', 1, 8),
(89, 'Becerríl', 1, 20),
(90, 'Belalcázar', 1, 17),
(91, 'Bello', 1, 5),
(92, 'Belmira', 1, 5),
(93, 'Beltran', 1, 25),
(94, 'Belén', 1, 15),
(95, 'Belén', 1, 52),
(96, 'Belén de Bajirá', 1, 27),
(97, 'Belén de Umbría', 1, 66),
(98, 'Belén de los Andaquíes', 1, 18),
(99, 'Berbeo', 1, 15),
(100, 'Betania', 1, 5),
(101, 'Beteitiva', 1, 15),
(102, 'Betulia', 1, 5),
(103, 'Betulia', 1, 68),
(104, 'Bituima', 1, 25),
(105, 'Boavita', 1, 15),
(106, 'Bochalema', 1, 54),
(107, 'Bogotá D.C.', 1, 11),
(108, 'Bojacá', 1, 25),
(109, 'Bojayá (Bellavista)', 1, 27),
(110, 'Bolívar', 1, 5),
(111, 'Bolívar', 1, 19),
(112, 'Bolívar', 1, 68),
(113, 'Bolívar', 1, 76),
(114, 'Bosconia', 1, 20),
(115, 'Boyacá', 1, 15),
(116, 'Briceño', 1, 5),
(117, 'Briceño', 1, 15),
(118, 'Bucaramanga', 1, 68),
(119, 'Bucarasica', 1, 54),
(120, 'Buenaventura', 1, 76),
(121, 'Buenavista', 1, 15),
(122, 'Buenavista', 1, 23),
(123, 'Buenavista', 1, 63),
(124, 'Buenavista', 1, 70),
(125, 'Buenos Aires', 1, 19),
(126, 'Buesaco', 1, 52),
(127, 'Buga', 1, 76),
(128, 'Bugalagrande', 1, 76),
(129, 'Burítica', 1, 5),
(130, 'Busbanza', 1, 15),
(131, 'Cabrera', 1, 25),
(132, 'Cabrera', 1, 68),
(133, 'Cabuyaro', 1, 50),
(134, 'Cachipay', 1, 25),
(135, 'Caicedo', 1, 5),
(136, 'Caicedonia', 1, 76),
(137, 'Caimito', 1, 70),
(138, 'Cajamarca', 1, 73),
(139, 'Cajibío', 1, 19),
(140, 'Cajicá', 1, 25),
(141, 'Calamar', 1, 13),
(142, 'Calamar', 1, 95),
(143, 'Calarcá', 1, 63),
(144, 'Caldas', 1, 5),
(145, 'Caldas', 1, 15),
(146, 'Caldono', 1, 19),
(147, 'California', 1, 68),
(148, 'Calima (Darién)', 1, 76),
(149, 'Caloto', 1, 19),
(150, 'Calí', 1, 76),
(151, 'Campamento', 1, 5),
(152, 'Campo de la Cruz', 1, 8),
(153, 'Campoalegre', 1, 41),
(154, 'Campohermoso', 1, 15),
(155, 'Canalete', 1, 23),
(156, 'Candelaria', 1, 8),
(157, 'Candelaria', 1, 76),
(158, 'Cantagallo', 1, 13),
(159, 'Cantón de San Pablo', 1, 27),
(160, 'Caparrapí', 1, 25),
(161, 'Capitanejo', 1, 68),
(162, 'Caracolí', 1, 5),
(163, 'Caramanta', 1, 5),
(164, 'Carcasí', 1, 68),
(165, 'Carepa', 1, 5),
(166, 'Carmen de Apicalá', 1, 73),
(167, 'Carmen de Carupa', 1, 25),
(168, 'Carmen de Viboral', 1, 5),
(169, 'Carmen del Darién (CURBARADÓ)', 1, 27),
(170, 'Carolina', 1, 5),
(171, 'Cartagena', 1, 13),
(172, 'Cartagena del Chairá', 1, 18),
(173, 'Cartago', 1, 76),
(174, 'Carurú', 1, 97),
(175, 'Casabianca', 1, 73),
(176, 'Castilla la Nueva', 1, 50),
(177, 'Caucasia', 1, 5),
(178, 'Cañasgordas', 1, 5),
(179, 'Cepita', 1, 68),
(180, 'Cereté', 1, 23),
(181, 'Cerinza', 1, 15),
(182, 'Cerrito', 1, 68),
(183, 'Cerro San Antonio', 1, 47),
(184, 'Chachaguí', 1, 52),
(185, 'Chaguaní', 1, 25),
(186, 'Chalán', 1, 70),
(187, 'Chaparral', 1, 73),
(188, 'Charalá', 1, 68),
(189, 'Charta', 1, 68),
(190, 'Chigorodó', 1, 5),
(191, 'Chima', 1, 68),
(192, 'Chimichagua', 1, 20),
(193, 'Chimá', 1, 23),
(194, 'Chinavita', 1, 15),
(195, 'Chinchiná', 1, 17),
(196, 'Chinácota', 1, 54),
(197, 'Chinú', 1, 23),
(198, 'Chipaque', 1, 25),
(199, 'Chipatá', 1, 68),
(200, 'Chiquinquirá', 1, 15),
(201, 'Chiriguaná', 1, 20),
(202, 'Chiscas', 1, 15),
(203, 'Chita', 1, 15),
(204, 'Chitagá', 1, 54),
(205, 'Chitaraque', 1, 15),
(206, 'Chivatá', 1, 15),
(207, 'Chivolo', 1, 47),
(208, 'Choachí', 1, 25),
(209, 'Chocontá', 1, 25),
(210, 'Chámeza', 1, 85),
(211, 'Chía', 1, 25),
(212, 'Chíquiza', 1, 15),
(213, 'Chívor', 1, 15),
(214, 'Cicuco', 1, 13),
(215, 'Cimitarra', 1, 68),
(216, 'Circasia', 1, 63),
(217, 'Cisneros', 1, 5),
(218, 'Ciénaga', 1, 15),
(219, 'Ciénaga', 1, 47),
(220, 'Ciénaga de Oro', 1, 23),
(221, 'Clemencia', 1, 13),
(222, 'Cocorná', 1, 5),
(223, 'Coello', 1, 73),
(224, 'Cogua', 1, 25),
(225, 'Colombia', 1, 41),
(226, 'Colosó (Ricaurte)', 1, 70),
(227, 'Colón', 1, 86),
(228, 'Colón (Génova)', 1, 52),
(229, 'Concepción', 1, 5),
(230, 'Concepción', 1, 68),
(231, 'Concordia', 1, 5),
(232, 'Concordia', 1, 47),
(233, 'Condoto', 1, 27),
(234, 'Confines', 1, 68),
(235, 'Consaca', 1, 52),
(236, 'Contadero', 1, 52),
(237, 'Contratación', 1, 68),
(238, 'Convención', 1, 54),
(239, 'Copacabana', 1, 5),
(240, 'Coper', 1, 15),
(241, 'Cordobá', 1, 63),
(242, 'Corinto', 1, 19),
(243, 'Coromoro', 1, 68),
(244, 'Corozal', 1, 70),
(245, 'Corrales', 1, 15),
(246, 'Cota', 1, 25),
(247, 'Cotorra', 1, 23),
(248, 'Covarachía', 1, 15),
(249, 'Coveñas', 1, 70),
(250, 'Coyaima', 1, 73),
(251, 'Cravo Norte', 1, 81),
(252, 'Cuaspud (Carlosama)', 1, 52),
(253, 'Cubarral', 1, 50),
(254, 'Cubará', 1, 15),
(255, 'Cucaita', 1, 15),
(256, 'Cucunubá', 1, 25),
(257, 'Cucutilla', 1, 54),
(258, 'Cuitiva', 1, 15),
(259, 'Cumaral', 1, 50),
(260, 'Cumaribo', 1, 99),
(261, 'Cumbal', 1, 52),
(262, 'Cumbitara', 1, 52),
(263, 'Cunday', 1, 73),
(264, 'Curillo', 1, 18),
(265, 'Curití', 1, 68),
(266, 'Curumaní', 1, 20),
(267, 'Cáceres', 1, 5),
(268, 'Cáchira', 1, 54),
(269, 'Cácota', 1, 54),
(270, 'Cáqueza', 1, 25),
(271, 'Cértegui', 1, 27),
(272, 'Cómbita', 1, 15),
(273, 'Córdoba', 1, 13),
(274, 'Córdoba', 1, 52),
(275, 'Cúcuta', 1, 54),
(276, 'Dabeiba', 1, 5),
(277, 'Dagua', 1, 76),
(278, 'Dibulla', 1, 44),
(279, 'Distracción', 1, 44),
(280, 'Dolores', 1, 73),
(281, 'Don Matías', 1, 5),
(282, 'Dos Quebradas', 1, 66),
(283, 'Duitama', 1, 15),
(284, 'Durania', 1, 54),
(285, 'Ebéjico', 1, 5),
(286, 'El Bagre', 1, 5),
(287, 'El Banco', 1, 47),
(288, 'El Cairo', 1, 76),
(289, 'El Calvario', 1, 50),
(290, 'El Carmen', 1, 54),
(291, 'El Carmen', 1, 68),
(292, 'El Carmen de Atrato', 1, 27),
(293, 'El Carmen de Bolívar', 1, 13),
(294, 'El Castillo', 1, 50),
(295, 'El Cerrito', 1, 76),
(296, 'El Charco', 1, 52),
(297, 'El Cocuy', 1, 15),
(298, 'El Colegio', 1, 25),
(299, 'El Copey', 1, 20),
(300, 'El Doncello', 1, 18),
(301, 'El Dorado', 1, 50),
(302, 'El Dovio', 1, 76),
(303, 'El Espino', 1, 15),
(304, 'El Guacamayo', 1, 68),
(305, 'El Guamo', 1, 13),
(306, 'El Molino', 1, 44),
(307, 'El Paso', 1, 20),
(308, 'El Paujil', 1, 18),
(309, 'El Peñol', 1, 52),
(310, 'El Peñon', 1, 13),
(311, 'El Peñon', 1, 68),
(312, 'El Peñón', 1, 25),
(313, 'El Piñon', 1, 47),
(314, 'El Playón', 1, 68),
(315, 'El Retorno', 1, 95),
(316, 'El Retén', 1, 47),
(317, 'El Roble', 1, 70),
(318, 'El Rosal', 1, 25),
(319, 'El Rosario', 1, 52),
(320, 'El Tablón de Gómez', 1, 52),
(321, 'El Tambo', 1, 19),
(322, 'El Tambo', 1, 52),
(323, 'El Tarra', 1, 54),
(324, 'El Zulia', 1, 54),
(325, 'El Águila', 1, 76),
(326, 'Elías', 1, 41),
(327, 'Encino', 1, 68),
(328, 'Enciso', 1, 68),
(329, 'Entrerríos', 1, 5),
(330, 'Envigado', 1, 5),
(331, 'Espinal', 1, 73),
(332, 'Facatativá', 1, 25),
(333, 'Falan', 1, 73),
(334, 'Filadelfia', 1, 17),
(335, 'Filandia', 1, 63),
(336, 'Firavitoba', 1, 15),
(337, 'Flandes', 1, 73),
(338, 'Florencia', 1, 18),
(339, 'Florencia', 1, 19),
(340, 'Floresta', 1, 15),
(341, 'Florida', 1, 76),
(342, 'Floridablanca', 1, 68),
(343, 'Florián', 1, 68),
(344, 'Fonseca', 1, 44),
(345, 'Fortúl', 1, 81),
(346, 'Fosca', 1, 25),
(347, 'Francisco Pizarro', 1, 52),
(348, 'Fredonia', 1, 5),
(349, 'Fresno', 1, 73),
(350, 'Frontino', 1, 5),
(351, 'Fuente de Oro', 1, 50),
(352, 'Fundación', 1, 47),
(353, 'Funes', 1, 52),
(354, 'Funza', 1, 25),
(355, 'Fusagasugá', 1, 25),
(356, 'Fómeque', 1, 25),
(357, 'Fúquene', 1, 25),
(358, 'Gachalá', 1, 25),
(359, 'Gachancipá', 1, 25),
(360, 'Gachantivá', 1, 15),
(361, 'Gachetá', 1, 25),
(362, 'Galapa', 1, 8),
(363, 'Galeras (Nueva Granada)', 1, 70),
(364, 'Galán', 1, 68),
(365, 'Gama', 1, 25),
(366, 'Gamarra', 1, 20),
(367, 'Garagoa', 1, 15),
(368, 'Garzón', 1, 41),
(369, 'Gigante', 1, 41),
(370, 'Ginebra', 1, 76),
(371, 'Giraldo', 1, 5),
(372, 'Girardot', 1, 25),
(373, 'Girardota', 1, 5),
(374, 'Girón', 1, 68),
(375, 'Gonzalez', 1, 20),
(376, 'Gramalote', 1, 54),
(377, 'Granada', 1, 5),
(378, 'Granada', 1, 25),
(379, 'Granada', 1, 50),
(380, 'Guaca', 1, 68),
(381, 'Guacamayas', 1, 15),
(382, 'Guacarí', 1, 76),
(383, 'Guachavés', 1, 52),
(384, 'Guachené', 1, 19),
(385, 'Guachetá', 1, 25),
(386, 'Guachucal', 1, 52),
(387, 'Guadalupe', 1, 5),
(388, 'Guadalupe', 1, 41),
(389, 'Guadalupe', 1, 68),
(390, 'Guaduas', 1, 25),
(391, 'Guaitarilla', 1, 52),
(392, 'Gualmatán', 1, 52),
(393, 'Guamal', 1, 47),
(394, 'Guamal', 1, 50),
(395, 'Guamo', 1, 73),
(396, 'Guapota', 1, 68),
(397, 'Guapí', 1, 19),
(398, 'Guaranda', 1, 70),
(399, 'Guarne', 1, 5),
(400, 'Guasca', 1, 25),
(401, 'Guatapé', 1, 5),
(402, 'Guataquí', 1, 25),
(403, 'Guatavita', 1, 25),
(404, 'Guateque', 1, 15),
(405, 'Guavatá', 1, 68),
(406, 'Guayabal de Siquima', 1, 25),
(407, 'Guayabetal', 1, 25),
(408, 'Guayatá', 1, 15),
(409, 'Guepsa', 1, 68),
(410, 'Guicán', 1, 15),
(411, 'Gutiérrez', 1, 25),
(412, 'Guática', 1, 66),
(413, 'Gámbita', 1, 68),
(414, 'Gámeza', 1, 15),
(415, 'Génova', 1, 63),
(416, 'Gómez Plata', 1, 5),
(417, 'Hacarí', 1, 54),
(418, 'Hatillo de Loba', 1, 13),
(419, 'Hato', 1, 68),
(420, 'Hato Corozal', 1, 85),
(421, 'Hatonuevo', 1, 44),
(422, 'Heliconia', 1, 5),
(423, 'Herrán', 1, 54),
(424, 'Herveo', 1, 73),
(425, 'Hispania', 1, 5),
(426, 'Hobo', 1, 41),
(427, 'Honda', 1, 73),
(428, 'Ibagué', 1, 73),
(429, 'Icononzo', 1, 73),
(430, 'Iles', 1, 52),
(431, 'Imúes', 1, 52),
(432, 'Inzá', 1, 19),
(433, 'Inírida', 1, 94),
(434, 'Ipiales', 1, 52),
(435, 'Isnos', 1, 41),
(436, 'Istmina', 1, 27),
(437, 'Itagüí', 1, 5),
(438, 'Ituango', 1, 5),
(439, 'Izá', 1, 15),
(440, 'Jambaló', 1, 19),
(441, 'Jamundí', 1, 76),
(442, 'Jardín', 1, 5),
(443, 'Jenesano', 1, 15),
(444, 'Jericó', 1, 5),
(445, 'Jericó', 1, 15),
(446, 'Jerusalén', 1, 25),
(447, 'Jesús María', 1, 68),
(448, 'Jordán', 1, 68),
(449, 'Juan de Acosta', 1, 8),
(450, 'Junín', 1, 25),
(451, 'Juradó', 1, 27),
(452, 'La Apartada y La Frontera', 1, 23),
(453, 'La Argentina', 1, 41),
(454, 'La Belleza', 1, 68),
(455, 'La Calera', 1, 25),
(456, 'La Capilla', 1, 15),
(457, 'La Ceja', 1, 5),
(458, 'La Celia', 1, 66),
(459, 'La Cruz', 1, 52),
(460, 'La Cumbre', 1, 76),
(461, 'La Dorada', 1, 17),
(462, 'La Esperanza', 1, 54),
(463, 'La Estrella', 1, 5),
(464, 'La Florida', 1, 52),
(465, 'La Gloria', 1, 20),
(466, 'La Jagua de Ibirico', 1, 20),
(467, 'La Jagua del Pilar', 1, 44),
(468, 'La Llanada', 1, 52),
(469, 'La Macarena', 1, 50),
(470, 'La Merced', 1, 17),
(471, 'La Mesa', 1, 25),
(472, 'La Montañita', 1, 18),
(473, 'La Palma', 1, 25),
(474, 'La Paz', 1, 68),
(475, 'La Paz (Robles)', 1, 20),
(476, 'La Peña', 1, 25),
(477, 'La Pintada', 1, 5),
(478, 'La Plata', 1, 41),
(479, 'La Playa', 1, 54),
(480, 'La Primavera', 1, 99),
(481, 'La Salina', 1, 85),
(482, 'La Sierra', 1, 19),
(483, 'La Tebaida', 1, 63),
(484, 'La Tola', 1, 52),
(485, 'La Unión', 1, 5),
(486, 'La Unión', 1, 52),
(487, 'La Unión', 1, 70),
(488, 'La Unión', 1, 76),
(489, 'La Uvita', 1, 15),
(490, 'La Vega', 1, 19),
(491, 'La Vega', 1, 25),
(492, 'La Victoria', 1, 15),
(493, 'La Victoria', 1, 17),
(494, 'La Victoria', 1, 76),
(495, 'La Virginia', 1, 66),
(496, 'Labateca', 1, 54),
(497, 'Labranzagrande', 1, 15),
(498, 'Landázuri', 1, 68),
(499, 'Lebrija', 1, 68),
(500, 'Leiva', 1, 52),
(501, 'Lejanías', 1, 50),
(502, 'Lenguazaque', 1, 25),
(503, 'Leticia', 1, 91),
(504, 'Liborina', 1, 5),
(505, 'Linares', 1, 52),
(506, 'Lloró', 1, 27),
(507, 'Lorica', 1, 23),
(508, 'Los Córdobas', 1, 23),
(509, 'Los Palmitos', 1, 70),
(510, 'Los Patios', 1, 54),
(511, 'Los Santos', 1, 68),
(512, 'Lourdes', 1, 54),
(513, 'Luruaco', 1, 8),
(514, 'Lérida', 1, 73),
(515, 'Líbano', 1, 73),
(516, 'López (Micay)', 1, 19),
(517, 'Macanal', 1, 15),
(518, 'Macaravita', 1, 68),
(519, 'Maceo', 1, 5),
(520, 'Machetá', 1, 25),
(521, 'Madrid', 1, 25),
(522, 'Magangué', 1, 13),
(523, 'Magüi (Payán)', 1, 52),
(524, 'Mahates', 1, 13),
(525, 'Maicao', 1, 44),
(526, 'Majagual', 1, 70),
(527, 'Malambo', 1, 8),
(528, 'Mallama (Piedrancha)', 1, 52),
(529, 'Manatí', 1, 8),
(530, 'Manaure', 1, 44),
(531, 'Manaure Balcón del Cesar', 1, 20),
(532, 'Manizales', 1, 17),
(533, 'Manta', 1, 25),
(534, 'Manzanares', 1, 17),
(535, 'Maní', 1, 85),
(536, 'Mapiripan', 1, 50),
(537, 'Margarita', 1, 13),
(538, 'Marinilla', 1, 5),
(539, 'Maripí', 1, 15),
(540, 'Mariquita', 1, 73),
(541, 'Marmato', 1, 17),
(542, 'Marquetalia', 1, 17),
(543, 'Marsella', 1, 66),
(544, 'Marulanda', 1, 17),
(545, 'María la Baja', 1, 13),
(546, 'Matanza', 1, 68),
(547, 'Medellín', 1, 5),
(548, 'Medina', 1, 25),
(549, 'Medio Atrato', 1, 27),
(550, 'Medio Baudó', 1, 27),
(551, 'Medio San Juan (ANDAGOYA)', 1, 27),
(552, 'Melgar', 1, 73),
(553, 'Mercaderes', 1, 19),
(554, 'Mesetas', 1, 50),
(555, 'Milán', 1, 18),
(556, 'Miraflores', 1, 15),
(557, 'Miraflores', 1, 95),
(558, 'Miranda', 1, 19),
(559, 'Mistrató', 1, 66),
(560, 'Mitú', 1, 97),
(561, 'Mocoa', 1, 86),
(562, 'Mogotes', 1, 68),
(563, 'Molagavita', 1, 68),
(564, 'Momil', 1, 23),
(565, 'Mompós', 1, 13),
(566, 'Mongua', 1, 15),
(567, 'Monguí', 1, 15),
(568, 'Moniquirá', 1, 15),
(569, 'Montebello', 1, 5),
(570, 'Montecristo', 1, 13),
(571, 'Montelíbano', 1, 23),
(572, 'Montenegro', 1, 63),
(573, 'Monteria', 1, 23),
(574, 'Monterrey', 1, 85),
(575, 'Morales', 1, 13),
(576, 'Morales', 1, 19),
(577, 'Morelia', 1, 18),
(578, 'Morroa', 1, 70),
(579, 'Mosquera', 1, 25),
(580, 'Mosquera', 1, 52),
(581, 'Motavita', 1, 15),
(582, 'Moñitos', 1, 23),
(583, 'Murillo', 1, 73),
(584, 'Murindó', 1, 5),
(585, 'Mutatá', 1, 5),
(586, 'Mutiscua', 1, 54),
(587, 'Muzo', 1, 15),
(588, 'Málaga', 1, 68),
(589, 'Nariño', 1, 5),
(590, 'Nariño', 1, 25),
(591, 'Nariño', 1, 52),
(592, 'Natagaima', 1, 73),
(593, 'Nechí', 1, 5),
(594, 'Necoclí', 1, 5),
(595, 'Neira', 1, 17),
(596, 'Neiva', 1, 41),
(597, 'Nemocón', 1, 25),
(598, 'Nilo', 1, 25),
(599, 'Nimaima', 1, 25),
(600, 'Nobsa', 1, 15),
(601, 'Nocaima', 1, 25),
(602, 'Norcasia', 1, 17),
(603, 'Norosí', 1, 13),
(604, 'Novita', 1, 27),
(605, 'Nueva Granada', 1, 47),
(606, 'Nuevo Colón', 1, 15),
(607, 'Nunchía', 1, 85),
(608, 'Nuquí', 1, 27),
(609, 'Nátaga', 1, 41),
(610, 'Obando', 1, 76),
(611, 'Ocamonte', 1, 68),
(612, 'Ocaña', 1, 54),
(613, 'Oiba', 1, 68),
(614, 'Oicatá', 1, 15),
(615, 'Olaya', 1, 5),
(616, 'Olaya Herrera', 1, 52),
(617, 'Onzaga', 1, 68),
(618, 'Oporapa', 1, 41),
(619, 'Orito', 1, 86),
(620, 'Orocué', 1, 85),
(621, 'Ortega', 1, 73),
(622, 'Ospina', 1, 52),
(623, 'Otanche', 1, 15),
(624, 'Ovejas', 1, 70),
(625, 'Pachavita', 1, 15),
(626, 'Pacho', 1, 25),
(627, 'Padilla', 1, 19),
(628, 'Paicol', 1, 41),
(629, 'Pailitas', 1, 20),
(630, 'Paime', 1, 25),
(631, 'Paipa', 1, 15),
(632, 'Pajarito', 1, 15),
(633, 'Palermo', 1, 41),
(634, 'Palestina', 1, 17),
(635, 'Palestina', 1, 41),
(636, 'Palmar', 1, 68),
(637, 'Palmar de Varela', 1, 8),
(638, 'Palmas del Socorro', 1, 68),
(639, 'Palmira', 1, 76),
(640, 'Palmito', 1, 70),
(641, 'Palocabildo', 1, 73),
(642, 'Pamplona', 1, 54),
(643, 'Pamplonita', 1, 54),
(644, 'Pandi', 1, 25),
(645, 'Panqueba', 1, 15),
(646, 'Paratebueno', 1, 25),
(647, 'Pasca', 1, 25),
(648, 'Patía (El Bordo)', 1, 19),
(649, 'Pauna', 1, 15),
(650, 'Paya', 1, 15),
(651, 'Paz de Ariporo', 1, 85),
(652, 'Paz de Río', 1, 15),
(653, 'Pedraza', 1, 47),
(654, 'Pelaya', 1, 20),
(655, 'Pensilvania', 1, 17),
(656, 'Peque', 1, 5),
(657, 'Pereira', 1, 66),
(658, 'Pesca', 1, 15),
(659, 'Peñol', 1, 5),
(660, 'Piamonte', 1, 19),
(661, 'Pie de Cuesta', 1, 68),
(662, 'Piedras', 1, 73),
(663, 'Piendamó', 1, 19),
(664, 'Pijao', 1, 63),
(665, 'Pijiño', 1, 47),
(666, 'Pinchote', 1, 68),
(667, 'Pinillos', 1, 13),
(668, 'Piojo', 1, 8),
(669, 'Pisva', 1, 15),
(670, 'Pital', 1, 41),
(671, 'Pitalito', 1, 41),
(672, 'Pivijay', 1, 47),
(673, 'Planadas', 1, 73),
(674, 'Planeta Rica', 1, 23),
(675, 'Plato', 1, 47),
(676, 'Policarpa', 1, 52),
(677, 'Polonuevo', 1, 8),
(678, 'Ponedera', 1, 8),
(679, 'Popayán', 1, 19),
(680, 'Pore', 1, 85),
(681, 'Potosí', 1, 52),
(682, 'Pradera', 1, 76),
(683, 'Prado', 1, 73),
(684, 'Providencia', 1, 52),
(685, 'Providencia', 1, 88),
(686, 'Pueblo Bello', 1, 20),
(687, 'Pueblo Nuevo', 1, 23),
(688, 'Pueblo Rico', 1, 66),
(689, 'Pueblorrico', 1, 5),
(690, 'Puebloviejo', 1, 47),
(691, 'Puente Nacional', 1, 68),
(692, 'Puerres', 1, 52),
(693, 'Puerto Asís', 1, 86),
(694, 'Puerto Berrío', 1, 5),
(695, 'Puerto Boyacá', 1, 15),
(696, 'Puerto Caicedo', 1, 86),
(697, 'Puerto Carreño', 1, 99),
(698, 'Puerto Colombia', 1, 8),
(699, 'Puerto Concordia', 1, 50),
(700, 'Puerto Escondido', 1, 23),
(701, 'Puerto Gaitán', 1, 50),
(702, 'Puerto Guzmán', 1, 86),
(703, 'Puerto Leguízamo', 1, 86),
(704, 'Puerto Libertador', 1, 23),
(705, 'Puerto Lleras', 1, 50),
(706, 'Puerto López', 1, 50),
(707, 'Puerto Nare', 1, 5),
(708, 'Puerto Nariño', 1, 91),
(709, 'Puerto Parra', 1, 68),
(710, 'Puerto Rico', 1, 18),
(711, 'Puerto Rico', 1, 50),
(712, 'Puerto Rondón', 1, 81),
(713, 'Puerto Salgar', 1, 25),
(714, 'Puerto Santander', 1, 54),
(715, 'Puerto Tejada', 1, 19),
(716, 'Puerto Triunfo', 1, 5),
(717, 'Puerto Wilches', 1, 68),
(718, 'Pulí', 1, 25),
(719, 'Pupiales', 1, 52),
(720, 'Puracé (Coconuco)', 1, 19),
(721, 'Purificación', 1, 73),
(722, 'Purísima', 1, 23),
(723, 'Pácora', 1, 17),
(724, 'Páez', 1, 15),
(725, 'Páez (Belalcazar)', 1, 19),
(726, 'Páramo', 1, 68),
(727, 'Quebradanegra', 1, 25),
(728, 'Quetame', 1, 25),
(729, 'Quibdó', 1, 27),
(730, 'Quimbaya', 1, 63),
(731, 'Quinchía', 1, 66),
(732, 'Quipama', 1, 15),
(733, 'Quipile', 1, 25),
(734, 'Ragonvalia', 1, 54),
(735, 'Ramiriquí', 1, 15),
(736, 'Recetor', 1, 85),
(737, 'Regidor', 1, 13),
(738, 'Remedios', 1, 5),
(739, 'Remolino', 1, 47),
(740, 'Repelón', 1, 8),
(741, 'Restrepo', 1, 50),
(742, 'Restrepo', 1, 76),
(743, 'Retiro', 1, 5),
(744, 'Ricaurte', 1, 25),
(745, 'Ricaurte', 1, 52),
(746, 'Rio Negro', 1, 68),
(747, 'Rioblanco', 1, 73),
(748, 'Riofrío', 1, 76),
(749, 'Riohacha', 1, 44),
(750, 'Risaralda', 1, 17),
(751, 'Rivera', 1, 41),
(752, 'Roberto Payán (San José)', 1, 52),
(753, 'Roldanillo', 1, 76),
(754, 'Roncesvalles', 1, 73),
(755, 'Rondón', 1, 15),
(756, 'Rosas', 1, 19),
(757, 'Rovira', 1, 73),
(758, 'Ráquira', 1, 15),
(759, 'Río Iró', 1, 27),
(760, 'Río Quito', 1, 27),
(761, 'Río Sucio', 1, 17),
(762, 'Río Viejo', 1, 13),
(763, 'Río de oro', 1, 20),
(764, 'Ríonegro', 1, 5),
(765, 'Ríosucio', 1, 27),
(766, 'Sabana de Torres', 1, 68),
(767, 'Sabanagrande', 1, 8),
(768, 'Sabanalarga', 1, 5),
(769, 'Sabanalarga', 1, 8),
(770, 'Sabanalarga', 1, 85),
(771, 'Sabanas de San Angel (SAN ANGEL)', 1, 47),
(772, 'Sabaneta', 1, 5),
(773, 'Saboyá', 1, 15),
(774, 'Sahagún', 1, 23),
(775, 'Saladoblanco', 1, 41),
(776, 'Salamina', 1, 17),
(777, 'Salamina', 1, 47),
(778, 'Salazar', 1, 54),
(779, 'Saldaña', 1, 73),
(780, 'Salento', 1, 63),
(781, 'Salgar', 1, 5),
(782, 'Samacá', 1, 15),
(783, 'Samaniego', 1, 52),
(784, 'Samaná', 1, 17),
(785, 'Sampués', 1, 70),
(786, 'San Agustín', 1, 41),
(787, 'San Alberto', 1, 20),
(788, 'San Andrés', 1, 68),
(789, 'San Andrés Sotavento', 1, 23),
(790, 'San Andrés de Cuerquía', 1, 5),
(791, 'San Antero', 1, 23),
(792, 'San Antonio', 1, 73),
(793, 'San Antonio de Tequendama', 1, 25),
(794, 'San Benito', 1, 68),
(795, 'San Benito Abad', 1, 70),
(796, 'San Bernardo', 1, 25),
(797, 'San Bernardo', 1, 52),
(798, 'San Bernardo del Viento', 1, 23),
(799, 'San Calixto', 1, 54),
(800, 'San Carlos', 1, 5),
(801, 'San Carlos', 1, 23),
(802, 'San Carlos de Guaroa', 1, 50),
(803, 'San Cayetano', 1, 25),
(804, 'San Cayetano', 1, 54),
(805, 'San Cristobal', 1, 13),
(806, 'San Diego', 1, 20),
(807, 'San Eduardo', 1, 15),
(808, 'San Estanislao', 1, 13),
(809, 'San Fernando', 1, 13),
(810, 'San Francisco', 1, 5),
(811, 'San Francisco', 1, 25),
(812, 'San Francisco', 1, 86),
(813, 'San Gíl', 1, 68),
(814, 'San Jacinto', 1, 13),
(815, 'San Jacinto del Cauca', 1, 13),
(816, 'San Jerónimo', 1, 5),
(817, 'San Joaquín', 1, 68),
(818, 'San José', 1, 17),
(819, 'San José de Miranda', 1, 68),
(820, 'San José de Montaña', 1, 5),
(821, 'San José de Pare', 1, 15),
(822, 'San José de Uré', 1, 23),
(823, 'San José del Fragua', 1, 18),
(824, 'San José del Guaviare', 1, 95),
(825, 'San José del Palmar', 1, 27),
(826, 'San Juan de Arama', 1, 50),
(827, 'San Juan de Betulia', 1, 70),
(828, 'San Juan de Nepomuceno', 1, 13),
(829, 'San Juan de Pasto', 1, 52),
(830, 'San Juan de Río Seco', 1, 25),
(831, 'San Juan de Urabá', 1, 5),
(832, 'San Juan del Cesar', 1, 44),
(833, 'San Juanito', 1, 50),
(834, 'San Lorenzo', 1, 52),
(835, 'San Luis', 1, 73),
(836, 'San Luís', 1, 5),
(837, 'San Luís de Gaceno', 1, 15),
(838, 'San Luís de Palenque', 1, 85),
(839, 'San Marcos', 1, 70),
(840, 'San Martín', 1, 20),
(841, 'San Martín', 1, 50),
(842, 'San Martín de Loba', 1, 13),
(843, 'San Mateo', 1, 15),
(844, 'San Miguel', 1, 68),
(845, 'San Miguel', 1, 86),
(846, 'San Miguel de Sema', 1, 15),
(847, 'San Onofre', 1, 70),
(848, 'San Pablo', 1, 13),
(849, 'San Pablo', 1, 52),
(850, 'San Pablo de Borbur', 1, 15),
(851, 'San Pedro', 1, 5),
(852, 'San Pedro', 1, 70),
(853, 'San Pedro', 1, 76),
(854, 'San Pedro de Cartago', 1, 52),
(855, 'San Pedro de Urabá', 1, 5),
(856, 'San Pelayo', 1, 23),
(857, 'San Rafael', 1, 5),
(858, 'San Roque', 1, 5),
(859, 'San Sebastián', 1, 19),
(860, 'San Sebastián de Buenavista', 1, 47),
(861, 'San Vicente', 1, 5),
(862, 'San Vicente del Caguán', 1, 18),
(863, 'San Vicente del Chucurí', 1, 68),
(864, 'San Zenón', 1, 47),
(865, 'Sandoná', 1, 52),
(866, 'Santa Ana', 1, 47),
(867, 'Santa Bárbara', 1, 5),
(868, 'Santa Bárbara', 1, 68),
(869, 'Santa Bárbara (Iscuandé)', 1, 52),
(870, 'Santa Bárbara de Pinto', 1, 47),
(871, 'Santa Catalina', 1, 13),
(872, 'Santa Fé de Antioquia', 1, 5),
(873, 'Santa Genoveva de Docorodó', 1, 27),
(874, 'Santa Helena del Opón', 1, 68),
(875, 'Santa Isabel', 1, 73),
(876, 'Santa Lucía', 1, 8),
(877, 'Santa Marta', 1, 47),
(878, 'Santa María', 1, 15),
(879, 'Santa María', 1, 41),
(880, 'Santa Rosa', 1, 13),
(881, 'Santa Rosa', 1, 19),
(882, 'Santa Rosa de Cabal', 1, 66),
(883, 'Santa Rosa de Osos', 1, 5),
(884, 'Santa Rosa de Viterbo', 1, 15),
(885, 'Santa Rosa del Sur', 1, 13),
(886, 'Santa Rosalía', 1, 99),
(887, 'Santa Sofía', 1, 15),
(888, 'Santana', 1, 15),
(889, 'Santander de Quilichao', 1, 19),
(890, 'Santiago', 1, 54),
(891, 'Santiago', 1, 86),
(892, 'Santo Domingo', 1, 5),
(893, 'Santo Tomás', 1, 8),
(894, 'Santuario', 1, 5),
(895, 'Santuario', 1, 66),
(896, 'Sapuyes', 1, 52),
(897, 'Saravena', 1, 81),
(898, 'Sardinata', 1, 54),
(899, 'Sasaima', 1, 25),
(900, 'Sativanorte', 1, 15),
(901, 'Sativasur', 1, 15),
(902, 'Segovia', 1, 5),
(903, 'Sesquilé', 1, 25),
(904, 'Sevilla', 1, 76),
(905, 'Siachoque', 1, 15),
(906, 'Sibaté', 1, 25),
(907, 'Sibundoy', 1, 86),
(908, 'Silos', 1, 54),
(909, 'Silvania', 1, 25),
(910, 'Silvia', 1, 19),
(911, 'Simacota', 1, 68),
(912, 'Simijaca', 1, 25),
(913, 'Simití', 1, 13),
(914, 'Sincelejo', 1, 70),
(915, 'Sincé', 1, 70),
(916, 'Sipí', 1, 27),
(917, 'Sitionuevo', 1, 47),
(918, 'Soacha', 1, 25),
(919, 'Soatá', 1, 15),
(920, 'Socha', 1, 15),
(921, 'Socorro', 1, 68),
(922, 'Socotá', 1, 15),
(923, 'Sogamoso', 1, 15),
(924, 'Solano', 1, 18),
(925, 'Soledad', 1, 8),
(926, 'Solita', 1, 18),
(927, 'Somondoco', 1, 15),
(928, 'Sonsón', 1, 5),
(929, 'Sopetrán', 1, 5),
(930, 'Soplaviento', 1, 13),
(931, 'Sopó', 1, 25),
(932, 'Sora', 1, 15),
(933, 'Soracá', 1, 15),
(934, 'Sotaquirá', 1, 15),
(935, 'Sotara (Paispamba)', 1, 19),
(936, 'Sotomayor (Los Andes)', 1, 52),
(937, 'Suaita', 1, 68),
(938, 'Suan', 1, 8),
(939, 'Suaza', 1, 41),
(940, 'Subachoque', 1, 25),
(941, 'Sucre', 1, 19),
(942, 'Sucre', 1, 68),
(943, 'Sucre', 1, 70),
(944, 'Suesca', 1, 25),
(945, 'Supatá', 1, 25),
(946, 'Supía', 1, 17),
(947, 'Suratá', 1, 68),
(948, 'Susa', 1, 25),
(949, 'Susacón', 1, 15),
(950, 'Sutamarchán', 1, 15),
(951, 'Sutatausa', 1, 25),
(952, 'Sutatenza', 1, 15),
(953, 'Suárez', 1, 19),
(954, 'Suárez', 1, 73),
(955, 'Sácama', 1, 85),
(956, 'Sáchica', 1, 15),
(957, 'Tabio', 1, 25),
(958, 'Tadó', 1, 27),
(959, 'Talaigua Nuevo', 1, 13),
(960, 'Tamalameque', 1, 20),
(961, 'Tame', 1, 81),
(962, 'Taminango', 1, 52),
(963, 'Tangua', 1, 52),
(964, 'Taraira', 1, 97),
(965, 'Tarazá', 1, 5),
(966, 'Tarqui', 1, 41),
(967, 'Tarso', 1, 5),
(968, 'Tasco', 1, 15),
(969, 'Tauramena', 1, 85),
(970, 'Tausa', 1, 25),
(971, 'Tello', 1, 41),
(972, 'Tena', 1, 25),
(973, 'Tenerife', 1, 47),
(974, 'Tenjo', 1, 25),
(975, 'Tenza', 1, 15),
(976, 'Teorama', 1, 54),
(977, 'Teruel', 1, 41),
(978, 'Tesalia', 1, 41),
(979, 'Tibacuy', 1, 25),
(980, 'Tibaná', 1, 15),
(981, 'Tibasosa', 1, 15),
(982, 'Tibirita', 1, 25),
(983, 'Tibú', 1, 54),
(984, 'Tierralta', 1, 23),
(985, 'Timaná', 1, 41),
(986, 'Timbiquí', 1, 19),
(987, 'Timbío', 1, 19),
(988, 'Tinjacá', 1, 15),
(989, 'Tipacoque', 1, 15),
(990, 'Tiquisio (Puerto Rico)', 1, 13),
(991, 'Titiribí', 1, 5),
(992, 'Toca', 1, 15),
(993, 'Tocaima', 1, 25),
(994, 'Tocancipá', 1, 25),
(995, 'Toguí', 1, 15),
(996, 'Toledo', 1, 5),
(997, 'Toledo', 1, 54),
(998, 'Tolú', 1, 70),
(999, 'Tolú Viejo', 1, 70),
(1000, 'Tona', 1, 68),
(1001, 'Topagá', 1, 15),
(1002, 'Topaipí', 1, 25),
(1003, 'Toribío', 1, 19),
(1004, 'Toro', 1, 76),
(1005, 'Tota', 1, 15),
(1006, 'Totoró', 1, 19),
(1007, 'Trinidad', 1, 85),
(1008, 'Trujillo', 1, 76),
(1009, 'Tubará', 1, 8),
(1010, 'Tuchín', 1, 23),
(1011, 'Tulúa', 1, 76),
(1012, 'Tumaco', 1, 52),
(1013, 'Tunja', 1, 15),
(1014, 'Tunungua', 1, 15),
(1015, 'Turbaco', 1, 13),
(1016, 'Turbaná', 1, 13),
(1017, 'Turbo', 1, 5),
(1018, 'Turmequé', 1, 15),
(1019, 'Tuta', 1, 15),
(1020, 'Tutasá', 1, 15),
(1021, 'Támara', 1, 85),
(1022, 'Támesis', 1, 5),
(1023, 'Túquerres', 1, 52),
(1024, 'Ubalá', 1, 25),
(1025, 'Ubaque', 1, 25),
(1026, 'Ubaté', 1, 25),
(1027, 'Ulloa', 1, 76),
(1028, 'Une', 1, 25),
(1029, 'Unguía', 1, 27),
(1030, 'Unión Panamericana (ÁNIMAS)', 1, 27),
(1031, 'Uramita', 1, 5),
(1032, 'Uribe', 1, 50),
(1033, 'Uribia', 1, 44),
(1034, 'Urrao', 1, 5),
(1035, 'Urumita', 1, 44),
(1036, 'Usiacuri', 1, 8),
(1037, 'Valdivia', 1, 5),
(1038, 'Valencia', 1, 23),
(1039, 'Valle de San José', 1, 68),
(1040, 'Valle de San Juan', 1, 73),
(1041, 'Valle del Guamuez', 1, 86),
(1042, 'Valledupar', 1, 20),
(1043, 'Valparaiso', 1, 5),
(1044, 'Valparaiso', 1, 18),
(1045, 'Vegachí', 1, 5),
(1046, 'Venadillo', 1, 73),
(1047, 'Venecia', 1, 5),
(1048, 'Venecia (Ospina Pérez)', 1, 25),
(1049, 'Ventaquemada', 1, 15),
(1050, 'Vergara', 1, 25),
(1051, 'Versalles', 1, 76),
(1052, 'Vetas', 1, 68),
(1053, 'Viani', 1, 25),
(1054, 'Vigía del Fuerte', 1, 5),
(1055, 'Vijes', 1, 76),
(1056, 'Villa Caro', 1, 54),
(1057, 'Villa Rica', 1, 19),
(1058, 'Villa de Leiva', 1, 15),
(1059, 'Villa del Rosario', 1, 54),
(1060, 'Villagarzón', 1, 86),
(1061, 'Villagómez', 1, 25),
(1062, 'Villahermosa', 1, 73),
(1063, 'Villamaría', 1, 17),
(1064, 'Villanueva', 1, 13),
(1065, 'Villanueva', 1, 44),
(1066, 'Villanueva', 1, 68),
(1067, 'Villanueva', 1, 85),
(1068, 'Villapinzón', 1, 25),
(1069, 'Villarrica', 1, 73),
(1070, 'Villavicencio', 1, 50),
(1071, 'Villavieja', 1, 41),
(1072, 'Villeta', 1, 25),
(1073, 'Viotá', 1, 25),
(1074, 'Viracachá', 1, 15),
(1075, 'Vista Hermosa', 1, 50),
(1076, 'Viterbo', 1, 17),
(1077, 'Vélez', 1, 68),
(1078, 'Yacopí', 1, 25),
(1079, 'Yacuanquer', 1, 52),
(1080, 'Yaguará', 1, 41),
(1081, 'Yalí', 1, 5),
(1082, 'Yarumal', 1, 5),
(1083, 'Yolombó', 1, 5),
(1084, 'Yondó (Casabe)', 1, 5),
(1085, 'Yopal', 1, 85),
(1086, 'Yotoco', 1, 76),
(1087, 'Yumbo', 1, 76),
(1088, 'Zambrano', 1, 13),
(1089, 'Zapatoca', 1, 68),
(1090, 'Zapayán (PUNTA DE PIEDRAS)', 1, 47),
(1091, 'Zaragoza', 1, 5),
(1092, 'Zarzal', 1, 76),
(1093, 'Zetaquirá', 1, 15),
(1094, 'Zipacón', 1, 25),
(1095, 'Zipaquirá', 1, 25),
(1096, 'Zona Bananera (PRADO - SEVILLA)', 1, 47),
(1097, 'Ábrego', 1, 54),
(1098, 'Íquira', 1, 41),
(1099, 'Úmbita', 1, 15),
(1100, 'Útica', 1, 25);

-- --------------------------------------------------------

--
-- Estructura de tabla para la tabla `paciente`
--

CREATE TABLE `paciente` (
  `NOMBRES` varchar(50) COLLATE utf8_spanish_ci NOT NULL,
  `APELLIDOS` varchar(50) COLLATE utf8_spanish_ci NOT NULL,
  `NUMDOCTO` varchar(20) COLLATE utf8_spanish_ci NOT NULL,
  `TIPDOC` varchar(4) COLLATE utf8_spanish_ci NOT NULL,
  `DIRECCION` varchar(50) COLLATE utf8_spanish_ci NOT NULL,
  `TELEFONO` varchar(20) COLLATE utf8_spanish_ci NOT NULL
) ENGINE=InnoDB DEFAULT CHARSET=utf8 COLLATE=utf8_spanish_ci;

--
-- Volcado de datos para la tabla `paciente`
--

INSERT INTO `paciente` (`NOMBRES`, `APELLIDOS`, `NUMDOCTO`, `TIPDOC`, `DIRECCION`, `TELEFONO`) VALUES
('EPMSC', 'CALDAS', ' 4345399', 'CC', 'CALLE 3 CRA 4 ANSERMA CALDAS ', '3162504753'),
('*CESAR A.', 'MONTES GIRALDO', '-', 'CC', 'N/A', '8774563'),
('SEBASTIAN', 'PARRA BOTERO', '1002717505', 'TI', 'FILADELFIA CALDAS', '3005657777'),
('HENDERSON', 'QUINTERO VALENCIA', '10187631', 'CC', 'CALLE 8 N° 8 - 21 NORCASIA CALDAS', '3507365720'),
('WILLIAM ', 'RAMIREZ VASQUEZ', '10216381', 'CC', 'CARRERA 6 N: 13-26', '3147598161'),
('GUILLERMO', 'BUSTAMANTE OCAMPO', '10232231', 'CC', 'CARRERA 25 NUMERO 29-37', '3122042288'),
('FERNANDO', 'GOMEZ SANCHEZ', '10240456', 'CC', 'CALLE 31B NO 3C-85 BLOQUE I APTO. 302 PUERTA DEL S', '3117019723 - 8737019'),
('RICARDO', 'OSORIO CACERES', '1024514857', 'CC', 'CIUDAD VERDE', ' 543144409050'),
('JORGE ENRIQUE', 'MARTINEZ GARCIA', '10253222', 'CC', 'LA TOSCANA', '3122662121'),
('RUBÉN DARÍO ', 'PATIÑO LONDOÑO', '10260408', 'CC', 'CARRERA 10B NO. 51-32', '3104336361'),
('GERMAN', 'MEJIA  GARCIA ', '10274108', 'CC', 'CARRERA 12 A NO 46 G -16', '3117460475'),
('JUAN CARLOS ', 'OROZCO RNCON', '10274802', 'CC', 'CALLE 72 A 27 A 60 TORRE 6 APTO 1002', '3104550757'),
('DIANA MARCELA', 'SALAZAR NARANJO', '1053765514', 'CC', 'LA CAROLA', '3127775515'),
('JORGE', 'CASTAÑO', '1053769965', 'CC', 'CALLE 99 A NO. 32-23', '3186240000'),
('FRANCIA', 'ORTIZ', '10537770 0', 'CC', 'CRA 24 13 27', '3127094077'),
('PABLO ALEJANDRO', 'DIAZ VALENCIA', '1053784414', 'CC', 'TORRES DE AVILA APTO 821', '3013173708'),
('JUAN FELIPE', 'CAICEDO OCHOA', '1053790004', 'CC', 'CRA 19B #7-21', '3206166978'),
('MÓNICA CRISTINA ', 'ROJAS MOLINA ', '1053819762', 'CC', 'CUCHILLA DEL SALADO', '3217441955'),
('JUAN DIEGO', 'SOLORZANO GOMEZ', '1053852704', 'CC', 'NEIRA', '310 8293200'),
('CLAUDIA VIVIANA', 'HENAO VILLADA', '1056302276', 'CC', 'ARANZAZU', '3117610443'),
('CAROLINA ', 'TREJOS MUÑOZ', '1059710095', 'CC', 'CRA 10 NRO 3-10 BARRIO EL BANQUEO', '3105236860 - 323352'),
('DANIELA ', 'RAMIREZ CANO', '1088034837', 'CC', 'TRANSVERSAL 9 26 A 09', '3142617518'),
('CELESTE', 'OCAMPO HENAO ', '1089630155', 'RC', 'BARRIO ACUARIO CASA 74 CUBA', '3016263542-3270089'),
('YULIANA ANDREA', 'LOPEZ MORALES', '1112766631', 'CC', 'MANIZALES', '3105262737'),
('MARTIZA ', 'GARCIA GUTIERREZ ', '1144029599', 'CC', '.', '3022737573'),
('MANUEL TIBERIO', 'ECHEVERRY GUZMAN', '1216762', 'CC', 'LA CUCHILLA DEL SALADO MANIZALES', '3144883725'),
('ANÓNIMO ', 'ANÓNIMO ', '123340000', 'CC', 'BOGOTÁ ', '7777777'),
('JOSÉ ELIECER', 'CASTAÑO CASTAÑO', '1389350', 'CC', 'VEREDA LA CHUSPA LA MERCED-CALDAS', '3216030239'),
('JUAN CARLOS', 'RAMÍREZ VARGAS', '15532287', 'CC', 'SABANETA, ANTIOQUIA', '3148242141'),
('FEDERICO', 'NARANJO NOREÑA', '15956748', 'CC', 'VEREDA GUAIMARI FINCA EL JARDIN ', '3114303933 - 3136224'),
('JOSE SERAFIN', 'REYES LARGO', '17866473', 'CC', 'VEREDA PUEBLO VIEJO PARTE BAJA ', '3194206116'),
('JOSE MANUEL ', 'CANO CANO', '18604979', 'CC', 'TRANSVERSAL 9 26 A 09', '3142617518  31362772'),
('JOSE EVANGELISTA', 'RODRIGUEZ', '18934952', 'CC', 'CLL 3 Nº 4 - 50', '2580270 - 3122955312'),
('OMAIRA DE JESÚS ', 'GÓMEZ NARVAEZ', '24306992', 'CC', 'CRA. 25 NO.12-36 ', '8831458/3172233265'),
('GLORIA INES', 'CARDONA GIRALDO', '24320768', 'CC', 'CARRERA 24 # 33 A-12', '3007739486'),
('LUISA MARIA', 'GIRALDO', '24325962', 'CC', 'CALLE 25 NRO. 18-10', '88222536'),
('MELVA LUCIA ', 'VALENCIA PARRA', '24325973', 'CC', 'CARRERA 8B NO.  57E-37', '3117224117-320702574'),
('CAROLINA', 'UCHIMA ESPINOSA', '24331504', 'CC', 'CALLE 67 22- 37 APTO 806', '3217750588'),
('MARIA DORALBA', 'LOPEZ ORREGO', '24433871', 'CC', 'VEREDA LA PLANTA, ARANZAZU (CALDAS)', '3116958702'),
('LEFEBREL ', 'TORO PIEDRAHITA', '2457062', 'CC', 'CRA 7 4.23', '3207071238'),
('ANA ROSA ', 'BECERRA DE RESTREPO', '24614621', 'CC', 'CALLE 8 NO 517 BARRIO CENTRO', ' 3112035747-8711144'),
('MARIA CONSTANZA', 'JIMENEZ GALLEGO', '24627636', 'CC', 'VEREDA EL REPOSO NARANJAL ', '3132580954'),
('MARIA MAGNOLIA', 'BETANCUR VASCO', '24642945', 'CC', 'CALLE 9 N° 4 - 19', '31225771163207482247'),
('MATHA', 'SERNA', '24645876', 'CC', 'CRA 9 Nº 7-221 FILADELFIA', '3102118507'),
('MARIA DIOSELINA', 'MARULANDA DE HERRERA', '24722770', 'CC', 'CALLE 50 A N. 7 C 10 B/ SOLFERINO', '3105252268'),
('OLGA LUCIA', 'LOPEZ RESTREPO', '24726663', 'CC', 'CRA 10 NO 6 63', '8957410'),
('ROSA AIDE ', 'CASTRO MARIN ', '24742126', 'CC', 'MRMATO CALDAS', '3216160411 -  311637'),
('BLANCA OFELIA ', 'GONZALES DE ZULUAGA ', '24755328', 'CC', 'CARRERA 6C 15A03', '3143184077'),
('MARTHA LUCIA', 'OSPINA ARISTIZABAL', '24865902', 'CC', 'CRA 31 NO. 84  20 APTO 951', '3127720678'),
('MARIA ALEYDA  ', 'GUAPACHA BERMUDEZ', '25000037', 'CC', 'URBANIZACIÓN MONTECARLO ', '3234298403'),
('SANDRA', 'RIOS BARAHONA', '25058789', 'CC', 'CALLE 17A 5C-27', '3104745034'),
('LUZ MERY', 'MEJÍA TREJOS ', '25060821', 'CC', 'CALLE 16 NRO 4 - 05 PEREIRA', '3174149447  '),
('ANATOLIA', 'URIBE VELAZQUEZ', '25076131', 'CC', 'AVENIDA FUNDADORES N°3E-20', '3103899419'),
('MARIA ROBERTINA', 'HOYOS DE ZULUAGA', '25131,191', 'CC', 'CL 58G 12—14', '8910870 ,3147982060'),
('MARIA ROBERTINA ', 'HOYOS DE ZULUAGA ', '25131191', 'CC', 'CR58 G 30-40', '8910870- 3147982016'),
('PAULA ANDREA', 'CHICA CORTES', '25173580', 'CC', 'AVENIDA ALBERTO MENDOZA 8989 CASA 86', '3007556040'),
('ANA BEIBA', 'CANO ', '25200984', 'CC', 'TRANSVERSAL 9 26 A 09', '3136277284'),
('SANDRA MILENA', 'RODRIGUEZ ARIAS', '30233487', 'CC', 'NA', 'na'),
('ZOHÉ', 'CALDERÓN ZULUAGA', '30282507', 'CC', 'CALLE 15 NO. 25-50', '3113399437'),
('GLORIA SOCORRO', 'HENAO GONZALEZ', '30285879', 'CC', 'CARRERA 5A NO. 52-52', '3136913010'),
('NUBIA DEL SOCORRO ', 'RAMIREZ VALENCIA', '30297177', 'CC', 'CARRERA 9 NORTE N° 9 -60 BLOQUE 22 APTO 202', '3146163877'),
('MARTHA LUZ', 'NOREÑA SALAZAR', '30301948', 'CC', 'KR 31 A · 17 - 36', '3157156658'),
('GLORIA PATRICIA', 'MARIN MONTOYA', '30310521', 'CC', 'CR 21 N 31-66', '8745252'),
('MARIA EUGENIA', 'HIGUITA ARIAS', '30311477', 'CC', 'CALLE 46 G # 11B 04', '8900904'),
('ALBA LUZ ', 'GOMEZ NUÑEZ', '30332103', 'CC', 'EDIFICIO CALDAS APTO 17', '3206610952  -  32261'),
('LINA MARCELA', 'MARTINEZ MEJIA', '30358042', 'CC', 'CL 12 4 38', '3006167580'),
('ROSA ANGÉLICA', 'PESCADOR', '30412256', 'CC', 'RIOSUCIO', '3153713288'),
('OLGA ', 'JARAMILLO ARENAS', '32558117', 'CC', 'CARRERA 57B N 52D15 INTERIOR 202', '4888598'),
('JENNY', 'LOAIZA', '34000913', 'CC', 'CALLE 76 NO. 21-65', '8867050'),
('LUZ ANGELA ', 'MANQUILLO ERAZO', '34325607', 'CC', 'CLL 44 A 33A-23', '3148249637'),
('MARTHA ', 'RUIZ CASTRO', '41593889', 'CC', 'CALLE 182 NO 45 - 92 ', '3192324569'),
('LUISA FERNANDA ', 'LEON', '42126826', 'CC', 'MZA 2A CASA 2A LLANO AZUL', '3105080271'),
('ANA TERESA', 'LICONA VILLEGAS', '43018305', 'CC', 'CONQUISTADORES MEDELLIN', '2355229  3007827084'),
('SILVIO HERNANDO', 'ESTRADA GARCIA', '4306336', 'CC', 'CARRERA 28 BIS N. 48 B 46 B/ EL CAMPIN', '3146728574 '),
('ERNESTO', 'CARDONA LEON', '4320770', 'CC', 'VEREDA LLANITOS ', '31276646243122609061'),
('JOSE HILARIO', 'RAMIREZ', '4353567', 'CC', 'CRA 5 NO. 4- 07', '3053256255'),
('ISABEL CRISTINA ', 'CASTAÑO ISAZA', '43613253', 'CC', 'AVENIDA ALBERTO MENDOZA NO. 89-64. CASA 71', '3206403927'),
('GISELA MARITZA', 'VARGAS ACOSTA', '52441210', 'CC', 'CARRERA 19 4 A 1-02', '3186449315'),
('AAAAAA', 'BBBBB', '555555', 'CC', 'CCCCC', '555555'),
('JORGE HERNAN', 'AGUIRRE GONZALEZ', '75073631', 'CC', 'CALLE 43 KRA 1 351', '3155412099'),
('FREDY', 'RUIZ CASTRO', '75078628', 'CC', 'CLL 61A NRO 32-84 T. A 204', '3166361741'),
('UBERNEY', 'OROZCO HERRERA', '75078715', 'CC', 'CALLE 71 NO 1-516 VALLES DE LA FLORIDA CASA 191', '3137167090'),
('CAMILO', 'GAVIRIA GUTIERREZ', '75091440', 'CC', 'ASAMBLEA DEPARTAMENTAL DE CALDAS', '3208519162'),
('DAMIAN ROGELIO', 'GARCIA MURILLO', '75095133', 'CC', 'CALLE 14 N 5-27', '3176469458'),
('HUGO ', 'DELGADO', '79576969', 'CC', 'ALTA SUIZA CALLE 73 A NO. 17-38', '3214502103'),
('ALVARO JR', 'CAICEDO ROLON', '88227533', 'CC', 'AV 3 NO.24A90 CASA 6 SANTO DOMINGO', '3115824792'),
('JOHAN MANUEL ', 'SAAVEDRA VALLEJO', '93062140', 'CC', 'CLL3 N 4 - 50', '2580270'),
('CESAR', 'MONTES GIRALDO', 'N.O', 'CC', 'N.O', '8774563'),
('CESAR', 'MONTES GIRALDO', 'N/A', 'CC', 'N/A', '8774563'),
('CESAR ', 'MONTES ', 'NO  ', 'CC', 'NO', '8774563');

-- --------------------------------------------------------

--
-- Estructura de tabla para la tabla `paises`
--

CREATE TABLE `paises` (
  `id` int(11) NOT NULL,
  `iso` char(2) DEFAULT NULL,
  `nombre` varchar(80) DEFAULT NULL
) ENGINE=InnoDB DEFAULT CHARSET=latin1;

--
-- Volcado de datos para la tabla `paises`
--

INSERT INTO `paises` (`id`, `iso`, `nombre`) VALUES
(1, 'AF', 'Afganistán'),
(2, 'AX', 'Islas Gland'),
(3, 'AL', 'Albania'),
(4, 'DE', 'Alemania'),
(5, 'AD', 'Andorra'),
(6, 'AO', 'Angola'),
(7, 'AI', 'Anguilla'),
(8, 'AQ', 'Antártida'),
(9, 'AG', 'Antigua y Barbuda'),
(10, 'AN', 'Antillas Holandesas'),
(11, 'SA', 'Arabia Saudí'),
(12, 'DZ', 'Argelia'),
(13, 'AR', 'Argentina'),
(14, 'AM', 'Armenia'),
(15, 'AW', 'Aruba'),
(16, 'AU', 'Australia'),
(17, 'AT', 'Austria'),
(18, 'AZ', 'Azerbaiyán'),
(19, 'BS', 'Bahamas'),
(20, 'BH', 'Bahréin'),
(21, 'BD', 'Bangladesh'),
(22, 'BB', 'Barbados'),
(23, 'BY', 'Bielorrusia'),
(24, 'BE', 'Bélgica'),
(25, 'BZ', 'Belice'),
(26, 'BJ', 'Benin'),
(27, 'BM', 'Bermudas'),
(28, 'BT', 'Bhután'),
(29, 'BO', 'Bolivia'),
(30, 'BA', 'Bosnia y Herzegovina'),
(31, 'BW', 'Botsuana'),
(32, 'BV', 'Isla Bouvet'),
(33, 'BR', 'Brasil'),
(34, 'BN', 'Brunéi'),
(35, 'BG', 'Bulgaria'),
(36, 'BF', 'Burkina Faso'),
(37, 'BI', 'Burundi'),
(38, 'CV', 'Cabo Verde'),
(39, 'KY', 'Islas Caimán'),
(40, 'KH', 'Camboya'),
(41, 'CM', 'Camerún'),
(42, 'CA', 'Canadá'),
(43, 'CF', 'República Centroafricana'),
(44, 'TD', 'Chad'),
(45, 'CZ', 'República Checa'),
(46, 'CL', 'Chile'),
(47, 'CN', 'China'),
(48, 'CY', 'Chipre'),
(49, 'CX', 'Isla de Navidad'),
(50, 'VA', 'Ciudad del Vaticano'),
(51, 'CC', 'Islas Cocos'),
(52, 'CO', 'Colombia'),
(53, 'KM', 'Comoras'),
(54, 'CD', 'República Democrática del Congo'),
(55, 'CG', 'Congo'),
(56, 'CK', 'Islas Cook'),
(57, 'KP', 'Corea del Norte'),
(58, 'KR', 'Corea del Sur'),
(59, 'CI', 'Costa de Marfil'),
(60, 'CR', 'Costa Rica'),
(61, 'HR', 'Croacia'),
(62, 'CU', 'Cuba'),
(63, 'DK', 'Dinamarca'),
(64, 'DM', 'Dominica'),
(65, 'DO', 'República Dominicana'),
(66, 'EC', 'Ecuador'),
(67, 'EG', 'Egipto'),
(68, 'SV', 'El Salvador'),
(69, 'AE', 'Emiratos Árabes Unidos'),
(70, 'ER', 'Eritrea'),
(71, 'SK', 'Eslovaquia'),
(72, 'SI', 'Eslovenia'),
(73, 'ES', 'España'),
(74, 'UM', 'Islas ultramarinas de Estados Unidos'),
(75, 'US', 'Estados Unidos'),
(76, 'EE', 'Estonia'),
(77, 'ET', 'Etiopía'),
(78, 'FO', 'Islas Feroe'),
(79, 'PH', 'Filipinas'),
(80, 'FI', 'Finlandia'),
(81, 'FJ', 'Fiyi'),
(82, 'FR', 'Francia'),
(83, 'GA', 'Gabón'),
(84, 'GM', 'Gambia'),
(85, 'GE', 'Georgia'),
(86, 'GS', 'Islas Georgias del Sur y Sandwich del Sur'),
(87, 'GH', 'Ghana'),
(88, 'GI', 'Gibraltar'),
(89, 'GD', 'Granada'),
(90, 'GR', 'Grecia'),
(91, 'GL', 'Groenlandia'),
(92, 'GP', 'Guadalupe'),
(93, 'GU', 'Guam'),
(94, 'GT', 'Guatemala'),
(95, 'GF', 'Guayana Francesa'),
(96, 'GN', 'Guinea'),
(97, 'GQ', 'Guinea Ecuatorial'),
(98, 'GW', 'Guinea-Bissau'),
(99, 'GY', 'Guyana'),
(100, 'HT', 'Haití'),
(101, 'HM', 'Islas Heard y McDonald'),
(102, 'HN', 'Honduras'),
(103, 'HK', 'Hong Kong'),
(104, 'HU', 'Hungría'),
(105, 'IN', 'India'),
(106, 'ID', 'Indonesia'),
(107, 'IR', 'Irán'),
(108, 'IQ', 'Iraq'),
(109, 'IE', 'Irlanda'),
(110, 'IS', 'Islandia'),
(111, 'IL', 'Israel'),
(112, 'IT', 'Italia'),
(113, 'JM', 'Jamaica'),
(114, 'JP', 'Japón'),
(115, 'JO', 'Jordania'),
(116, 'KZ', 'Kazajstán'),
(117, 'KE', 'Kenia'),
(118, 'KG', 'Kirguistán'),
(119, 'KI', 'Kiribati'),
(120, 'KW', 'Kuwait'),
(121, 'LA', 'Laos'),
(122, 'LS', 'Lesotho'),
(123, 'LV', 'Letonia'),
(124, 'LB', 'Líbano'),
(125, 'LR', 'Liberia'),
(126, 'LY', 'Libia'),
(127, 'LI', 'Liechtenstein'),
(128, 'LT', 'Lituania'),
(129, 'LU', 'Luxemburgo'),
(130, 'MO', 'Macao'),
(131, 'MK', 'ARY Macedonia'),
(132, 'MG', 'Madagascar'),
(133, 'MY', 'Malasia'),
(134, 'MW', 'Malawi'),
(135, 'MV', 'Maldivas'),
(136, 'ML', 'Malí'),
(137, 'MT', 'Malta'),
(138, 'FK', 'Islas Malvinas'),
(139, 'MP', 'Islas Marianas del Norte'),
(140, 'MA', 'Marruecos'),
(141, 'MH', 'Islas Marshall'),
(142, 'MQ', 'Martinica'),
(143, 'MU', 'Mauricio'),
(144, 'MR', 'Mauritania'),
(145, 'YT', 'Mayotte'),
(146, 'MX', 'México'),
(147, 'FM', 'Micronesia'),
(148, 'MD', 'Moldavia'),
(149, 'MC', 'Mónaco'),
(150, 'MN', 'Mongolia'),
(151, 'MS', 'Montserrat'),
(152, 'MZ', 'Mozambique'),
(153, 'MM', 'Myanmar'),
(154, 'NA', 'Namibia'),
(155, 'NR', 'Nauru'),
(156, 'NP', 'Nepal'),
(157, 'NI', 'Nicaragua'),
(158, 'NE', 'Níger'),
(159, 'NG', 'Nigeria'),
(160, 'NU', 'Niue'),
(161, 'NF', 'Isla Norfolk'),
(162, 'NO', 'Noruega'),
(163, 'NC', 'Nueva Caledonia'),
(164, 'NZ', 'Nueva Zelanda'),
(165, 'OM', 'Omán'),
(166, 'NL', 'Países Bajos'),
(167, 'PK', 'Pakistán'),
(168, 'PW', 'Palau'),
(169, 'PS', 'Palestina'),
(170, 'PA', 'Panamá'),
(171, 'PG', 'Papúa Nueva Guinea'),
(172, 'PY', 'Paraguay'),
(173, 'PE', 'Perú'),
(174, 'PN', 'Islas Pitcairn'),
(175, 'PF', 'Polinesia Francesa'),
(176, 'PL', 'Polonia'),
(177, 'PT', 'Portugal'),
(178, 'PR', 'Puerto Rico'),
(179, 'QA', 'Qatar'),
(180, 'GB', 'Reino Unido'),
(181, 'RE', 'Reunión'),
(182, 'RW', 'Ruanda'),
(183, 'RO', 'Rumania'),
(184, 'RU', 'Rusia'),
(185, 'EH', 'Sahara Occidental'),
(186, 'SB', 'Islas Salomón'),
(187, 'WS', 'Samoa'),
(188, 'AS', 'Samoa Americana'),
(189, 'KN', 'San Cristóbal y Nevis'),
(190, 'SM', 'San Marino'),
(191, 'PM', 'San Pedro y Miquelón'),
(192, 'VC', 'San Vicente y las Granadinas'),
(193, 'SH', 'Santa Helena'),
(194, 'LC', 'Santa Lucía'),
(195, 'ST', 'Santo Tomé y Príncipe'),
(196, 'SN', 'Senegal'),
(197, 'CS', 'Serbia y Montenegro'),
(198, 'SC', 'Seychelles'),
(199, 'SL', 'Sierra Leona'),
(200, 'SG', 'Singapur'),
(201, 'SY', 'Siria'),
(202, 'SO', 'Somalia'),
(203, 'LK', 'Sri Lanka'),
(204, 'SZ', 'Suazilandia'),
(205, 'ZA', 'Sudáfrica'),
(206, 'SD', 'Sudán'),
(207, 'SE', 'Suecia'),
(208, 'CH', 'Suiza'),
(209, 'SR', 'Surinam'),
(210, 'SJ', 'Svalbard y Jan Mayen'),
(211, 'TH', 'Tailandia'),
(212, 'TW', 'Taiwán'),
(213, 'TZ', 'Tanzania'),
(214, 'TJ', 'Tayikistán'),
(215, 'IO', 'Territorio Británico del Océano Índico'),
(216, 'TF', 'Territorios Australes Franceses'),
(217, 'TL', 'Timor Oriental'),
(218, 'TG', 'Togo'),
(219, 'TK', 'Tokelau'),
(220, 'TO', 'Tonga'),
(221, 'TT', 'Trinidad y Tobago'),
(222, 'TN', 'Túnez'),
(223, 'TC', 'Islas Turcas y Caicos'),
(224, 'TM', 'Turkmenistán'),
(225, 'TR', 'Turquía'),
(226, 'TV', 'Tuvalu'),
(227, 'UA', 'Ucrania'),
(228, 'UG', 'Uganda'),
(229, 'UY', 'Uruguay'),
(230, 'UZ', 'Uzbekistán'),
(231, 'VU', 'Vanuatu'),
(232, 'VE', 'Venezuela'),
(233, 'VN', 'Vietnam'),
(234, 'VG', 'Islas Vírgenes Británicas'),
(235, 'VI', 'Islas Vírgenes de los Estados Unidos'),
(236, 'WF', 'Wallis y Futuna'),
(237, 'YE', 'Yemen'),
(238, 'DJ', 'Yibuti'),
(239, 'ZM', 'Zambia'),
(240, 'ZW', 'Zimbabue');

-- --------------------------------------------------------

--
-- Estructura de tabla para la tabla `peticion`
--

CREATE TABLE `peticion` (
  `codigo` int(4) UNSIGNED ZEROFILL NOT NULL,
  `radicado` varchar(10) COLLATE utf8_spanish_ci NOT NULL,
  `consecutivo` varchar(15) COLLATE utf8_spanish_ci NOT NULL,
  `primerNombre` varchar(60) COLLATE utf8_spanish_ci NOT NULL,
  `segundoNombre` varchar(60) COLLATE utf8_spanish_ci NOT NULL,
  `primerApellido` varchar(60) COLLATE utf8_spanish_ci NOT NULL,
  `segundoApellido` varchar(60) COLLATE utf8_spanish_ci NOT NULL,
  `nomCompleto` varchar(80) COLLATE utf8_spanish_ci NOT NULL,
  `direccion` varchar(40) COLLATE utf8_spanish_ci NOT NULL,
  `fechaPet` datetime NOT NULL,
  `fecha_tramite` datetime NOT NULL,
  `fechaRespuesta` datetime NOT NULL,
  `tipoManifestacion` int(11) NOT NULL,
  `estado` int(11) NOT NULL,
  `documento` varchar(50) COLLATE utf8_spanish_ci NOT NULL,
  `tipoDoc` varchar(11) COLLATE utf8_spanish_ci NOT NULL,
  `servicio` int(11) NOT NULL,
  `departamento` int(11) NOT NULL,
  `municipio` int(11) NOT NULL,
  `pais` int(11) NOT NULL,
  `telFijo` int(11) NOT NULL,
  `telMovil` int(11) NOT NULL,
  `email` varchar(30) COLLATE utf8_spanish_ci NOT NULL,
  `nit` varchar(15) COLLATE utf8_spanish_ci NOT NULL,
  `razonSocial` varchar(50) COLLATE utf8_spanish_ci NOT NULL,
  `regimen` int(11) NOT NULL,
  `asegurador` varchar(11) COLLATE utf8_spanish_ci NOT NULL,
  `archivo` varchar(50) COLLATE utf8_spanish_ci NOT NULL,
  `medioRespuesta` varchar(25) COLLATE utf8_spanish_ci NOT NULL,
  `contenido` varchar(314) COLLATE utf8_spanish_ci NOT NULL
) ENGINE=InnoDB DEFAULT CHARSET=utf8 COLLATE=utf8_spanish_ci;

--
-- Volcado de datos para la tabla `peticion`
--

INSERT INTO `peticion` (`codigo`, `radicado`, `consecutivo`, `primerNombre`, `segundoNombre`, `primerApellido`, `segundoApellido`, `nomCompleto`, `direccion`, `fechaPet`, `fecha_tramite`, `fechaRespuesta`, `tipoManifestacion`, `estado`, `documento`, `tipoDoc`, `servicio`, `departamento`, `municipio`, `pais`, `telFijo`, `telMovil`, `email`, `nit`, `razonSocial`, `regimen`, `asegurador`, `archivo`, `medioRespuesta`, `contenido`) VALUES
(0228, '', '', '', '', '', '', '', '', '2016-01-18 09:02:39', '0000-00-00 00:00:00', '2016-01-21 15:28:04', 1, 3, '34325607', 'CC', 108, 17, 532, 52, 0, 0, 'angelamanquillo25@gmail.com', '0', '', 1, '800140949-6', '', '', '2016-01-21 15:28:04: BUENAS TARDES, SEÑORA LUZ ANGELA  MANQUILLO ERAZO, AGRADECEMOS LA UTILIZACIÓN DE ESTE MEDIO Y NOS PERMITIMOS INFORMARLE QUE SE HA DADO TRASLADO DE SU PETICIÓN AL ÁREA DE GESTIÓN DEL TALENTO HUMANO A LA COLABORADORA DIANA ABREO, TELEFONO 8879200 EXTE 501, QUIEN ES LA PERSONA ENCARGADA DE ELABO'),
(0229, '', '', '', '', '', '', '', '', '2016-01-20 08:13:15', '0000-00-00 00:00:00', '2016-04-15 08:27:54', 4, 3, '1053784414', 'CC', 14, 17, 532, 52, 0, 0, 'pablodiaz.sistemas@santasofia.', '0', '', 1, '800140949-6', 'fakepathKoala.jpg', '', '2016-04-15 08:27:54: PRUEBA FINALIZADA ATT MARIA CRISTINA LONDOÑO HERNANDEZ <BR><BR>'),
(0230, '', '', '', '', '', '', '', '', '2016-03-15 09:44:02', '0000-00-00 00:00:00', '2016-03-22 10:26:53', 1, 3, '24306992', 'CC', 103, 17, 532, 52, 0, 0, 'omairag07@gmail.com', '0', '', 1, '800140949-6', '', '', '2016-03-22 10:26:53: BUENOS DÍAS, SEÑORA OMAIRA, AGRADECEMOS A USTED LA UTILIZACIÓN DE ESTE MEDIO, PERO LA SOLICITUD DE CITAS MÉDICAS DEBE HACERSE A TRAVÉS DE LOS TELÉFONOS 8879200 EXTENSIONES 728- 616. ATT MARIA CRISTINA LONDOÑO HERNANDEZ <BR><BR>'),
(0231, '', '', '', '', '', '', '', '', '2016-05-24 09:52:25', '0000-00-00 00:00:00', '2017-02-24 10:12:12', 2, 3, '1053819762', 'CC', 103, 17, 532, 52, 0, 0, 'criss-rm@hotmail.com', '0', '', 2, '830074184-5', 'fakepathIMG-20160524-WA0006.jpg', '', ''),
(0232, '', '', '', '', '', '', '', '', '2016-06-09 08:03:50', '0000-00-00 00:00:00', '2017-02-24 10:15:57', 1, 3, '24433871', 'CC', 18, 17, 532, 52, 0, 0, 'veris.2@hotmail.com', '0', '', 2, '800140949-6', '', '', '2017-02-24 10:15:57: BUENOS DÍAS, SEÑORA MARIA DORALBA EFECTIVAMENTE Y DEBIDO A QUE CAMBIÓ DE ASEGURADORA SE DEBE INICIAR TRÁMITES CON CAFESALUD PARA QUE SE PUEDA PRACTICAR LA CIRUGIA. ACTUALMENTE TENEMOS CONTRATO CON ESTA ENTIDAD, ASÍ QUE SI ELLOS AUTORIZAN PODRÍAMOS PRESTARLE EL SERVICIO. ATT SANTASOFIA <BR><BR'),
(0233, '', '', '', '', '', '', '', '', '2016-06-13 21:56:30', '0000-00-00 00:00:00', '2017-02-24 12:30:42', 2, 3, '10232231', 'CC', 18, 17, 532, 52, 0, 0, 'johanagil21@hotmail.com', '0', '', 1, '800140949-6', 'fakepathORDEN CIRUGIA GUILLERMO.pdf', '', '2017-02-24 12:30:42: . ATT SANTASOFIA <BR><BR>'),
(0234, '', '', '', '', '', '', '', '', '2016-06-13 21:56:55', '0000-00-00 00:00:00', '2017-02-24 12:31:15', 2, 3, '10232231', 'CC', 18, 17, 532, 52, 0, 0, 'johanagil21@hotmail.com', '0', '', 1, '800140949-6', 'fakepathORDEN CIRUGIA GUILLERMO.pdf', '', '2017-02-24 12:31:15: . ATT SANTASOFIA <BR><BR>'),
(0235, '', '', '', '', '', '', '', '', '2016-06-29 15:23:17', '0000-00-00 00:00:00', '2017-02-24 12:31:41', 4, 3, '30233487', 'CC', 9, 17, 532, 52, 0, 0, 'webmaster@santasofia.com.co', '0', '', 1, '860026518-6', '', '', '2017-02-24 12:31:41: . ATT SANTASOFIA <BR><BR>'),
(0236, '', '', '', '', '', '', '', '', '2016-06-29 16:32:22', '0000-00-00 00:00:00', '2017-02-24 12:39:34', 2, 3, '24320768', 'CC', 103, 17, 532, 52, 0, 0, 'glocarg2001@hotmail.com', '0', '', 1, '891800213-8', '', '', ''),
(0237, '', '', '', '', '', '', '', '', '2016-06-29 16:33:12', '0000-00-00 00:00:00', '2017-02-24 12:39:19', 2, 3, '24320768', 'CC', 103, 17, 532, 52, 0, 0, 'glocarg2001@hotmail.com', '0', '', 1, '800140949-6', '', '', ''),
(0238, '', '', '', '', '', '', '', '', '2016-07-19 17:00:23', '0000-00-00 00:00:00', '2017-02-24 12:34:53', 1, 3, '75078715', 'CC', 108, 17, 532, 52, 0, 0, 'uberneyorozco@hotmail.com', '0', '', 4, '860009578-6', 'fakepathepicrisis.pdf', '', '2017-02-24 12:34:53: BUENAS TARDES, DEBE ACERCARSE A LA OFICINA DE ESTADÍSTICA VENTANILLA 6, EN DONDE LE PODRÁ SER EXPEDIDO EL CERTIFICADO DONDE CONSTA SUS DIAS DE ESTANCIA HOSPITALARIA. ATT SANTASOFIA <BR><BR>'),
(0239, '', '', '', '', '', '', '', '', '2016-07-21 14:07:15', '0000-00-00 00:00:00', '2017-02-24 12:36:18', 2, 3, '30358042', 'CC', 108, 17, 532, 52, 0, 0, 'linamarcela3@hotmail.com', '0', '', 1, '830023202-1', '', '', '2017-02-24 12:36:11: . ATT SANTASOFIA <BR><BR>'),
(0240, '', '', '', '', '', '', '', '', '2016-08-19 12:19:55', '0000-00-00 00:00:00', '2017-02-24 12:37:46', 5, 3, '25058789', 'CC', 101, 17, 532, 52, 0, 0, 'danysan17@yahoo.es', '0', '', 3, '00000000', '', '', '2017-02-24 12:37:46: . ATT SANTASOFIA <BR><BR>'),
(0241, '', '', '', '', '', '', '', '', '2016-08-31 08:21:54', '0000-00-00 00:00:00', '2017-02-24 12:38:22', 2, 3, '10274108', 'CC', 101, 17, 532, 52, 0, 0, 'gmgagh258@gmail.com', '0', '', 1, '805001157-2', '', '', '2017-02-24 12:38:22: . ATT SANTASOFIA <BR><BR>'),
(0242, '', '', '', '', '', '', '', '', '2016-09-05 10:16:51', '0000-00-00 00:00:00', '2017-02-24 12:39:54', 5, 3, '4353567', 'CC', 108, 17, 532, 52, 0, 0, 'papeleriajava@hotmail.com', '0', '', 4, '00000000', '20160905110614829_0001.pdf', '', ''),
(0243, '', '', '', '', '', '', '', '', '2016-09-08 16:21:26', '0000-00-00 00:00:00', '2017-02-24 12:40:42', 2, 3, '1053765514', 'CC', 108, 17, 532, 52, 0, 0, 'marcelasalazar5@hotmail.com', '0', '', 4, '00000000', '', '', ''),
(0244, '', '', '', '', '', '', '', '', '2016-09-20 08:36:42', '0000-00-00 00:00:00', '2017-02-24 12:42:09', 2, 3, '24325962', 'CC', 108, 17, 532, 52, 0, 0, 'NOTENGO@', '0', '', 1, '805000427-1', 'fakepathchicharron.docx', '', '2017-02-24 12:42:09: AGRADECEMOS SU MANIFESTACIÓN, LA CUAL SERÁ TRASLADADA A LA ADMINISTRACIÓN DE LA CAFETERIA, PUES ESTE SERVICIO NO ES DEL HOASPITAL. ATT SANTASOFIA <BR><BR>'),
(0245, '', '', '', '', '', '', '', '', '2016-10-05 10:22:49', '0000-00-00 00:00:00', '2017-02-24 12:46:01', 5, 3, '24614621', 'CC', 15, 17, 532, 52, 0, 0, 'wesemit@hotmail.com', '0', '', 2, '800140949-6', '', '', '2017-02-24 12:46:01: BUENAS TARDES, LA HISTORIA CLÍNICA ES UN DOCUMENTO PRIVADO Y DE CONSULTA SOLAMENTE POR EL DUEÑO DE LA HISTORIA CLÍNICA, ES ASÍ COMO PARA PODER TENER ACCESO A ELLA DEBE SER LA SEÑORA ANA ROSA BECERRA DIRECTAMENTE QUIEN LA SOLICITE ATT SANTASOFIA <BR><BR>'),
(0246, '', '', '', '', '', '', '', '', '2016-11-22 08:36:14', '0000-00-00 00:00:00', '2017-02-24 12:47:33', 1, 3, '30310521', 'CC', 101, 17, 532, 52, 0, 0, 'mgutierrez@sos.com.co', '0', '', 1, '805001157-2', '', '', '2017-02-24 12:47:33: VALORADA POR DR MARTHA LUCIA ANGEL EL 1 DE DICIEMBRE ATT SANTASOFIA <BR><BR>'),
(0247, '', '', '', '', '', '', '', '', '2017-02-06 15:41:14', '0000-00-00 00:00:00', '2017-02-24 10:59:53', 2, 3, '24755328', 'CC', 101, 17, 532, 52, 0, 0, 'andresospinazuluaga@gmail.com', '0', '', 2, '800140949-6', '', '', '2017-02-24 10:59:53: BUENOS DÍAS, SU CITA FUE ASIGNADA Y ATENDIDA EL 24 DE FEBRERO, A LA CUAL USTED ASISTIÓ, PERO NO TRAJO LOS RESULTADOS DE LOS EXÁMENES. ATT SANTASOFIA <BR><BR>'),
(0248, '', '', '', '', '', '', '', '', '2017-03-17 11:25:21', '2017-03-23 10:32:01', '2017-04-11 19:20:51', 1, 3, '10187631', 'CC', 106, 17, 532, 52, 0, 0, 'hequivalea@hotmail.com', '0', '', 4, '900156264-2', '', '', '2017-03-23 10:31:50: BUENOS DÍAS,SEÑOR HENDERSON PARA RESPUESTA A SU PETICIÓN, ES NECESARIO QUE POR FAVOR NOS ENVÍE COPIA DE SU EVOLUCIÓN MÉDICA EN LA CUAL ESTÉ SOLICITADO EL PROCEDIMIENTO QUE MENCIONA, ELLO DEBIDO A QUE LOS ESPECIALISTAS NO REALIZAN PROCEDIMIENTOS SIN ANTES VALORAR EL PACIENTE. UNA VEZ TENGAMOS '),
(0249, '', '', '', '', '', '', '', '', '2017-03-30 13:15:08', '0000-00-00 00:00:00', '2017-04-11 19:11:44', 2, 3, '24755328', 'CC', 107, 17, 532, 52, 0, 0, 'Andresospinazuluaga@gmail.com', '0', '', 2, '800140949-6', '', '', '2017-04-11 19:11:44: BUENAS NOCHES, AGRADECEMOS LA UTILIZACIÓN DE NUESTROS MEDIOS DE PARTICIPACIÓN CIUDADANA Y DESEAMOS RECORDARLE QUE DE ACUERDO A CONVERSACIÓN TELÉFONICA CON USTED SU CITA FUE ASIGNADA PARA EL DÍA 24 DE ABRIL LUNES. RECUERDE TRAER LA AUTORIZACIÓN QUE LE CORRIGIERON EN SU ASEGURADORA Y LA ORDEN M'),
(0250, '', '', '', '', '', '', '', '', '2017-04-04 11:00:49', '0000-00-00 00:00:00', '2017-04-11 19:13:47', 2, 3, '25131191', 'CC', 101, 17, 532, 52, 0, 0, 'Andresospinazuluaga@gmail.com', '0', '', 2, '800140949-6', '', '', '2017-04-11 19:13:47: BUENAS NOCHES,SEÑORA ROBERTINA TELEFÓNICAMENTE FUE ASIGNADA SU CITA PARA EL DÍA VIERNES 7 A LAS 10.30. ATT SANTASOFIA <BR><BR>'),
(0251, '', '', '', '', '', '', '', '', '2017-04-05 08:53:35', '0000-00-00 00:00:00', '2017-04-05 08:56:32', 4, 3, '30233487', 'CC', 105, 17, 532, 52, 0, 0, 'samiz417@gmail.com', '0', '', 1, '00000000', '', '', '2017-04-05 08:56:00: AGRADEZCEMOS SU APRECIACIÒN Y HAREMOS EXTENSIVAS SU PALABRAS DE FELICITACIÒN AL EQUIPO DE VIGILANCIA PARA FORTALECER SU LABOR. ATT SANTASOFIA <BR><BR>'),
(0252, '', '', '', '', '', '', '', '', '2017-04-07 17:05:45', '0000-00-00 00:00:00', '2017-04-11 19:17:59', 2, 3, '25131191', 'CC', 15, 17, 532, 52, 0, 0, 'andresospinazuluaga@gmail.com', '0', '', 2, '800140949-6', '', '', '2017-04-11 19:17:59: BUENAS NOCHES, SEÑORA ROBERTINA AGRADECEMOS LA UTILIZACIÓN DE NUESTROS MEDIOS DE PARTICIPACIÓN CIUDADANA, LAMENTABLEMENTE PARA LOS EXAMENES QUE REQUIERE NO TENEMOS DISPONIBILIDAD DE AGENDA EN ESTE MES,COMO USTED DESCRIBE SU CASO ES PRIORITARIO POR LA PATOLOGIA QUE PADECE, ES ASÍ COMO RESPETUO'),
(0253, '', '', '', '', '', '', '', '', '2017-04-11 09:31:41', '0000-00-00 00:00:00', '2017-04-11 19:20:21', 1, 3, '1089630155', 'RC', 101, 17, 532, 52, 0, 0, 'macar.259@hotmail.com', '0', '', 2, '800250119-1', '', '', '2017-04-11 19:20:21: BUENAS NOCHES, LAMENTABLEMENTE NUESTRA INSTITUCIÓN NO TIENE FISIATRA PEDIATRICO, NI SE ENCUENTRA HABILITADA PARA ATENDER MENORES DE EDAD, LE SUGERIMOS RESPETUOSAMENTE ACERCARSE A SU ASEGURADOR Y SOLICITAR LE SEA AUTORIZADOS LOS SERVICIOS EN UNA INSTITUCIÓN EN LA CUAL PUEDAN ATENDER MENORES DE'),
(0254, '', '', '', '', '', '', '', '', '2017-04-25 10:23:19', '0000-00-00 00:00:00', '2017-05-04 17:11:17', 2, 3, '25131,191', 'CC', 101, 17, 532, 52, 0, 0, 'Andresospinazuluaga@gmail.com', '0', '', 2, '800140949-6', '', '', '2017-05-04 17:11:17: BUENAS TARDES, SEÑORA ROBERTINA PARA LA ASIGNACIÓN DE LAS CITAS MEDICAS ESTAS DEBEN SER VÍA TELEFÓNICA AL TELÉFONO 8879200 EXTENSIÓN 616. SI REQUIERE DE CITAS PRIORITARIAS O URGENTES DEBE ACERCARSE A SU ASEGURADOR PARA QUE DENTRO DE LA RED CONTRATADA LE PUEDAN BRINDAR LA ATENCIÓN DE MANERA MÁ'),
(0255, '', '', '', '', '', '', '', '', '2017-05-03 07:19:23', '0000-00-00 00:00:00', '2017-05-04 17:18:13', 2, 3, '75078628', 'CC', 101, 17, 532, 52, 0, 0, 'fruizc@fredyruiz.com', '0', '', 1, '800140949-6', '', '', '2017-05-04 17:18:13: BUENAS TARDES, SEÑOR FREDY PARA LA ASIGNACIÓN DE LAS CITAS MEDICAS ESTAS DEBEN SER VÍA TELEFÓNICA AL TELÉFONO 8879200 EXTENSIÓN 616. SI REQUIERE DE CITAS PRIORITARIAS O URGENTES DEBE ACERCARSE A SU ASEGURADOR PARA QUE DENTRO DE LA RED CONTRATADA LE PUEDAN BRINDAR LA ATENCIÓN DE MANERA MÁS ÁGI'),
(0256, '', '', '', '', '', '', '', '', '2017-05-03 10:28:48', '0000-00-00 00:00:00', '2017-05-04 17:28:23', 2, 3, '10274802', 'CC', 103, 17, 532, 52, 0, 0, 'juanorozcor@hotmail.com', '0', '', 1, '805009741-0', '', '', '2017-05-04 17:28:23: SEÑOR JUAN CARLOS, TENGA USTED UNA BUENA TARDE, SE INTENTÓ EL DÍA DE HOY A TRAVÉS DE CORREO ELECTRÓNICO ENVIADO DESDE AUSUARIO@SANTASOFIA.COM.CO, LLAMADA A SU CELULAR A LAS 9:20 DE LA MAÑANA Y NUEVAMENTE A LAS 5:22 PARA PODER APOYARLE CON LA INFORMACIÓN REQUERIDA, TODA VEZ QUE LA CITA NO CONS'),
(0257, '', '', '', '', '', '', '', '', '2017-05-04 10:20:35', '0000-00-00 00:00:00', '2017-05-16 14:02:08', 1, 3, '24331504', 'CC', 7, 17, 532, 52, 0, 0, 'carouchima@hotmail.com', '0', '', 1, '805000427-1', 'fakepathNuevoDocumento 2017-05-03.pdf', '', '2017-05-16 14:02:08: BUENAS TARDES, ESTE ES NUESTRO PROCEDIMIENTO PARA SOLICITUD DE HISTORIA CLÍNICA EN LA E.S.E. HOSPITAL DEPARTAMENTAL SANTA SOFIA DE CALDASCIUDADANOEXTRANJEROSDESCRIPCIÓN1.REUNIR LOS DOCUMENTOS Y CUMPLIR CON LAS CONDICIONES ESTABLECIDAS PARA EL TRÁMITEDOCUMENTOS:CARTA DE SOLICITUD : 1 ORIGINAL('),
(0258, '', '', '', '', '', '', '', '', '2017-06-20 11:16:08', '0000-00-00 00:00:00', '2017-06-22 07:44:41', 5, 3, '30332103', 'CC', 107, 17, 532, 52, 0, 0, 'bhpineda2005@gmail.com', '0', '', 1, '880013570-4', '', '', '2017-06-22 07:44:41: BUENOS DÍAS SEÑORA ALBA LUZ, LAMENTABLEMENTE EN EL MOMENTO NO TENEMOS DISPONIBILIDAD DE AGENDA PARA ASIGNAR LA CITA QUE USTED SOLICITA, LE SOLICITAMOS RESPETUOSAMENTE COMUNICARSE A LOS TELÉFONOS 8879200 EXTENSIÓN 616 DE LUNES A JUEVES DE 7 A.M A 6.P.M JORNADA CONTÍNUA, VIERNES DE 7 A.M A 5 P.'),
(0259, '', '', '', '', '', '', '', '', '2017-07-01 10:55:08', '0000-00-00 00:00:00', '2017-07-14 13:22:33', 1, 3, '10240456', 'CC', 107, 17, 532, 52, 0, 0, 'celestialespa@hotmail.com', '0', '', 1, '800140949-6', 'fakepathhc.jpg', '', '2017-07-14 13:22:33: GU060.1- 350MANIZALES, 13 DE JULIO DE 2017SEÑORFERNANDO GOMEZ SANCHEZ3117019723CELESTIALSPA@HOTMAIL.COMMANIZALESASUNTO: RESPUESTA  A  PQR   Nº  350CORDIAL SALUDO,ME PERMITO INFORMAR  QUE EL HOSPITAL DEPARTAMENTAL UNIVERSITARIO SANTA SOFÍA DE CALDAS, HA TOMADO ATENTA NOTA DE SU MANIFESTACIÓN Y'),
(0260, '', '', '', '', '', '', '', '', '2017-07-10 11:54:19', '2017-07-14 13:26:52', '2017-10-03 12:39:25', 2, 3, '34000913', 'CC', 103, 17, 532, 52, 0, 0, 'j.loaiza@seracis.com', '0', '', 1, '00000000', '', '', '2017-07-14 13:26:52: BUENAS TARDES, SEÑORA JENNY,POR FAVOR INFORMENOS QUE CITA REQUIERE Y ADJUNTE SI ES TAN AMABLE LA AUTORIZACIÓN DE SERVICIOS DE SU ASEGURADOR PARA PODER COLABORARLE CON EL TRÁMITE. ATT SANTASOFIA <BR><BR>2017-10-03 12:39:25: DADO QUE NO SE OBTUVO RESPUESTA DE SU PARTE SE CIERRA LA MANIFESTACIÓN'),
(0261, '', '', '', '', '', '', '', '', '2017-07-28 15:43:45', '0000-00-00 00:00:00', '2017-10-11 12:51:03', 2, 3, '1002717505', 'TI', 107, 17, 532, 52, 0, 0, 'alfonsorojas@presidencia.gov.c', '0', '', 2, '800140949-6', 'fakepathIMG_0294.JPG', '', '2017-10-11 12:51:03: ECOGRAFIA REALIZADA EL 28 DE AGOSTO ATT SANTASOFIA <BR><BR>'),
(0262, '', '', '', '', '', '', '', '', '2017-10-11 10:42:25', '0000-00-00 00:00:00', '2017-10-25 07:52:27', 1, 3, '10240456', 'CC', 103, 17, 532, 52, 0, 0, 'celestialespa@hotmail.com', '0', '', 1, '800140949-6', '', '', '2017-10-25 07:52:27: ME PERMITO INFORMAR  QUE EL HOSPITAL DEPARTAMENTAL UNIVERSITARIO SANTA SOFÍA DE CALDAS, HA TOMADO ATENTA NOTA DE SU MANIFESTACIÓN Y  HA SIDO TRASLADADA A LA COORDINADORA DE CENTRO DE CONTACTO PARA SU ANÁLISIS Y TOMA DE DECISIONES.UNA VEZ ANALIZADA LA MANIFESTACIÓN LA DOCTORA ZULAY GRANADA, QU'),
(0263, '', '', '', '', '', '', '', '', '2017-12-20 14:56:09', '0000-00-00 00:00:00', '2017-12-26 12:42:49', 2, 3, '18934952', 'CC', 18, 17, 532, 52, 0, 0, 'sanidad.epcfresno@inpec.gov.co', '0', '', 2, '800215546-5', '', '', '2017-12-26 12:42:49: BUENOS DÍAS, LA COORDINADORA DE CIRUGÍA ENFERMERA PAULA DIAZ INDICA LO SIGUIENTE:\" REALIZARA LA REVISIÓN DE LOS CORREOS QUE SE ENVÍAN, DANDO CON RESPUESTA SOBRE LA PROGRAMACIÓN DE CIRUGÍA Y CHEQUEO DE ANESTESIA, TENIENDO EN CUENTA QUE SE PRESENTA DEMORA EN LA PROGRAMACIÓN CON ALGUNAS ESPECIAL'),
(0264, '', '', '', '', '', '', '', '', '2018-02-21 10:55:42', '0000-00-00 00:00:00', '2020-07-09 15:36:25', 1, 3, '88227533', 'CC', 7, 17, 532, 52, 0, 0, 'alvarojuniorcr@ufps.edu.co', '0', '', 4, '00000000', '', '', '2018-04-06 07:51:14: BUENOS DÍAS, PRESENTAMOS EXCUSAS POR LA DEMORA EN LA RESPUESTA. UNA VEZ ANALIZADA SU MANIFESTACIÓN LA COORDINADORA DE DOCENCIA SERVICIOS DOCTORA SANDRA MILENA GONZALEZ P. INFORMA O SIGUIENTE: \"LA SOLICITUD DEBE OFICIARSE AL COMITÉ DE ÉTICA  EN INVESTIGACIÓN, Y DEBE SER PRESENTADA POR LA INSTI'),
(0265, '', '', '', '', '', '', '', '', '2018-02-28 17:59:37', '2018-03-16 16:20:45', '2018-04-04 08:54:58', 2, 3, '10274108', 'CC', 99, 17, 532, 52, 0, 0, 'gmgagh258@gmail.com', '0', '', 1, '00000000', '', '', '2018-03-16 16:20:45: BUENAS TARDES, LE AGRADECEMOS POR FAVOR SUMINISTRAR EL DOCUMENTO DE IDENTIDAD DE LA PERSONA QUE REQUIERE LA CITA Y EL NÚMERO DE AUTORIZACIÓN GENERADO POR LA EPS MEDIMAS.ATENTA A SUS COMENTARIOS ATT SANTASOFIA <BR><BR>2018-04-04 08:54:58: BUENOS DÍAS, SEÑOR GERMAN RESPECTO A SU MANIFESTACIÓN L'),
(0266, '', '', '', '', '', '', '', '', '2018-03-14 14:45:19', '0000-00-00 00:00:00', '2018-04-04 08:59:19', 1, 3, '30285879', 'CC', 99, 17, 532, 52, 0, 0, 'vero.ospina_2012@hotmail.com', '0', '', 1, '800140949-6', '', '', '2018-04-04 08:59:19: BUENOS DÍAS, LA SOLICITUD DE LA HISTORIA CLÍNICA POR TRATARSE DE UN DOCUMENTO PRIVADO, SÓLO PUEDE ENTREGASE SI USTED REALIZA LA SOLICITUD DE ENTREGA DE SU HISTORIA CLÍNICA EN UN OFICIO FIRMADO, AL CUAL LE ADJUNTE COPIA DE SU DOCUMENTO DE IDENTIDAD. AGRADECEMOS ENVIAR ESTOS DOCUMENTOS AL CORRE'),
(0267, '', '', '', '', '', '', '', '', '2018-03-20 15:54:10', '0000-00-00 00:00:00', '2018-04-04 09:00:25', 2, 3, '30311477', 'CC', 18, 17, 532, 52, 0, 0, 'joseferhiguita@hotmail.com', '0', '', 1, '800130044-3', '', '', '2018-04-04 09:00:25: RESPUESTA ENVIADA A CORREO ELECTRÓNICO SUMINISTRADO POR LA USUARIA ATT SANTASOFIA <BR><BR>'),
(0268, '', '', '', '', '', '', '', '', '2018-03-27 17:19:15', '0000-00-00 00:00:00', '2018-04-04 07:44:48', 2, 3, '10274108', 'CC', 99, 17, 532, 52, 0, 0, 'gmgagh258@gmail.com', '0', '', 1, '860078828-7', '', '', '2018-04-04 07:44:48: ECO TT: MIÉRCOLES 04 DE ABRIL 8:40 AMMEDICINA INTERNA: JUEVES 26 DE ABRIL 8:00 AM DR ABELARDO MONTENEGRO ATT SANTASOFIA <BR><BR>'),
(0269, '', '', '', '', '', '', '', '', '2018-03-28 11:50:59', '0000-00-00 00:00:00', '2018-04-04 09:02:15', 2, 3, '15532287', 'CC', 105, 17, 532, 52, 0, 0, 'abogafojuanramirez@gmail.com', '0', '', 2, '800140949-6', '', '', ''),
(0270, '', '', '', '', '', '', '', '', '2018-04-04 15:30:25', '0000-00-00 00:00:00', '2018-04-05 08:32:41', 1, 3, '10216381', 'CC', 99, 17, 532, 52, 0, 0, 'caramirezta@hotmail.com', '0', '', 2, '890.801.152', '', '', '2018-04-05 08:32:41: BUENOS DÍAS, COMO LA HISTORIA CLÍNICA ES UN DOCUMENTO PRIVADO, ESTA SE PUEDE ENVIAR AL CORREO CUANDO USTED POR FAVOR NOS ENVÍE UNA CARTA EN LA CUAL HAGA LA SOLICITUD, DEBIDAMENTE FIRMADA Y ADJUNTANDO COPIA DE LA CÉDULA DE CIUDADANÍA AL CORREO YALIDERUIZ.ESTADISTICA@SANTASOFIA.COM.CO ATT SANTA'),
(0271, '', '', '', '', '', '', '', '', '2018-04-17 10:38:22', '2018-05-03 16:40:57', '2018-05-30 12:03:11', 2, 3, '10537770 0', 'CC', 101, 17, 532, 52, 0, 0, 'franciaeoj@gmail.com', '0', '', 1, '00000000', '', '', '2018-05-03 16:40:57: BUENAS TARDES, SEÑORA FRANCIA AGRADECEMOS SU COLABORACIÓN CON EL FIN DE SUMINISTRAR LOS DATOS PARA LA ASIGNACIÓN DE LA CITA, TODA VEZ QUE CON EL DOCUMENTO DE IDENTIDAD10537770 NO REGISTRA DATOS NI EN BASE DE DATOS NACIONAL NI EN NUESTRO PROGRAMA HOSVITAL. ATT SANTASOFIA <BR><BR>2018-05-30 12:'),
(0272, '', '', '', '', '', '', '', '', '2018-04-26 16:56:12', '0000-00-00 00:00:00', '2018-05-30 12:04:20', 4, 3, '93062140', 'CC', 18, 17, 532, 52, 0, 0, 'sanidad.epcfresno@inpec.gov.co', '0', '', 4, '800215546-5', '', '', '2018-05-30 12:04:20: GU060.1-135MANIZALES,  2  DE  MAYO  DE 2018SEÑORJOHAN MANUEL SAAVEDRA VALLEJOSANIDAD.EPCFRESNO@INPEC.GOV.COFRESNOASUNTO: RESPUESTA  A  PQR   Nº  135CORDIAL SALUDO,ME PERMITO INFORMAR  QUE EL HOSPITAL DEPARTAMENTAL UNIVERSITARIO SANTA SOFÍA DE CALDAS, HA TOMADO ATENTA NOTA DE SU MANIFESTACIÓN '),
(0273, '', '', '', '', '', '', '', '', '2018-04-27 12:01:11', '0000-00-00 00:00:00', '2018-05-30 12:05:45', 4, 3, '25076131', 'CC', 101, 17, 532, 52, 0, 0, 'cruzelenauribe@gmail.com', '0', '', 2, '800140949-6', '', '', '2018-05-30 12:05:45: GU060.1-136MANIZALES,  2  DE  MAYO  DE 2018SEÑORAANATOLIA URIBE VELASQUEZCRUZELENAURIBE@GMAIL.COMRISARALDAASUNTO: RESPUESTA  A  PQR   Nº  136CORDIAL SALUDO,ME PERMITO INFORMAR  QUE EL HOSPITAL DEPARTAMENTAL UNIVERSITARIO SANTA SOFÍA DE CALDAS, HA TOMADO ATENTA NOTA DE SU MANIFESTACIÓN Y  AGRA'),
(0274, '', '', '', '', '', '', '', '', '2018-05-30 09:52:42', '0000-00-00 00:00:00', '2020-07-09 15:37:11', 4, 3, '1053784414', 'CC', 103, 17, 532, 52, 0, 0, 'el882@hotmail.com', '0', '', 1, '901097473-5', '', '', ''),
(0275, '', '', '', '', '', '', '', '', '2018-05-30 10:26:50', '0000-00-00 00:00:00', '2020-07-09 15:37:42', 4, 3, '1053784414', 'CC', 14, 17, 532, 52, 0, 0, 'el882@hotmail.com', '0', '', 1, '901097473-5', '', '', ''),
(0276, '', '', '', '', '', '', '', '', '2018-06-05 16:39:11', '0000-00-00 00:00:00', '2018-07-05 10:04:02', 4, 3, '52441210', 'CC', 1, 17, 532, 52, 0, 0, 'gvargasabogada@gmail.com', '0', '', 1, '901097473-5', '', '', '2018-07-05 10:04:02: GU060.1-179MANIZALES, DE  6 JUNIO  DE 2018SEÑORAGISELA MARITZA  VARGAS ACOSTAGVARGASABOGADA@GMAIL.COMTELÉFONO. 3186449315ASUNTO: RESPUESTA  A  PQR   179CORDIAL SALUDO,ME PERMITO INFORMAR  QUE EL HOSPITAL DEPARTAMENTAL UNIVERSITARIO SANTA SOFÍA DE CALDAS, HA TOMADO ATENTA NOTA DE SU MANIFESTAC'),
(0277, '', '', '', '', '', '', '', '', '2018-06-16 18:32:59', '0000-00-00 00:00:00', '2018-06-19 15:37:12', 1, 3, '1389350', 'CC', 15, 17, 532, 52, 0, 0, 'luirios@hotmail.es', '0', '', 2, '901097473-5', 'fakepath20180614_140230[1].jpg', '', ''),
(0278, '', '', '', '', '', '', '', '', '2018-06-18 15:24:35', '0000-00-00 00:00:00', '2018-06-19 15:37:39', 1, 3, '1389350', 'CC', 15, 17, 532, 52, 0, 0, 'luirios@hotmail.es', '0', '', 2, '901097473-5', '', '', ''),
(0279, '', '', '', '', '', '', '', '', '2018-06-19 11:30:52', '0000-00-00 00:00:00', '2018-07-17 09:44:30', 1, 3, '4320770', 'CC', 15, 17, 532, 52, 0, 0, 'gidanielacardona@outlook.com', '0', '', 2, '901097473-5', 'fakepathdocuemento santa sofia.pdf', '', ''),
(0280, '', '', '', '', '', '', '', '', '2018-07-17 16:06:51', '0000-00-00 00:00:00', '2018-08-08 16:23:12', 1, 3, '25000037', 'CC', 18, 17, 532, 52, 0, 0, 'sec.salud@riosucio-caldas.gov.', '0', '', 2, '901097473-5', 'fakepathMaria Aleyda guapacha.pdf', '', '2018-08-08 16:23:12: BUENAS TARDESDANDO RESPUES A SU MANIFESTACION PUEDO INFORMAR QUE LA PACIENTE NO HA SIDO PROGRAMADA POR DIFICULTADES CON LA AUTORIZACION DE LOS PROCEDIMIENTOS SOLICITADOS POR EL ESPECIALISTA COMO FUE INFORMADO EN CORREO ELECTRONICO ENVIADO A LA SEÑORA MARTHA LIGIA LARGO CATAÑO, DONDE SE ESPECI'),
(0281, '', '', '', '', '', '', '', '', '2018-07-24 14:42:06', '2018-08-06 16:36:49', '2018-08-27 07:53:24', 1, 3, '4320770', 'CC', 15, 17, 532, 52, 0, 0, 'gidanielacardona@outlook.com', '0', '', 2, '901097473-5', '', '', '2018-08-06 16:36:37: BUENAS TARDES, COMO YA FUE ASIGNADA Y ATENDIDA LA CITA DE CONTROL, PARA ESTA CITA DE VALORACIÓN POR CARDIALGIA SE REQUIERE QUE POR FAVOR A TRAVÉS DE ESTE MEDIO NOS HAGA LLEGAR LA AUTORIZACIÓN DE SERVICIOS EXPEDIDA POR LA EPS MEDIMAS, A FIN DE PROCEDER A REALIZAR EL AGENDAMIENTO DE LA CITA QUE'),
(0282, '', '', '', '', '', '', '', '', '2018-08-08 21:15:26', '0000-00-00 00:00:00', '2018-09-24 16:58:23', 2, 3, '43018305', 'CC', 17, 17, 532, 52, 0, 0, 'alicona35@hotmail.com', '0', '', 4, '860011153-6', 'fakepathSaludos Sres atencion al usuario y Gerente', '', ''),
(0283, '', '', '', '', '', '', '', '', '2018-08-24 18:33:16', '2018-08-27 07:55:08', '2018-09-24 16:54:30', 2, 3, '24642945', 'CC', 99, 17, 532, 52, 0, 0, 'adrimorales0988@gmail.com', '0', '', 2, '901097473-5', '', '', '2018-08-27 07:54:58: BUENOS DÍAS, AGRADECEMOS SU MANIFESTACIÓN Y SOLICITAMOS RESPETUOSAMENTE QUE NOS ADJUNTE LA AUTORIZACIÓN DE SERVICIOS QUE EXPIDIÓ SU ASEGURADOR, ASÍ COMO LA ORDEN MÉDICA PARA LA VALORACIÓN ATT SANTASOFIA <BR><BR>2018-09-24 16:54:30: RESPUESTA ENVIADA A CORREO ATT SANTASOFIA <BR><BR>'),
(0284, '', '', '', '', '', '', '', '', '2018-10-09 09:11:16', '0000-00-00 00:00:00', '2018-10-09 12:11:05', 2, 3, '24645876', 'CC', 99, 17, 532, 52, 0, 0, 'lina25270806@hotmail.com', '0', '', 2, '901097473-5', 'fakepathAutorización Neurologia MArtha Serna.pdf', '', '2018-10-09 12:11:05: BUENOS DÍAS, CONFIRMAMOS CITA PARA EL DÍA JUEVES 25 DE OCTUBRE A LAS 2:40 PM DR JAVIER MAURICIO MEDINA NEUROLOGÍA, PACIENTE DEBE ESTAR 30 MINUTOS ANTES, TRAER CÉDULA, HISTORIA CLÍNICA Y AUTORIZACIÓN ORIGINAL CON COPIA Y VIGENTE, CANCELACIONES 24 HORAS ANTES AL TELÉFONO 8932643.NOTA: FAVOR NO '),
(0285, '', '', '', '', '', '', '', '', '2018-11-09 21:29:01', '0000-00-00 00:00:00', '2018-12-05 16:57:31', 2, 3, '25060821', 'CC', 107, 17, 532, 52, 0, 0, 'lauca_mi@hotmail.com', '0', '', 2, '817001773-3', '', '', '2018-12-05 16:57:31: GU060.1-388MANIZALES,   5  DE   DICIEMBRE  DE  2018SEÑORALUZ MEY MEJIA TREJOSLAUCA_MI@HOTMAIL.COMTELÉFONO. 3174149447ASUNTO: RESPUESTA  A  PQR   388CORDIAL SALUDO,CORDIAL SALUDOME PERMITO INFORMAR  QUE EL HOSPITAL DEPARTAMENTAL UNIVERSITARIO SANTA SOFÍA DE CALDAS, HA TOMADO ATENTA NOTA DE SU '),
(0286, '', '', '', '', '', '', '', '', '2018-11-27 22:53:15', '0000-00-00 00:00:00', '2018-12-05 17:00:06', 2, 3, '30282507', 'CC', 8, 17, 532, 52, 0, 0, 'zohecz@hotmail.com', '0', '', 1, '901097473-5', 'fakepathQueja Sta Sofia.docx', '', ''),
(0287, '', '', '', '', '', '', '', '', '2019-01-30 17:45:43', '0000-00-00 00:00:00', '2019-02-01 11:35:08', 2, 3, '1059710095', 'CC', 101, 17, 532, 52, 0, 0, 'VITREMU10@GMAIL.COM', '0', '', 2, '901097473-5', 'fakepathNuevoDocumento 2019-01-30 17.41.53.pdf', '', '2019-02-01 11:35:08: GU060.1-041MANIZALES,  1 DE  FEBRERO  DE  2019SEÑORACAROLINA TREJOS  MUÑOZVITREMU10@GMAIL.COMASUNTO: RESPUESTA  A  PQR  041CORDIAL SALUDO,ME PERMITO INFORMAR  QUE EL HOSPITAL DEPARTAMENTAL UNIVERSITARIO SANTA SOFÍA DE CALDAS, HA TOMADO ATENTA NOTA DE SU MANIFESTACIÓN Y  FUE TRASLADADA A LA CO'),
(0288, '', '', '', '', '', '', '', '', '2019-01-30 18:10:22', '0000-00-00 00:00:00', '2019-02-01 11:36:05', 2, 3, '10253222', 'CC', 101, 17, 532, 52, 0, 0, 'yuli.396@hotmail.com', '0', '', 1, '800130044-3', '', '', '2019-02-01 11:36:05: GU060.1-040MANIZALES, 1 DE  FEBRERO DE  2019SEÑORJORGE  ENRIQUE MARTINEZ GARCIAYULI.396@HOTMAIL.COMASUNTO: RESPUESTA  A  PQR  040CORDIAL SALUDO,ME PERMITO INFORMAR  QUE EL HOSPITAL DEPARTAMENTAL UNIVERSITARIO SANTA SOFÍA DE CALDAS, HA TOMADO ATENTA NOTA DE SU MANIFESTACIÓN Y  FUE TRASLADADA A'),
(0289, '', '', '', '', '', '', '', '', '2019-02-13 08:27:42', '2019-02-13 08:55:29', '2019-05-14 10:03:20', 2, 3, '79576969', 'CC', 108, 17, 532, 52, 0, 0, 'hugoalexanderd@yahoo.es', '0', '', 4, '00000000', '', '', ''),
(0290, '', '', '', '', '', '', '', '', '2019-02-13 23:08:00', '0000-00-00 00:00:00', '2019-03-13 08:17:39', 2, 3, '25173580', 'CC', 108, 17, 532, 52, 0, 0, 'paula.chica@ucaldas.edu.co', '0', '', 4, '860078828-7', '', '', ''),
(0291, '', '', '', '', '', '', '', '', '2019-03-12 21:15:07', '0000-00-00 00:00:00', '2019-03-21 16:28:10', 2, 3, '10253222', 'CC', 101, 17, 532, 52, 0, 0, 'yuli.396@hotmail.com', '0', '', 1, '800130044-3', 'fakepathSANTA SOFIA.pdf', '', '2019-03-21 16:28:10: BUENAS TARDES, SU DERECHO DE PETICIÓN HA SIDO TRASLADADO AL ÁREA JÚRIDICA DE DONDE ENVIARÁN RESPUESTA ATT SANTASOFIA <BR><BR>'),
(0292, '', '', '', '', '', '', '', '', '2019-03-15 17:28:33', '0000-00-00 00:00:00', '2019-03-26 08:21:14', 1, 3, '4320770', 'CC', 15, 17, 532, 52, 0, 0, 'gidanielacardona@outlook.com', '0', '', 2, '901097473-5', 'fakepathAUTORIZACIÓN MEDIMAS-1.pdf', '', '2019-03-26 08:21:14: GU060.1-112MANIZALES, 26  DE  MARZO   DE  2019SEÑORERNESTO  CARDONA LEONGIDANIELACARDONA@OUTLOOK.COMASUNTO: RESPUESTA  A  PQR  112CORDIAL SALUDO,ME PERMITO INFORMAR  QUE EL HOSPITAL DEPARTAMENTAL UNIVERSITARIO SANTA SOFÍA DE CALDAS, HA TOMADO ATENTA NOTA DE SU MANIFESTACIÓN Y  FUE TRASLADADA '),
(0293, '', '', '', '', '', '', '', '', '2019-04-04 10:36:40', '0000-00-00 00:00:00', '2019-04-04 14:53:42', 2, 3, '42126826', 'CC', 13, 17, 532, 52, 0, 0, 'luisaleon6978@gmail.com', '0', '', 2, '901097473-5', '', '', ''),
(0294, '', '', '', '', '', '', '', '', '2019-04-24 11:48:50', '0000-00-00 00:00:00', '2019-06-07 14:19:46', 4, 3, '1056302276', 'CC', 6, 17, 532, 52, 0, 0, 'julianasotohenao@gmail.com', '0', '', 2, '00000000', '', '', ''),
(0295, '', '', '', '', '', '', '', '', '2019-04-29 21:30:53', '0000-00-00 00:00:00', '2019-06-07 14:20:10', 2, 3, '2457062', 'CC', 99, 17, 532, 52, 0, 0, 'marleytoro@hotmail.com', '0', '', 2, '901097473-5', 'fakepathIMG_20190429_204745.jpg', '', ''),
(0296, '', '', '', '', '', '', '', '', '2019-06-07 10:43:04', '0000-00-00 00:00:00', '2019-06-17 14:11:33', 1, 3, '1053790004', 'CC', 101, 17, 532, 52, 0, 0, 'juanepipes@gmail.com', '0', '', 2, '901097473-5', 'fakepathCITA NEUROLOGIA.pdf', '', '2019-06-17 14:11:33: LA RESPUESTA FUE DADA VIA TELEFÓNICA ASÍ:CITA ASIGNADA PARA EL DÍA 12 DE JUNIO A LAS 9:40 CON EL DOCTOR JAVIER MAURICIO MEDINA. SE INFORMA VÍA TELEFÓNICA A HIJO DE PACIENTE. ATT SANTASOFIA <BR><BR>'),
(0297, '', '', '', '', '', '', '', '', '2019-07-22 18:34:54', '0000-00-00 00:00:00', '2019-08-08 16:49:10', 5, 3, '1216762', 'CC', 6, 17, 532, 52, 0, 0, 'andreagiraldo193@gmail.com', '0', '', 2, '830074184-5', '', '', '2019-08-08 16:49:10: BUENAS TARDES CITA DE CONTROL POSTOPERATORIO ASIGNADA PARA EL DÍA 10 DE AGOSTO A LAS 10:30 A.M CON EL DOCTOR KEVIN FERNANDO MONTOYA. ATT SANTASOFIA <BR><BR>'),
(0298, '', '', '', '', '', '', '', '', '2019-08-07 11:04:48', '0000-00-00 00:00:00', '2019-09-09 11:09:25', 1, 3, '4320770', 'CC', 15, 17, 532, 52, 0, 0, 'gidanielacardona@outlook.com', '0', '', 2, '901097473-5', 'fakepathdocumentos Ernesto Cardona león.pdf', '', '2019-09-09 11:09:25: ME PERMITO INFORMAR  QUE EL HOSPITAL DEPARTAMENTAL UNIVERSITARIO SANTA SOFÍA DE CALDAS, HA TOMADO ATENTA NOTA DE SU MANIFESTACIÓN Y  FUE TRASLADADA A LA COORDINACIÓN DEL CENTRO DE ESPECIALISTAS PARA  SU ANÁLISIS Y TOMA DE DECISIONES.UNA VEZ ANALIZADA LA MANIFESTACIÓN LA COORDINADORA DOCTORA Z'),
(0299, '', '', '', '', '', '', '', '', '2019-09-04 15:43:07', '0000-00-00 00:00:00', '2019-11-25 13:02:16', 1, 3, '41593889', 'CC', 103, 17, 532, 52, 0, 0, 'silviojrher@hotmail.com', '0', '', 4, '800251440-6', '', '', '2019-11-25 13:02:16: BUENAS TARDES, ESPERAMOS QUE NO SE HUBIERA VUELTO A PRESENTAR MENSAJES EN SU NÚMERO CELULAR QUE TUVIERA RELACIÓN CON EL SEÑOR VICTOR ALFONSO GIRALDO U OTRO PACIENTE DIFERENTE A USTED.AGRADECEMOS SU MANIFESTACIÓN Y SE TOMARON LOS CORRECTIVOS PERTINENTES ATT SANTASOFIA <BR><BR>'),
(0300, '', '', '', '', '', '', '', '', '2019-09-16 13:43:29', '0000-00-00 00:00:00', '2020-07-09 15:35:26', 1, 3, '30297177', 'CC', 101, 17, 532, 52, 0, 0, 'ndsramirez65@gmail.com', '0', '', 1, '800251440-6', '', '', ''),
(0301, '', '', '', '', '', '', '', '', '2019-09-25 14:50:05', '0000-00-00 00:00:00', '2020-07-09 15:38:34', 5, 3, '24726663', 'CC', 99, 17, 532, 52, 0, 0, 'crestrepo11@gmail.com', '0', '', 2, '901097473-5', '', '', ''),
(0302, '', '', '', '', '', '', '', '', '2019-10-31 23:28:04', '0000-00-00 00:00:00', '2019-11-25 13:23:41', 3, 3, '1024514857', 'CC', 22, 17, 532, 52, 0, 0, 'Riardo.org@hotmail.com', '0', '', 4, '00000000', 'fakepathinbound3296582339982398027.jpg', '', '2019-11-25 13:23:41: BUENAS TARDES SEÑOR RICARDO, AGRADECEMOS SU MANIFESTACIÓN Y DESEAMOS INFORMARLE QUE COMO SU MANIFESTACIÓN RECIBIMOS VARIAS EN EL MISMO SENTIDO DE UN SEÑOR DE NOMBRE TADEO JIMÉNEZ QUIEN EN REDES SOCIALES MANIFIESTA TRABAJAR EN ESTA INSTITUCIÓN, PERO DESPUÉS DE REALIZAR REVISIÓN DE NUESTRA BASE'),
(0303, '', '', '', '', '', '', '', '', '2019-11-03 18:32:14', '0000-00-00 00:00:00', '2019-11-25 13:25:37', 3, 3, '123340000', 'CC', 17, 17, 532, 52, 0, 0, 'Sostranseguros@gmail.com', '0', '', 4, '830113831-0', 'fakepathinbound5786563700366828089.jpg', '', '2019-11-25 13:25:37: BUENAS TARDES, AGRADECEMOS SU MANIFESTACIÓN Y DESEAMOS INFORMARLE QUE COMO SU MANIFESTACIÓN RECIBIMOS VARIAS EN EL MISMO SENTIDO DE UN SEÑOR DE NOMBRE TADEO JIMÉNEZ QUIEN EN REDES SOCIALES MANIFIESTA TRABAJAR EN ESTA INSTITUCIÓN, PERO DESPUÉS DE REALIZAR REVISIÓN DE NUESTRA BASE DE DATOS DE C'),
(0304, '', '', '', '', '', '', '', '', '2019-11-25 15:10:29', '0000-00-00 00:00:00', '2020-02-03 13:54:33', 4, 3, '1053784414', 'CC', 106, 17, 532, 52, 0, 0, 'el882@hotmail.com', '0', '', 1, '860026518-6', '', '', ''),
(0305, '', '', '', '', '', '', '', '', '2019-11-25 16:11:33', '0000-00-00 00:00:00', '2020-07-09 15:38:59', 1, 3, '1053784414', 'CC', 106, 17, 532, 52, 0, 0, 'el882@hotmail.com', '0', '', 1, '860026518-6', '', '', ''),
(0306, '', '', '', '', '', '', '', '', '2019-11-25 16:28:11', '0000-00-00 00:00:00', '2020-07-09 15:39:24', 4, 3, '1053784414', 'CC', 106, 17, 532, 52, 0, 0, 'el882@hotmail.com', '0', '', 1, '860026518-6', '', '', ''),
(0307, '', '', '', '', '', '', '', '', '2019-11-25 16:42:35', '0000-00-00 00:00:00', '2020-07-09 15:39:38', 4, 3, '1053784414', 'CC', 106, 17, 532, 52, 0, 0, 'el882@hotmail.com', '0', '', 1, '00000000', '', '', ''),
(0308, '', '', '', '', '', '', '', '', '2020-01-13 14:05:36', '0000-00-00 00:00:00', '2020-02-03 14:00:08', 2, 3, '32558117', 'CC', 108, 17, 532, 52, 0, 0, 'olgajarenas70@gmail.com', '0', '', 1, '00000000', '', '', ''),
(0309, '', '', '', '', '', '', '', '', '2020-01-15 14:00:42', '0000-00-00 00:00:00', '2020-02-03 14:01:18', 2, 3, '30412256', 'CC', 106, 17, 532, 52, 0, 0, 'anglik2804@hotmail.com', '0', '', 1, '890801099-5', '', '', ''),
(0310, '', '', '', '', '', '', '', '', '2020-01-25 00:27:13', '0000-00-00 00:00:00', '2020-07-09 15:40:57', 1, 3, '30301948', 'CC', 7, 17, 532, 52, 0, 0, 'uluz1003@gmail.com', '0', '', 1, '800130907-4', 'fakepathpeticion Santa Sofia.doc', '', ''),
(0311, '', '', '', '', '', '', '', '', '2020-01-31 14:54:02', '0000-00-00 00:00:00', '2020-02-25 07:18:44', 1, 3, '1053769965', 'CC', 107, 17, 532, 52, 0, 0, 'casadrian@hotmail.com', '0', '', 1, '901097473-5', '', '', ''),
(0312, '', '', '', '', '', '', '', '', '2020-02-11 11:52:15', '0000-00-00 00:00:00', '2020-02-11 13:41:45', 2, 3, 'NO  ', 'CC', 108, 17, 532, 52, 0, 0, 'montesgiraldocesar@gmail.com', '0', '', 4, '00000000', '', '', '2020-02-11 13:41:45: BUENAS TARDES SEÑOR CESAR MONTES, SU MANIFESTACIÓN HA SIDO TRASLADADA AL PROCESO DE GESTIÓN Y ADMINISTRACIÓN DEL TALENTO HUMANO, ENCARGADOS DE DAR TRÁMITE A LAS MANIFESTACIONES DE USUARIOS INTERNOS.  SERÁN ELLOS QUIENES DEN RESPUESTA A SU QUEJA. ATT SANTASOFIA <BR><BR>'),
(0313, '', '', '', '', '', '', '', '', '2020-03-05 08:30:32', '0000-00-00 00:00:00', '2020-07-09 15:41:36', 5, 3, 'NO', 'CC', 108, 17, 532, 52, 0, 0, 'montesgiraldocesar@gmail.com', '0', '', 4, '00000000', '', '', ''),
(0314, '', '', '', '', '', '', '', '', '2020-03-05 08:31:15', '0000-00-00 00:00:00', '2020-07-09 15:42:06', 5, 3, 'N.O', 'CC', 108, 17, 532, 52, 0, 0, 'montesgiraldocesar@gmail.com', '0', '', 4, '00000000', '', '', ''),
(0315, '', '', '', '', '', '', '', '', '2020-03-05 08:31:51', '0000-00-00 00:00:00', '2020-03-12 13:43:04', 5, 3, 'N/A', 'CC', 108, 17, 532, 52, 0, 0, 'montesgiraldocesar@gmail.com', '0', '', 4, '00000000', '', '', ''),
(0316, '', '', '', '', '', '', '', '', '2020-03-05 08:32:48', '0000-00-00 00:00:00', '2020-07-09 15:44:10', 5, 3, '-', 'CC', 108, 17, 532, 52, 0, 0, 'montesgiraldocesar@gmail.com', '0', '', 4, '00000000', '', '', ''),
(0317, '', '', '', '', '', '', '', '', '2020-03-16 12:57:00', '0000-00-00 00:00:00', '2020-07-09 15:44:58', 3, 3, '555555', 'CC', 2, 17, 532, 52, 0, 0, 'aaa@gmail.com', '0', '', 4, '00000000', '', '', ''),
(0318, '', '', '', '', '', '', '', '', '2020-04-06 10:35:00', '0000-00-00 00:00:00', '2020-07-09 15:57:15', 1, 3, '4306336', 'CC', 101, 17, 532, 52, 0, 0, 'd.molina.cencis@gmail.com', '0', '', 2, '901097473-5', '', '', ''),
(0319, '', '', '', '', '', '', '', '', '2020-04-13 14:09:16', '2020-07-09 15:58:14', '2021-04-06 12:40:21', 1, 3, '24865902', 'CC', 108, 17, 532, 52, 0, 0, 'Karlozazuz@gmail.com', '0', '', 4, '00000000', '', '', ''),
(0320, '', '', '', '', '', '', '', '', '2020-05-14 12:31:14', '0000-00-00 00:00:00', '2020-07-14 07:39:36', 1, 3, '75073631', 'CC', 1, 17, 532, 52, 0, 0, 'jorgehernanaguirre74@gmail.com', '0', '', 4, '00000000', 'fakepathderecho de peticion DTSC y Santa Sofia.pdf', '', ''),
(0321, '', '', '', '', '', '', '', '', '2020-05-14 12:34:07', '2020-07-14 07:45:16', '2021-04-06 12:40:47', 1, 3, '75073631', 'CC', 13, 17, 532, 52, 0, 0, 'jorgehernanaguirre74@gmail.com', '0', '', 4, '00000000', 'fakepathderecho de peticion DTSC y Santa Sofia.pdf', '', ''),
(0322, '', '', '', '', '', '', '', '', '2020-06-09 07:56:57', '0000-00-00 00:00:00', '2020-07-14 07:40:53', 1, 3, '15956748', 'CC', 101, 17, 532, 52, 0, 0, 'n.lopez.cencis@gmail.com', '0', '', 2, '901097473-5', 'fakepathFEDERICO NARANJO NOREÑA.pdf', '', '2020-07-14 07:40:53: GU060.1MANIZALES,  13 DE  JULIO DE  2020SEÑORFEDERICO NARANJO NOREÑAN.LOPEZ.CENSIS@GMAIL.COMRIOSUCIO - CALDASASUNTO: RESPUESTA  A  PQR  221CORDIAL SALUDO,ME PERMITO INFORMAR  QUE EL HOSPITAL DEPARTAMENTAL UNIVERSITARIO SANTA SOFÍA DE CALDAS, HA TOMADO ATENTA NOTA DE SU MANIFESTACIÓN Y HA SIDO'),
(0323, '', '', '', '', '', '', '', '', '2020-07-06 09:23:07', '0000-00-00 00:00:00', '2020-07-14 07:44:51', 2, 3, '17866473', 'CC', 101, 17, 532, 52, 0, 0, 'n.lopez.cencis@gmail.com', '0', '', 1, '817001773-3', 'fakepathWhatsApp Image 2020-06-30 at 9.57.56 AM (1', '', '2020-07-14 07:44:51: GU060.1MANIZALES,  13 DE  JULIO DE  2020SEÑORJOSÉ SERAFIN REYES LARGON.LOPEZ.CENSIS@GMAIL.COMRIOSUCIO - CALDASASUNTO: RESPUESTA  A  PQR  218CORDIAL SALUDO,ME PERMITO INFORMAR  QUE EL HOSPITAL DEPARTAMENTAL UNIVERSITARIO SANTA SOFÍA DE CALDAS, HA TOMADO ATENTA NOTA DE SU MANIFESTACIÓN Y HA SID'),
(0324, '', '', '', '', '', '', '', '', '2020-07-06 09:28:31', '0000-00-00 00:00:00', '2020-07-14 07:38:50', 2, 3, '24722770', 'CC', 101, 17, 532, 52, 0, 0, 'n.lopez.cencis@gmail.com', '0', '', 1, '901097473-5', 'fakepathWhatsApp Image 2020-06-26 at 10.21.32 AM.j', '', '2020-07-14 07:38:50: GU060.1MANIZALES,  13 DE  JULIO DE  2020SEÑORAMARÍA DIOSELINA MARULANDA DE HERRERAN.LOPEZ.CENSIS@GMAIL.COMRIOSUCIO - CALDASASUNTO: RESPUESTA  A  PQR  219CORDIAL SALUDO,ME PERMITO INFORMAR  QUE EL HOSPITAL DEPARTAMENTAL UNIVERSITARIO SANTA SOFÍA DE CALDAS, HA TOMADO ATENTA NOTA DE SU MANIFESTA'),
(0325, '', '', '', '', '', '', '', '', '2020-07-09 08:14:17', '0000-00-00 00:00:00', '2020-07-14 07:45:41', 2, 3, '17866473', 'CC', 101, 17, 532, 52, 0, 0, 'n.lopez.cencis@gmail.com', '0', '', 1, '817001773-3', 'fakepathWhatsApp Image 2020-06-30 at 9.57.56 AM (2', '', '2020-07-14 07:45:41: GU060.1MANIZALES,  13 DE  JULIO DE  2020SEÑORJOSÉ SERAFIN REYES LARGON.LOPEZ.CENSIS@GMAIL.COMRIOSUCIO - CALDASASUNTO: RESPUESTA  A  PQR  218CORDIAL SALUDO,ME PERMITO INFORMAR  QUE EL HOSPITAL DEPARTAMENTAL UNIVERSITARIO SANTA SOFÍA DE CALDAS, HA TOMADO ATENTA NOTA DE SU MANIFESTACIÓN Y HA SID'),
(0326, '', '', '', '', '', '', '', '', '2020-07-09 08:44:28', '0000-00-00 00:00:00', '2020-07-14 07:50:17', 2, 3, '24722770', 'CC', 101, 17, 532, 52, 0, 0, 'n.lopez.cencis@gmail.com', '0', '', 1, '901097473-5', 'fakepathWhatsApp Image 2020-06-26 at 10.21.32 AM (', '', '2020-07-14 07:50:17: GU060.1MANIZALES,  13 DE  JULIO DE  2020SEÑORAMARÍA DIOSELINA MARULANDA DE HERRERAN.LOPEZ.CENSIS@GMAIL.COMRIOSUCIO - CALDASASUNTO: RESPUESTA  A  PQR  219CORDIAL SALUDO,ME PERMITO INFORMAR  QUE EL HOSPITAL DEPARTAMENTAL UNIVERSITARIO SANTA SOFÍA DE CALDAS, HA TOMADO ATENTA NOTA DE SU MANIFESTA'),
(0327, '', '', '', '', '', '', '', '', '2020-07-09 08:50:40', '0000-00-00 00:00:00', '2020-07-14 07:58:41', 2, 3, '24627636', 'CC', 101, 17, 532, 52, 0, 0, 'n.lopez.cencis@gmail.com', '0', '', 2, '901097473-5', 'fakepathWhatsApp Image 2020-07-08 at 3.12.48 PM (1', '', '2020-07-14 07:58:41: GU060.1MANIZALES,  13 DE  JULIO DE  2020SEÑORAMARÍA CONSTANZA JIMÉNEZ GALLEGON.LOPEZ.CENSIS@GMAIL.COMRIOSUCIO - CALDASASUNTO: RESPUESTA  A  PQR  220CORDIAL SALUDO,ME PERMITO INFORMAR  QUE EL HOSPITAL DEPARTAMENTAL UNIVERSITARIO SANTA SOFÍA DE CALDAS, HA TOMADO ATENTA NOTA DE SU MANIFESTACIÓN '),
(0328, '', '', '', '', '', '', '', '', '2020-07-09 10:12:40', '0000-00-00 00:00:00', '2020-07-14 08:20:23', 2, 3, '15956748', 'CC', 101, 17, 532, 52, 0, 0, 'n.lopez.cencis@gmail.com', '0', '', 2, '901097473-5', '', '', '2020-07-14 08:20:23: GU060.1MANIZALES,  13 DE  JULIO DE  2020SEÑORFEDERICO NARANJO NOREÑAN.LOPEZ.CENSIS@GMAIL.COMRIOSUCIO - CALDASASUNTO: RESPUESTA  A  PQR  221CORDIAL SALUDO,ME PERMITO INFORMAR  QUE EL HOSPITAL DEPARTAMENTAL UNIVERSITARIO SANTA SOFÍA DE CALDAS, HA TOMADO ATENTA NOTA DE SU MANIFESTACIÓN Y HA SIDO'),
(0329, '', '', '', '', '', '', '', '', '2020-07-10 16:21:57', '0000-00-00 00:00:00', '2020-07-23 11:58:44', 1, 3, '43613253', 'CC', 108, 17, 532, 52, 0, 0, 'criscasisa@hotmail.com', '0', '', 1, '800.130.907', '', '', ''),
(0330, '', '', '', '', '', '', '', '', '2020-07-16 10:48:23', '0000-00-00 00:00:00', '2020-07-16 12:02:23', 2, 3, '15956748', 'CC', 101, 17, 532, 52, 0, 0, 'n.lopez.cencis@gmail.com', '0', '', 2, '901097473-5', 'fakepathWhatsApp Image 2020-07-13 at 11.01.49 AM (', '', '2020-07-16 12:02:23: GU060.1MANIZALES,  16 DE  JULIO DE  2020SEÑORFEDERICO NARANJO NOREÑAN.LOPEZ.CENSIS@GMAIL.COMRIOSUCIO - CALDASASUNTO: RESPUESTA  A  PQR  221CORDIAL SALUDO,ME PERMITO INFORMAR  QUE EL HOSPITAL DEPARTAMENTAL UNIVERSITARIO SANTA SOFÍA DE CALDAS, HA TOMADO ATENTA NOTA DE SU MANIFESTACIÓN Y HA SIDO'),
(0331, '', '', '', '', '', '', '', '', '2020-07-23 10:31:15', '2020-07-23 11:16:27', '2021-04-06 12:42:17', 1, 3, '75091440', 'CC', 108, 17, 532, 52, 0, 0, 'camiloggb@gmail.com', '0', '', 4, '00000000', 'fakepathDERECHO DE PETICION NUEVO SANTA SOFIA JULI', '', ''),
(0332, '', '', '', '', '', '', '', '', '2020-07-23 10:33:10', '0000-00-00 00:00:00', '2020-08-03 13:54:49', 2, 3, '1053852704', 'CC', 7, 17, 532, 52, 0, 0, 'mvsolorzanog@unal.edu.co', '0', '', 2, '901097473-5', '', '', ''),
(0333, '', '', '', '', '', '', '', '', '2020-07-23 10:36:06', '0000-00-00 00:00:00', '2020-08-03 13:55:06', 2, 3, '1053852704', 'CC', 7, 17, 532, 52, 0, 0, 'mvsolorzanog@unal.edu.co', '0', '', 2, '901097473-5', '', '', ''),
(0334, '', '', '', '', '', '', '', '', '2020-08-24 09:21:12', '0000-00-00 00:00:00', '2020-08-24 14:43:02', 2, 3, '17866473', 'CC', 99, 17, 532, 52, 0, 0, 'n.lopez.cencis@gmail.com', '0', '', 1, '817001773-3', 'fakepathWhatsApp Image 2020-08-24 at 8.52.50 AM (1', '', '2020-08-24 14:43:02: BUENAS TARDES, PARA LA ASIGNACIÓN DE LA CITA DEBE COMUNICARSE POR FAVOR AL TELÉFONO 8879200 EXTENSIÓN 616, EN DONDE LE ASIGNARÁN LA CITA QUE REQUIERE ATT SANTASOFIA <BR><BR>'),
(0335, '', '', '', '', '', '', '', '', '2020-09-23 13:51:38', '0000-00-00 00:00:00', '2020-10-14 11:04:00', 1, 3, '1112766631', 'CC', 7, 17, 532, 52, 0, 0, 'andrealopezmorales23@gmail.com', '0', '', 1, '901097473-5', '', '', ''),
(0336, '', '', '', '', '', '', '', '', '2020-10-09 09:34:04', '0000-00-00 00:00:00', '2021-04-06 12:41:10', 1, 3, '24325973', 'CC', 99, 17, 532, 52, 0, 0, 'clauscaroanzola@gmail.com', '0', '', 1, '901097473-5', 'fakepathSolicitud interconsulta1.jpeg', '', ''),
(0337, '', '', '', '', '', '', '', '', '2020-10-14 08:51:40', '0000-00-00 00:00:00', '2020-10-20 15:40:26', 1, 3, '18604979', 'CC', 4, 17, 532, 52, 0, 0, 'ramirezcdaniela@gmail.com', '0', '', 2, '817000248-3', '', '', '2020-10-20 15:40:26: RESPUESTA ENVIADA A TRAVÉS DE CORREO ATT SANTASOFIA <BR><BR>'),
(0338, '', '', '', '', '', '', '', '', '2020-10-16 07:16:32', '0000-00-00 00:00:00', '2020-10-20 15:39:56', 1, 3, '18604979', 'CC', 104, 17, 532, 52, 0, 0, 'ramirezcdaniela@gmail.com', '0', '', 2, '817000248 3', 'fakepathdocumentos.pdf', '', '2020-10-20 15:39:56: RESPUESTA SE ENVÍA A TRAVÉS DE CORREO ELECTRÓNICO ATT SANTASOFIA <BR><BR>'),
(0339, '', '', '', '', '', '', '', '', '2020-10-16 07:17:46', '0000-00-00 00:00:00', '2020-10-16 07:29:45', 1, 3, '25200984', 'CC', 104, 17, 532, 52, 0, 0, 'ramirezcdaniela@gmail.com', '0', '', 2, '817000248 3', 'fakepathdocumentos.pdf', '', '2020-10-16 07:29:45: BUENOS DÍAS SU DERECHO DE PETICIÓN FUE TRASLADADO AL PROCESO DE JURÍDICA Y DESDE ALLÍ SE DARA SU RESPUESTA ATT SANTASOFIA <BR><BR>'),
(0340, '', '', '', '', '', '', '', '', '2020-10-16 07:19:09', '0000-00-00 00:00:00', '2020-10-16 07:31:03', 1, 3, '1088034837', 'CC', 104, 17, 532, 52, 0, 0, 'ramirezcdaniela@gmail.com', '0', '', 4, '00000000', 'fakepathdocumentos.pdf', '', '2020-10-16 07:31:03: SU DERECHO DE PETICIÓN FUE TRASLADADA AL PROCESO DE JURIDICA ATT SANTASOFIA <BR><BR>'),
(0341, '', '', '', '', '', '', '', '', '2020-10-20 16:13:49', '0000-00-00 00:00:00', '2020-12-30 12:58:38', 1, 3, '10260408', 'CC', 108, 17, 532, 52, 0, 0, 'veeduriainterdisciplinaria@gma', '0', '', 2, '00000000', 'fakepathDERECHO DE PETICION SANTA SOFÍA 2.pdf', '', ''),
(0342, '', '', '', '', '', '', '', '', '2020-10-26 17:07:03', '0000-00-00 00:00:00', '2020-10-27 12:23:40', 6, 3, '1144029599', 'CC', 7, 17, 532, 52, 0, 0, 'maritzagarcia539@gmail.com', '0', '', 4, '860002400-2', '', '', ''),
(0343, '', '', '', '', '', '', '', '', '2020-10-26 17:12:13', '0000-00-00 00:00:00', '2020-10-27 12:23:59', 6, 3, '1144029599', 'CC', 2, 17, 532, 52, 0, 0, 'maritzagarcia539@gmail.com', '0', '', 4, '860002400-2', '', '', ''),
(0344, '', '', '', '', '', '', '', '', '2020-11-11 06:30:11', '0000-00-00 00:00:00', '2020-12-03 12:45:53', 1, 3, '24325973', 'CC', 99, 17, 532, 52, 0, 0, 'clauscaroanzola@gmail.com', '0', '', 1, '901097473-5', 'fakepathHistoria Clinica de fecha 23 de octubre 20', '', ''),
(0345, '', '', '', '', '', '', '', '', '2020-12-03 11:48:45', '0000-00-00 00:00:00', '2020-12-30 13:17:28', 2, 3, '24627636', 'CC', 99, 17, 532, 52, 0, 0, 'n.lopez.cencis@gmail.com', '0', '', 2, '901097473-5', 'fakepathWhatsApp Image 2020-11-20 at 2.07.01 PM (2', '', '2020-12-30 13:17:28: BUENAS TARDES, LA ASIGNACIÓN DE CITAS DEBE SOLICITARSE AL TELÉFONO 8879200 EXTENSIÓN 616. EN EL MOMENTO SE ESTÁ HACIENDO ASIGNACIÓN DE CITAS MÉDICAS.LUNES A JUEVES DE 7 A 4 . VIERNES DE 7 A 3 ATT SANTASOFIA <BR><BR>'),
(0346, '', '', '', '', '', '', '', '', '2021-02-09 15:37:08', '0000-00-00 00:00:00', '2021-02-12 15:29:28', 1, 3, ' 4345399', 'CC', 99, 17, 532, 52, 0, 0, 'saludpublica.epcanserma@inpec.', '0', '', 2, '800215546-5', 'fakepath\03.-REF JAVIER DE JESUS GARCIA MUÑOZ CC 47', '', ''),
(0347, '', '', '', '', '', '', '', '', '2021-02-10 11:23:48', '0000-00-00 00:00:00', '2021-02-12 15:07:23', 2, 3, '75095133', 'CC', 13, 17, 532, 52, 0, 0, 'damiangarcia877@hotmail.com', '0', '', 1, '901097473-5', 'fakepathEcografia Hospital Santa Sofia Damian Garc', '', ''),
(0348, '', '', '', '', '', '', '', '', '2021-02-19 00:08:36', '2021-03-04 09:59:01', '2021-03-04 10:00:10', 1, 3, '24742126', 'CC', 108, 17, 532, 52, 0, 0, 'anmacas14@yahoo.es', '0', '', 4, '900156264-2', 'fakepathCamScanner 02-18-2021 23.58_1.pdf', '', '2021-02-19 10:14:43: BUENOS DÍAS, POR FAVOR ENVIAR CARTA DIRIGIDA A TESORERIA DEL HOSPITAL, A LOS CORREOS VENTANILLAUNICA@SANTASOFIA.COM.CO Y AUSUARIO@SANTASOFIA.COM.CO INDICANDO LO QUE USTED MENCIONA EN SU PETICIÓN, Y DE ESTA MANERA SE DA TRÁMITE PARA REALIZAR LA DEVOLUCIÓN DE SU DINERO. ATT SANTASOFIA <BR><BR>2'),
(0349, '', '', '', '', '', '', '', '', '2021-03-05 14:56:58', '0000-00-00 00:00:00', '2021-03-09 10:48:46', 2, 3, '33991460', 'CC', 107, 17, 532, 52, 0, 0, 'mariamgi6@hotmail.com', '0', '', 1, '00000000', 'fakepath157603831_1108582732944758_467603500049773', '', '2021-03-09 10:48:46: BUENOS DÍAS, AGRADEZCO POR FAVOR QUE ENVÍE UNA AUTORIZACIÓN UN POCO MÁS CLARA, DADO QUE LA QUE ADJUNTA NO ES VISIBLE Y LA REQUERIMOS PARA DEFINIR CON EL MÉDICO ESPECIALISTA SI SE REALIZA O NO DEBIDO A LA EDAD DE LA PACIENTE.GRACIAS ATENTA AL ENVÍO. ATT SANTASOFIA <BR><BR>'),
(0350, '', '', '', '', '', '', '', '', '2021-03-05 22:18:39', '0000-00-00 00:00:00', '2021-04-14 18:52:23', 2, 3, '1060655395', 'CC', 106, 17, 532, 52, 0, 0, 'manuelita.c1@hotmail.com', '0', '', 1, '901097473-5', '', '', ''),
(0351, '', '', '', '', '', '', '', '', '2021-03-09 15:50:32', '0000-00-00 00:00:00', '2021-03-10 10:52:47', 1, 3, '34001528', 'CC', 108, 17, 532, 52, 0, 0, 'ingenieroalfonso@hotmail.com', '0', '', 4, '00000000', '', '', '2021-03-10 10:52:47: BUENOS DÍAS, SU SOLICITUD HA SIDO DIRECCIONADA AL PROCESO DE TALENTO HUMANO PARA QUE DESDE ALLÍ SE DÉ RESPUESTA. ATT SANTASOFIA <BR><BR>'),
(0352, '', '', '', '', '', '', '', '', '2021-03-09 16:18:28', '0000-00-00 00:00:00', '2021-03-23 15:45:40', 1, 3, '243895', 'CE', 108, 17, 532, 52, 0, 0, 'danimazzi@yahoo.com', '0', '', 4, '00000000', '', '', '2021-03-23 15:45:40: BUENAS TARDES SEÑORA DANIELA MAZZINO , EN RESPUESTA A SU SOLICITUD EL HOSPITAL LE INFORMA QUE SE BUSCÓ LA HISTORIA CLINICA CORRESPONDIENTE AL SEÑOR FERNANDO BERNAL BERNAL Y NO SE ENCUENTRA REGISTRO DE ATENCIÓN, POSIBLEMENTE POR EL TIEMPO DE CONSERVACIÓN DE LA HISTORIA CLINICA LO CUAL ESTÁ EST'),
(0353, '', '', '', '', '', '', '', '', '2021-03-10 12:19:58', '0000-00-00 00:00:00', '2021-04-06 15:57:01', 2, 3, '1046911802', 'CC', 2, 17, 532, 52, 0, 0, 'mavila.1027@hotmail.com', '0', '', 1, '00000000', 'fakepathGUSTAVO.jpg', '', '2021-04-06 15:57:01: GU060.1MANIZALES,  06 DE   ABRIL DE  2021SEÑORGUSTAVO ADOLFO MUÑOZ HURTADOMAVILA.1027@HOTMAIL.COMLA DORADAASUNTO: RESPUESTA  A  PQR  165ME PERMITO INFORMAR  QUE EL HOSPITAL DEPARTAMENTAL UNIVERSITARIO SANTA SOFÍA DE CALDAS, HA TOMADO ATENTA NOTA DE SU MANIFESTACIÓN Y  HA SIDO TRASLADADA A LA '),
(0354, '', '', '', '', '', '', '', '', '2021-03-24 14:40:25', '0000-00-00 00:00:00', '2021-04-14 18:53:57', 2, 3, '16402054', 'CC', 7, 17, 532, 52, 0, 0, 'Diacotrejossaray@hotmail.com ', '0', '', 1, '901097473-5', '', '', ''),
(0355, '', '', '', '', '', '', '', '', '2021-04-04 10:58:01', '0000-00-00 00:00:00', '0000-00-00 00:00:00', 2, 1, '30311931', 'CC', 2, 17, 532, 52, 0, 0, 'olgalu1305@gmail.con', '0', '', 1, '900156264-2', 'fakepathEl servicio de la sala sur no es bueno.doc', '', ''),
(0356, '', '', '', '', '', '', '', '', '2021-04-09 18:54:11', '0000-00-00 00:00:00', '0000-00-00 00:00:00', 1, 1, '24838014', 'CC', 18, 17, 532, 52, 0, 0, 'Coke9412@hotmail.com', '0', '', 2, '901097473-5', 'fakepathC16298BD-B041-4929-B123-1BCCBFF6D048.jpeg', '', ''),
(0357, '', '', '', '', '', '', '', '', '2021-04-17 11:58:29', '0000-00-00 00:00:00', '0000-00-00 00:00:00', 2, 1, '1059813104', 'CC', 104, 17, 532, 52, 0, 0, 'aseguramiento@salamina-caldas.', '0', '', 2, '900156264-2', '', '', ''),
(0358, '', '', '', '', '', '', '', '', '2021-04-18 07:02:05', '0000-00-00 00:00:00', '0000-00-00 00:00:00', 2, 1, '1054990461', 'CC', 7, 17, 532, 52, 0, 0, 'mvanegas061@gmail.com', '0', '', 2, '901097473-5', '', '', '');
INSERT INTO `peticion` (`codigo`, `radicado`, `consecutivo`, `primerNombre`, `segundoNombre`, `primerApellido`, `segundoApellido`, `nomCompleto`, `direccion`, `fechaPet`, `fecha_tramite`, `fechaRespuesta`, `tipoManifestacion`, `estado`, `documento`, `tipoDoc`, `servicio`, `departamento`, `municipio`, `pais`, `telFijo`, `telMovil`, `email`, `nit`, `razonSocial`, `regimen`, `asegurador`, `archivo`, `medioRespuesta`, `contenido`) VALUES
(0359, '', '', '', '', '', '', '', '', '2021-04-19 09:01:24', '0000-00-00 00:00:00', '0000-00-00 00:00:00', 6, 1, '10271134', 'CC', 106, 17, 532, 52, 0, 0, 'edgargc65@hotmail.com', '0', '', 4, '899999063-3', '', '', ''),
(0360, '', '', '', '', '', '', '', '', '2021-04-21 13:11:35', '0000-00-00 00:00:00', '0000-00-00 00:00:00', 1, 1, '2659503', 'CC', 7, 17, 532, 52, 0, 0, 'mvanegas061@gmail.com', '0', '', 2, '901097473-5', '', '', ''),
(0361, '', '', '', '', '', '', '', '', '2021-04-21 21:49:44', '0000-00-00 00:00:00', '0000-00-00 00:00:00', 2, 1, '30383022', 'CC', 8, 17, 532, 52, 0, 0, 'albanoragonzalez@gmail.com', '0', '', 1, '901097473-5', '', '', ''),
(0362, 'MPW036221', '', 'andres', 'jorge', 'moreno', 'alvarez', 'andres jorge moreno alvarez', 'carrera 8 18-31', '2021-06-08 11:35:33', '2021-06-08 11:35:33', '0000-00-00 00:00:00', 3, 2, '105382271', 'CC', 1, 25, 93, 52, 85507276, 2147483647, 'ransedweb@gmail.com', '54544', '6545', 3, '899999103', '', 'DOMICILIO', 'sadsadsadsad'),
(0363, 'MPW036321', '', 'andres', 'jorge', 'moreno', 'alvarez', 'andres jorge moreno alvarez', 'carrera 8 18-31', '2021-06-08 11:45:48', '2021-06-08 11:45:48', '0000-00-00 00:00:00', 2, 2, '1053825271', 'TI', 1, 17, 195, 52, 8507273, 2147483647, 'ran@gmail.com', '', '', 2, '800044959', '', 'CORREO ELECTRONICO', 'sdfdsfsdfsdf');

-- --------------------------------------------------------

--
-- Estructura de tabla para la tabla `poblacionvulnerable`
--

CREATE TABLE `poblacionvulnerable` (
  `codigo` varchar(3) NOT NULL,
  `descripcion` varchar(100) NOT NULL
) ENGINE=MyISAM DEFAULT CHARSET=latin1;

--
-- Volcado de datos para la tabla `poblacionvulnerable`
--

INSERT INTO `poblacionvulnerable` (`codigo`, `descripcion`) VALUES
('001', '-NO'),
('002', 'PERSONAS CON CONDICION DE DISCAPACIDAD'),
('003', 'PERSONAS CON CONDICION DE DESPLAZAMIENTO'),
('004', 'VICTIMAS DE LA VIOLENCIA'),
('005', 'NEGRITUDES'),
('006', 'INDIGENAS');

-- --------------------------------------------------------

--
-- Estructura de tabla para la tabla `regimen`
--

CREATE TABLE `regimen` (
  `CODIGO` int(2) NOT NULL,
  `DESCRIPCION` varchar(50) COLLATE utf8_spanish_ci NOT NULL
) ENGINE=InnoDB DEFAULT CHARSET=utf8 COLLATE=utf8_spanish_ci;

--
-- Volcado de datos para la tabla `regimen`
--

INSERT INTO `regimen` (`CODIGO`, `DESCRIPCION`) VALUES
(1, 'CONTRIBUTIVO'),
(2, 'SUBSIDIADO'),
(3, 'VINCULADO'),
(4, 'OTRO');

-- --------------------------------------------------------

--
-- Estructura de tabla para la tabla `servicio`
--

CREATE TABLE `servicio` (
  `mpcodp` int(3) NOT NULL,
  `nombre` varchar(30) COLLATE utf8_spanish_ci NOT NULL
) ENGINE=InnoDB DEFAULT CHARSET=utf8 COLLATE=utf8_spanish_ci;

--
-- Volcado de datos para la tabla `servicio`
--

INSERT INTO `servicio` (`mpcodp`, `nombre`) VALUES
(1, 'UNIDAD INTENSIVO QUIRURGICO'),
(2, 'SALA SUR'),
(3, 'SALA NORTE'),
(4, 'CUIDADO INTENSIVO MEDICO'),
(6, 'CUIDADO INTERMEDIO B'),
(7, 'OBSERVACION URGENCIAS'),
(8, 'PENSION SEGUNDO PISO'),
(9, 'HEMODINAMIA'),
(10, 'SALA DE RECUPERACION'),
(11, 'RAYOS X'),
(12, 'ENDOSCOPIA'),
(13, 'ECOGRAFIA'),
(14, 'LABORATORIO CLINICO'),
(15, 'CARDIOLOGIA NO INVASIVA'),
(16, 'REHABILITACION FISICA'),
(17, 'TRIAGE'),
(18, 'QUIROFANOS'),
(19, 'SALA HEMODINAMIA'),
(20, 'LABORATORIO PATOLOGIA'),
(21, 'REHABILITACION CARDIOPULMONAR'),
(22, 'CUIDADO INTERMEDIO A'),
(99, 'CONSULTA EXTERNA'),
(100, 'LABORATORIO CLINICO'),
(101, 'CONSULTA EXTERNA/CENTRO DE ESP'),
(103, 'CENTRO DE CONTACTO'),
(104, 'SIAU'),
(105, 'PORTERIA'),
(106, 'AMBULATORIOS'),
(107, 'IMAGENES DIAGNOSTICAS'),
(108, 'BLOQUE ADMINISTRATIVO');

-- --------------------------------------------------------

--
-- Estructura de tabla para la tabla `solicitud`
--

CREATE TABLE `solicitud` (
  `id` int(11) NOT NULL,
  `nombre` varchar(50) NOT NULL,
  `descripcion` varchar(60) NOT NULL
) ENGINE=InnoDB DEFAULT CHARSET=utf8mb4;

--
-- Volcado de datos para la tabla `solicitud`
--

INSERT INTO `solicitud` (`id`, `nombre`, `descripcion`) VALUES
(1, 'PETICION', ''),
(2, 'QUEJA', ''),
(3, 'RECLAMO', ''),
(4, 'SOLICITUD DE INFORMACION PUBLICA', ''),
(5, 'SUGERENCIA', ''),
(6, 'FELICITACION', '');

-- --------------------------------------------------------

--
-- Estructura de tabla para la tabla `tipomanifestacion`
--

CREATE TABLE `tipomanifestacion` (
  `CODIGO` int(11) NOT NULL,
  `DESCRIPCION` varchar(100) COLLATE utf8_spanish_ci NOT NULL
) ENGINE=InnoDB DEFAULT CHARSET=utf8 COLLATE=utf8_spanish_ci;

--
-- Volcado de datos para la tabla `tipomanifestacion`
--

INSERT INTO `tipomanifestacion` (`CODIGO`, `DESCRIPCION`) VALUES
(1, 'PETICION'),
(2, 'QUEJA'),
(3, 'RECLAMO'),
(4, 'SOLICITUD DE INFORMACION PUBLICA'),
(5, 'SUGERENCIA'),
(6, 'FELICITACION');

-- --------------------------------------------------------

--
-- Estructura de tabla para la tabla `tiposolicitante`
--

CREATE TABLE `tiposolicitante` (
  `id` int(11) NOT NULL,
  `concepto` varchar(15) NOT NULL
) ENGINE=InnoDB DEFAULT CHARSET=latin1;

--
-- Volcado de datos para la tabla `tiposolicitante`
--

INSERT INTO `tiposolicitante` (`id`, `concepto`) VALUES
(1, 'Persona natural'),
(2, 'persona juridic'),
(3, 'niños,niñas y a'),
(4, 'apoderado');

--
-- Índices para tablas volcadas
--

--
-- Indices de la tabla `asegurador`
--
ALTER TABLE `asegurador`
  ADD PRIMARY KEY (`MECNTR`);

--
-- Indices de la tabla `departamentos`
--
ALTER TABLE `departamentos`
  ADD PRIMARY KEY (`id_departamento`),
  ADD KEY `fkPais` (`fkPais`);

--
-- Indices de la tabla `estadomanifestacion`
--
ALTER TABLE `estadomanifestacion`
  ADD PRIMARY KEY (`id`);

--
-- Indices de la tabla `estadotramite`
--
ALTER TABLE `estadotramite`
  ADD PRIMARY KEY (`codigo`);

--
-- Indices de la tabla `motivoqueja`
--
ALTER TABLE `motivoqueja`
  ADD PRIMARY KEY (`CODIGO`);

--
-- Indices de la tabla `municipios`
--
ALTER TABLE `municipios`
  ADD PRIMARY KEY (`id_municipio`),
  ADD KEY `departamento_id` (`departamento_id`);

--
-- Indices de la tabla `paciente`
--
ALTER TABLE `paciente`
  ADD PRIMARY KEY (`NUMDOCTO`),
  ADD UNIQUE KEY `NUMDOCTO` (`NUMDOCTO`);

--
-- Indices de la tabla `paises`
--
ALTER TABLE `paises`
  ADD PRIMARY KEY (`id`);

--
-- Indices de la tabla `peticion`
--
ALTER TABLE `peticion`
  ADD PRIMARY KEY (`codigo`),
  ADD KEY `tipoManifestacion` (`tipoManifestacion`),
  ADD KEY `estado` (`estado`),
  ADD KEY `servicio` (`servicio`),
  ADD KEY `departamento` (`departamento`),
  ADD KEY `municipio` (`municipio`),
  ADD KEY `pais` (`pais`),
  ADD KEY `regimen` (`regimen`);

--
-- Indices de la tabla `poblacionvulnerable`
--
ALTER TABLE `poblacionvulnerable`
  ADD PRIMARY KEY (`codigo`);

--
-- Indices de la tabla `regimen`
--
ALTER TABLE `regimen`
  ADD PRIMARY KEY (`CODIGO`);

--
-- Indices de la tabla `servicio`
--
ALTER TABLE `servicio`
  ADD PRIMARY KEY (`mpcodp`);

--
-- Indices de la tabla `solicitud`
--
ALTER TABLE `solicitud`
  ADD PRIMARY KEY (`id`);

--
-- Indices de la tabla `tipomanifestacion`
--
ALTER TABLE `tipomanifestacion`
  ADD PRIMARY KEY (`CODIGO`);

--
-- Indices de la tabla `tiposolicitante`
--
ALTER TABLE `tiposolicitante`
  ADD PRIMARY KEY (`id`);

--
-- AUTO_INCREMENT de las tablas volcadas
--

--
-- AUTO_INCREMENT de la tabla `departamentos`
--
ALTER TABLE `departamentos`
  MODIFY `id_departamento` int(2) UNSIGNED NOT NULL AUTO_INCREMENT, AUTO_INCREMENT=100;

--
-- AUTO_INCREMENT de la tabla `estadomanifestacion`
--
ALTER TABLE `estadomanifestacion`
  MODIFY `id` int(11) NOT NULL AUTO_INCREMENT;

--
-- AUTO_INCREMENT de la tabla `motivoqueja`
--
ALTER TABLE `motivoqueja`
  MODIFY `CODIGO` int(11) NOT NULL AUTO_INCREMENT;

--
-- AUTO_INCREMENT de la tabla `municipios`
--
ALTER TABLE `municipios`
  MODIFY `id_municipio` int(6) UNSIGNED NOT NULL AUTO_INCREMENT, AUTO_INCREMENT=1101;

--
-- AUTO_INCREMENT de la tabla `paises`
--
ALTER TABLE `paises`
  MODIFY `id` int(11) NOT NULL AUTO_INCREMENT, AUTO_INCREMENT=241;

--
-- AUTO_INCREMENT de la tabla `peticion`
--
ALTER TABLE `peticion`
  MODIFY `codigo` int(4) UNSIGNED ZEROFILL NOT NULL AUTO_INCREMENT, AUTO_INCREMENT=364;

--
-- AUTO_INCREMENT de la tabla `regimen`
--
ALTER TABLE `regimen`
  MODIFY `CODIGO` int(2) NOT NULL AUTO_INCREMENT, AUTO_INCREMENT=5;

--
-- AUTO_INCREMENT de la tabla `solicitud`
--
ALTER TABLE `solicitud`
  MODIFY `id` int(11) NOT NULL AUTO_INCREMENT, AUTO_INCREMENT=7;

--
-- AUTO_INCREMENT de la tabla `tipomanifestacion`
--
ALTER TABLE `tipomanifestacion`
  MODIFY `CODIGO` int(11) NOT NULL AUTO_INCREMENT, AUTO_INCREMENT=7;

--
-- AUTO_INCREMENT de la tabla `tiposolicitante`
--
ALTER TABLE `tiposolicitante`
  MODIFY `id` int(11) NOT NULL AUTO_INCREMENT, AUTO_INCREMENT=5;

--
-- Restricciones para tablas volcadas
--

--
-- Filtros para la tabla `departamentos`
--
ALTER TABLE `departamentos`
  ADD CONSTRAINT `departamentos_ibfk_1` FOREIGN KEY (`fkPais`) REFERENCES `paises` (`id`) ON DELETE CASCADE ON UPDATE CASCADE;

--
-- Filtros para la tabla `municipios`
--
ALTER TABLE `municipios`
  ADD CONSTRAINT `municipios_ibfk_1` FOREIGN KEY (`departamento_id`) REFERENCES `departamentos` (`id_departamento`) ON DELETE CASCADE ON UPDATE CASCADE;

--
-- Filtros para la tabla `peticion`
--
ALTER TABLE `peticion`
  ADD CONSTRAINT `peticion_ibfk_1` FOREIGN KEY (`pais`) REFERENCES `paises` (`id`) ON DELETE CASCADE ON UPDATE CASCADE,
  ADD CONSTRAINT `peticion_ibfk_2` FOREIGN KEY (`tipoManifestacion`) REFERENCES `tipomanifestacion` (`CODIGO`) ON DELETE CASCADE ON UPDATE CASCADE,
  ADD CONSTRAINT `peticion_ibfk_3` FOREIGN KEY (`regimen`) REFERENCES `regimen` (`CODIGO`) ON DELETE CASCADE ON UPDATE CASCADE,
  ADD CONSTRAINT `peticion_ibfk_4` FOREIGN KEY (`servicio`) REFERENCES `servicio` (`mpcodp`) ON DELETE CASCADE ON UPDATE CASCADE,
  ADD CONSTRAINT `peticion_ibfk_5` FOREIGN KEY (`estado`) REFERENCES `estadotramite` (`codigo`) ON DELETE CASCADE ON UPDATE CASCADE;
COMMIT;

