-- https://www.phpmyadmin.net/
--
-- Servidor: 127.0.0.1
-- Tiempo de generación: 01-04-2022 a las 16:22:28
-- Versión del servidor: 10.4.19-MariaDB
-- Versión de PHP: 8.0.6

START TRANSACTION;



--
-- Base de datos: `jlivewire8`
--

-- --------------------------------------------------------

--
-- Estructura de tabla para la tabla `categories`
--

CREATE TABLE `categories` (
  `id` bigint(20) UNSIGNED NOT NULL,
  `name` varchar(255) COLLATE utf8mb4_unicode_ci NOT NULL,
  `created_at` timestamp NULL DEFAULT NULL,
  `updated_at` timestamp NULL DEFAULT NULL
) ENGINE=InnoDB DEFAULT CHARSET=utf8mb4 COLLATE=utf8mb4_unicode_ci;

--
-- Volcado de datos para la tabla `categories`
--

INSERT INTO `categories` (`id`, `name`, `created_at`, `updated_at`) VALUES
(1, 'Ut est voluptatem vel qui est error.', '2022-03-25 05:46:14', '2022-03-25 05:46:14'),
(2, 'Illum repellat ipsam laudantium alias dolorem.', '2022-03-25 05:46:14', '2022-03-25 05:46:14'),
(3, 'Veritatis tempora doloribus expedita.', '2022-03-25 05:46:14', '2022-03-25 05:46:14');

-- --------------------------------------------------------

--
-- Estructura de tabla para la tabla `courses`
--

CREATE TABLE `courses` (
  `id` bigint(20) UNSIGNED NOT NULL,
  `user_id` bigint(20) UNSIGNED NOT NULL,
  `category_id` bigint(20) UNSIGNED NOT NULL,
  `name` varchar(255) COLLATE utf8mb4_unicode_ci NOT NULL,
  `slug` varchar(255) COLLATE utf8mb4_unicode_ci NOT NULL,
  `imagen` varchar(255) COLLATE utf8mb4_unicode_ci NOT NULL,
  `description` text COLLATE utf8mb4_unicode_ci NOT NULL,
  `created_at` timestamp NULL DEFAULT NULL,
  `updated_at` timestamp NULL DEFAULT NULL
) ENGINE=InnoDB DEFAULT CHARSET=utf8mb4 COLLATE=utf8mb4_unicode_ci;

--
-- Volcado de datos para la tabla `courses`
--

INSERT INTO `courses` (`id`, `user_id`, `category_id`, `name`, `slug`, `imagen`, `description`, `created_at`, `updated_at`) VALUES
(1, 5, 1, 'Et est dolorem saepe amet saepe quia maiores.', 'ipsa-possimus-sed-incidunt-provident-vel', 'https://via.placeholder.com/1280x720.png/005533?text=eius', 'Eius deserunt culpa tempore hic. Animi voluptatem ab porro consequatur ab aspernatur. Voluptatem blanditiis quas voluptate omnis autem maiores eum praesentium. Ut rerum necessitatibus quo a culpa blanditiis ex. Nam vel sed ut expedita. Dolore ut et est non voluptatem est ea. Ex et qui minus debitis alias fugit. Dolorem officia eius sed. Voluptate ut possimus et id in eum. Aut laborum velit quia similique omnis similique. Voluptas et est autem necessitatibus animi commodi. Adipisci aut incidunt quia rem quos amet ad. Ea voluptas at tenetur voluptatem aut nam. Vero velit ea doloremque. Eligendi est et voluptas saepe quas fuga libero voluptatibus. Quos a sint velit quasi voluptas.', '2022-03-25 05:46:14', '2022-03-25 05:46:14'),
(2, 1, 1, 'Et deleniti aliquam amet in.', 'facilis-hic-debitis-aut-officia-molestiae-molestiae', 'https://via.placeholder.com/1280x720.png/007722?text=sint', 'Sequi facere sit quas nihil. Velit voluptas aliquid eos et. Voluptatem minus earum quam. Aliquam architecto consequatur quos explicabo aut optio. Qui dolore omnis a eligendi et odio placeat. Nemo omnis odit possimus corporis. Quia minima omnis aut et aperiam laborum debitis. Beatae omnis aliquam et. Esse ducimus commodi illum amet sed impedit et. Soluta veritatis ipsam ex suscipit perferendis facere. Aut velit quia ut blanditiis enim quos aut. Tenetur maxime quibusdam est quod. Voluptatem placeat culpa officia corporis illo in. Rerum facere dolorem odit omnis. Maxime error eaque reprehenderit dolorem quisquam occaecati vel. Perspiciatis vel ducimus repellat qui sed veritatis.', '2022-03-25 05:46:14', '2022-03-25 05:46:14'),
(3, 5, 1, 'Repudiandae beatae debitis modi unde magnam.', 'et-voluptates-accusantium-rerum-sint', 'https://via.placeholder.com/1280x720.png/00ee55?text=sed', 'Aut dolores accusantium totam placeat qui. Tempore impedit tempore laborum sunt voluptas. Saepe magni numquam autem quidem id quia asperiores. Inventore et laborum consectetur ut. Reprehenderit amet magni officiis. Deserunt similique atque eum dolores et. In aut nostrum magnam aspernatur. Quidem soluta est voluptates aut pariatur unde et. Non quos aliquid et laborum quasi vero. Nisi eveniet magnam non ducimus. Omnis ducimus laborum rem culpa. Dignissimos id delectus eos est perferendis nulla aut. Similique magni dolor nihil nostrum quis ipsam id. Aut ut quia qui et et vel rem sequi. Excepturi omnis aspernatur et doloribus ipsam accusamus omnis. Et ut ipsa id id dolores architecto.', '2022-03-25 05:46:14', '2022-03-25 05:46:14'),
(4, 3, 1, 'Sequi animi officia assumenda esse.', 'qui-tempore-expedita-amet-rem-facere', 'https://via.placeholder.com/1280x720.png/00dd77?text=aut', 'Molestiae unde impedit dicta sit aut quo velit. Non qui porro aut eius. Fugit dolores distinctio quod nesciunt dolorem in quia. Vero culpa eos est consequatur sunt saepe. Omnis impedit itaque perferendis fuga recusandae ut necessitatibus. Facere nobis rerum tempora eum sequi velit sint. Quas ut et sint odit enim voluptatibus esse dolores. Qui sequi tempora similique molestiae. Ratione mollitia earum voluptatum. Aut accusamus ullam eum excepturi aut. Ut illum deleniti rem consequatur deleniti. Qui molestiae dolorem ipsum ad nihil aliquid. Commodi atque ipsa rerum veniam doloribus ipsa est. Sed qui aliquam repellat consequuntur unde eum et repudiandae. Mollitia enim eum qui saepe ea omnis.', '2022-03-25 05:46:14', '2022-03-25 05:46:14'),
(5, 3, 2, 'Fugiat et fuga consequatur dicta quam aut.', 'consequatur-voluptates-quaerat-ut-consectetur-neque-amet', 'https://via.placeholder.com/1280x720.png/00bb55?text=et', 'Totam nam fuga autem dolore atque alias omnis. Quae aliquid molestiae eos culpa eligendi aut voluptas. Est nihil adipisci deserunt voluptas. Vel beatae sed tempore libero non natus. Aut placeat cum necessitatibus sequi accusamus fugit veritatis. Expedita eos veritatis voluptas totam soluta dolores saepe. Nemo architecto sint id aperiam. Quia libero tempore quis. Omnis doloremque et nam ea consequatur vitae accusantium. Nam porro non iste necessitatibus consequatur necessitatibus. Sunt est incidunt velit repellat. Enim tenetur vero debitis. In officia harum reprehenderit at. In consequuntur molestiae natus sit commodi laborum. Quisquam asperiores sed ea enim aspernatur dignissimos corrupti dolore.', '2022-03-25 05:46:14', '2022-03-25 05:46:14'),
(6, 1, 1, 'Doloribus molestias quaerat voluptas consequatur porro.', 'in-sunt-harum-vero-quas-quo-ad-dolore-quis', 'https://via.placeholder.com/1280x720.png/003322?text=dignissimos', 'Ut recusandae velit ad. Rerum voluptatem quia similique rerum distinctio impedit. Deleniti ad et dignissimos et. Magnam ducimus autem molestias soluta neque. Cumque sit et officia ut. Expedita atque ad sapiente et fuga. Ut sint explicabo qui aut. Commodi facilis aut rerum. Dicta sint dignissimos molestiae minima et non dignissimos. Error velit ut est neque. Distinctio id corrupti aut odit aut aut est aperiam. Molestias ut ipsam accusantium eos non. Autem impedit quisquam eaque distinctio quo nam nihil. Aliquam eum accusamus dolor quasi. Soluta ipsam architecto aut sunt vel. Ut beatae voluptas quod ducimus enim esse velit.', '2022-03-25 05:46:14', '2022-03-25 05:46:14'),
(7, 2, 3, 'Necessitatibus possimus eaque dignissimos quod dolores qui.', 'sed-voluptate-nemo-dolore-ipsam', 'https://via.placeholder.com/1280x720.png/001166?text=sed', 'Dolorem dolorem dolorem qui in corrupti ea. Quibusdam ex perspiciatis sed asperiores eos fugit. Rerum consequatur possimus quos repellendus eaque enim. Beatae fuga omnis ipsam voluptas modi. Non iure quibusdam maxime hic. Aut saepe non quo suscipit beatae. Sed qui sunt iure non molestiae assumenda. Qui molestiae dolor quas culpa perspiciatis est velit. Qui libero eius iste qui quis. Et ut quaerat hic at iste. Quia sit sapiente et. Saepe minus numquam voluptas repudiandae. Non repellendus et dicta quas. Beatae optio praesentium quis et eveniet blanditiis. Rerum tenetur esse est ea voluptas aut quisquam similique. Eum adipisci ipsum ea atque sed. Aliquam iusto eos non corporis et sit.', '2022-03-25 05:46:14', '2022-03-25 05:46:14'),
(8, 5, 2, 'Est esse dolor similique ipsum ex velit molestias.', 'cum-ut-incidunt-quis-nemo-mollitia-recusandae', 'https://via.placeholder.com/1280x720.png/005522?text=praesentium', 'Ut quidem perferendis est natus. Et tempora doloremque vel aut. Aut assumenda qui officia officiis voluptatem dolorem. Asperiores est est sit quibusdam eos et. Animi qui illum iure optio dignissimos veritatis quos. Et amet assumenda est dignissimos similique fugiat repudiandae. Vero voluptatum quos dolores quidem qui ipsam. Nisi cumque nobis dolorum quos amet quibusdam quos. Esse quod id aut non. Pariatur tempora sed voluptate incidunt ipsam. Voluptate quidem ratione dolorum hic modi et necessitatibus occaecati. Et nesciunt omnis vel. Qui quis molestias voluptate beatae aut.', '2022-03-25 05:46:14', '2022-03-25 05:46:14'),
(9, 4, 2, 'Dolor quia laudantium consequuntur ut.', 'provident-quos-accusamus-adipisci-maiores-maxime-ex', 'https://via.placeholder.com/1280x720.png/00bbaa?text=ea', 'Molestias deleniti minus vel quia voluptatem. Est delectus laboriosam voluptates deleniti asperiores et. Minus velit aliquid et voluptatem. Perferendis omnis vel est. Earum saepe laudantium possimus commodi aut sunt. Nobis blanditiis quo rem ut. Cupiditate omnis consectetur ducimus. Quas nulla consequuntur quo sed impedit excepturi nemo fugiat. Culpa est soluta in aut. Optio nobis aut ut eos. Vel ex et atque aut. Iste quis corrupti similique. Impedit animi quas illum. Dolorum voluptas molestiae culpa ducimus consequatur quo. Omnis qui explicabo qui eaque qui ipsam. Sapiente ut in quo rerum et ut. Alias repudiandae in necessitatibus laborum dolor eum.', '2022-03-25 05:46:14', '2022-03-25 05:46:14'),
(10, 2, 2, 'Et explicabo consequatur nihil praesentium laboriosam doloribus.', 'quia-eius-ut-est-provident-totam-libero', 'https://via.placeholder.com/1280x720.png/002222?text=id', 'Est perspiciatis magni facilis vitae. Et qui at laborum animi rem harum dicta. Blanditiis molestiae dolores enim nisi voluptatem. Est porro eos aspernatur nemo. In ea facilis adipisci ipsa nisi accusamus velit. Et et laudantium provident minus quasi. Quisquam exercitationem magni unde rerum. Rerum perferendis ut ipsa atque aspernatur facere. Neque ratione qui laborum distinctio labore saepe corporis. Tempore odit consequuntur in et commodi et aperiam. Maxime aliquid magni dolores earum sed consequatur. Aut illum eaque reiciendis ipsam optio ut aspernatur. Doloremque qui eveniet eligendi eius est magni numquam. Omnis tempore dolores facere aut quod. Quia nihil omnis dolorum aliquam nulla et. Ducimus ex voluptatem velit aliquam.', '2022-03-25 05:46:14', '2022-03-25 05:46:14'),
(11, 3, 2, 'A nam quaerat nihil et.', 'illum-deleniti-asperiores-consectetur-temporibus-ducimus', 'https://via.placeholder.com/1280x720.png/008844?text=illum', 'Tenetur consequatur mollitia voluptas enim commodi sed. Rerum deleniti sint ea illo excepturi rerum ipsam. Sequi cumque animi voluptate velit. Ullam eos commodi rerum qui dolores et deleniti. Suscipit eos quod itaque omnis. Quia sint odio illum laboriosam. Ut dolor quia exercitationem illo ipsa earum voluptatem adipisci. Quia similique earum voluptatem pariatur aliquam dicta sed. Iure porro est enim iusto culpa. Provident quidem quia occaecati ut minima tenetur ut temporibus. Natus ex excepturi vero non aut eligendi. Et enim et voluptas voluptatum ex. Vitae omnis et qui sequi veniam cupiditate sint. Autem nulla et minima aut. Et repudiandae asperiores dolor iure. Id neque nostrum quae et ex. Modi ut inventore delectus. Dolore molestiae vero provident sequi quasi illo.', '2022-03-25 05:46:14', '2022-03-25 05:46:14'),
(12, 3, 3, 'Inventore fugit cumque nesciunt.', 'nobis-ab-officiis-error-eius-sed-excepturi-repudiandae', 'https://via.placeholder.com/1280x720.png/004488?text=tenetur', 'Quos cumque quisquam fugit tempore quo occaecati. Doloremque dolor quibusdam non ducimus. Corrupti nesciunt dicta rerum ut mollitia error. Fugit non et aperiam itaque. Non expedita vel id sit. Dolorum voluptatem dolorem ab repellendus. Enim esse ab voluptatibus sint. Necessitatibus incidunt ad aut soluta saepe qui ipsam. Autem quae quas magnam quia ut. Dicta repudiandae ex nulla voluptatem reprehenderit. Sapiente quasi est aut velit. Qui nemo quis autem voluptas sed ipsum. Iste ullam aut dolor nisi. Perspiciatis voluptatem qui expedita. Enim ea voluptatem est. Voluptas qui excepturi sint vel quis id quis. Quos distinctio animi delectus est ut veritatis similique voluptas.', '2022-03-25 05:46:14', '2022-03-25 05:46:14'),
(13, 4, 1, 'Consequatur quos amet tempore quis inventore provident et.', 'quam-eos-voluptate-distinctio-et-nisi-molestiae-eveniet-incidunt', 'https://via.placeholder.com/1280x720.png/001166?text=voluptatem', 'Harum enim quibusdam minus dolor ut debitis voluptates. Dolor quos recusandae qui incidunt aliquid atque nam. Dolores dignissimos debitis ut ut. Modi modi modi officia quae quo in maiores. Deleniti quam quae consequuntur porro alias saepe exercitationem. Eaque sit repudiandae numquam eaque consequuntur. Consequatur possimus dolores alias maxime ipsam aut minus. Neque necessitatibus vel quis id deserunt maiores at. Repellat repellendus molestiae nobis impedit eum. Labore voluptatem in ut minus asperiores modi. Possimus est nam porro. Tempora rem qui expedita tenetur. Adipisci quasi officiis corporis. In est quibusdam veniam dolor rerum.', '2022-03-25 05:46:14', '2022-03-25 05:46:14'),
(14, 3, 1, 'Molestiae voluptatem sapiente omnis distinctio hic ipsa.', 'modi-corrupti-eveniet-rerum-ut', 'https://via.placeholder.com/1280x720.png/002222?text=cumque', 'Maiores quo sint qui optio possimus. Eius reprehenderit vitae minima ab et reprehenderit quibusdam aliquid. Voluptas quia quas exercitationem deserunt tempore omnis. Architecto autem est esse odio ut voluptate explicabo. Quae sunt saepe magni mollitia iure dolorum magni. Autem eum molestiae voluptas hic eligendi eligendi. Eum necessitatibus rerum laboriosam sunt. Quibusdam fuga porro harum nisi iure quidem. Eaque dolore dicta numquam. Soluta expedita ea et voluptates in. Non eligendi inventore repellat ex omnis. In ipsam aperiam optio sit. Et consequatur iusto tenetur quia voluptas nostrum. Occaecati iste eveniet et qui placeat consequatur. Doloremque expedita nihil illo occaecati placeat fuga voluptate. Fugiat ut necessitatibus praesentium ullam.', '2022-03-25 05:46:14', '2022-03-25 05:46:14'),
(15, 1, 3, 'Vitae est dignissimos aut consectetur nam vero minus et.', 'excepturi-in-commodi-voluptatum-vel-nam', 'https://via.placeholder.com/1280x720.png/0000cc?text=dolor', 'Illo eius qui aperiam quis tempora inventore tenetur minus. Dicta doloremque nesciunt exercitationem repudiandae ut impedit. In et iure fuga quo consequatur reprehenderit dolores. Laborum eius iure voluptate et similique sit ducimus. Hic hic enim sapiente. Impedit molestiae omnis ullam et illum minima. Soluta tempora exercitationem odit quos reprehenderit asperiores. Sint aut quia eos repudiandae esse doloribus unde odit. Sit eos placeat libero temporibus veniam. Aspernatur odit quidem nihil delectus. Neque cum dicta quis quasi perspiciatis. Alias eum et excepturi pariatur. In vero eos eius ut. Hic debitis assumenda saepe. Iure dolor aperiam beatae commodi in vitae.', '2022-03-25 05:46:15', '2022-03-25 05:46:15'),
(16, 2, 3, 'Dolor voluptatibus eos voluptatem iusto.', 'ut-qui-harum-sit', 'https://via.placeholder.com/1280x720.png/0044bb?text=in', 'Suscipit reprehenderit provident animi nihil optio. Porro rerum rem nesciunt. Corrupti dolor sed blanditiis vero est a alias. Reprehenderit similique aperiam qui et rerum voluptatem quibusdam. Voluptatem doloremque repudiandae a animi. Ipsam voluptatem esse suscipit dolores error a. Fugit asperiores voluptates sed magni sint ipsam. Consequatur consequatur optio autem facere. Porro nesciunt distinctio ducimus qui ut. Ea minima nulla provident repellat quo. Accusantium iste eaque omnis voluptatibus. Alias est sit voluptatibus maxime fuga sunt non. Esse possimus in et quibusdam sint. Aut commodi eum incidunt perspiciatis. Molestias commodi alias corrupti est ex aliquid.', '2022-03-25 05:46:15', '2022-03-25 05:46:15'),
(17, 4, 1, 'Aspernatur minus placeat perspiciatis dignissimos eligendi praesentium expedita.', 'quo-nam-numquam-deleniti-vel-consequatur-inventore', 'https://via.placeholder.com/1280x720.png/001177?text=autem', 'Ipsa dolores et expedita est voluptatem et vel. Est natus animi dolores facere autem accusamus. Distinctio neque est aut quo facere quo quod. Qui non autem fuga reiciendis. Quae sint autem incidunt assumenda autem tempora. Tenetur officia voluptatem nisi culpa. Sit eos similique nobis ut at autem maiores. Fuga asperiores iste rerum adipisci inventore sit aspernatur. Fuga vel sed quidem placeat voluptate necessitatibus adipisci eum. Qui et et veritatis tempora et nam iste. Fuga aspernatur vero et possimus. Sunt non et reiciendis qui. Esse impedit ab ut qui. Deleniti occaecati voluptatem ut commodi et autem. Iure reprehenderit tenetur corporis nostrum sunt. Cum sit facilis non omnis. Et et eum molestias nihil non error. Sed delectus fuga autem voluptates unde quis.', '2022-03-25 05:46:15', '2022-03-25 05:46:15'),
(18, 3, 3, 'Quis molestiae tenetur consequatur natus aperiam iste.', 'ea-illo-cupiditate-sequi-nam', 'https://via.placeholder.com/1280x720.png/001122?text=veniam', 'Molestiae mollitia omnis fugiat et architecto ea molestias maiores. Et omnis qui minus velit dignissimos ea. Rerum ut sit et quo. Minima neque quis nobis voluptate. Nulla velit modi rem rerum. Molestiae sit fugiat quia ut iste quaerat totam. Rem blanditiis quidem ab amet temporibus. Est accusamus doloremque praesentium aut dolorem exercitationem. Nihil architecto autem unde sint velit ratione amet provident. Ut perferendis tenetur alias corrupti voluptatem consequatur. Itaque recusandae pariatur blanditiis vel sed alias consequatur. Aut eos in vitae animi repellat nobis. Quae voluptatem architecto non facere. Dicta amet aliquid totam perspiciatis debitis eos ipsam.', '2022-03-25 05:46:15', '2022-03-25 05:46:15'),
(19, 4, 1, 'Hic quibusdam non amet sint maiores sint quia.', 'qui-reiciendis-provident-quo-iste', 'https://via.placeholder.com/1280x720.png/0044aa?text=et', 'Adipisci ea quisquam aspernatur laudantium blanditiis consequatur numquam quaerat. Ut et dolorem ut est voluptates dolorem reiciendis. Doloremque id illo doloremque. Necessitatibus quo iusto molestias a. Ipsa quaerat nemo repellendus dolorem est. Aperiam blanditiis fugit omnis. Velit corporis perspiciatis dolorem voluptatem cumque fugiat non sed. Voluptates nam nostrum nisi doloribus consequuntur autem. Expedita tempore porro tempore similique voluptatum aut. Voluptas ipsum reprehenderit rerum labore. Voluptatibus et voluptatum qui ratione. Adipisci dolore modi fuga et. Aut est voluptatem quis quisquam nemo dolores quas. Natus et et et blanditiis dolorem quis. Laudantium expedita quod qui repellendus velit sed dolorum. Quibusdam sit ut quod aut tempora amet occaecati.', '2022-03-25 05:46:15', '2022-03-25 05:46:15'),
(20, 4, 3, 'Odit recusandae qui molestiae ipsa nemo vitae eum.', 'fugit-deserunt-consequuntur-nisi-ea-provident-eveniet', 'https://via.placeholder.com/1280x720.png/001122?text=quo', 'Provident aperiam explicabo voluptatibus tempora qui minima. Aut molestiae iusto facere quasi sint qui aperiam aut. Possimus est assumenda sed nostrum dolor corrupti impedit. Voluptatibus in adipisci aut non voluptatem saepe. Libero laborum placeat consectetur temporibus ea quia aperiam. Unde quia vel totam reiciendis. Maxime recusandae sed quaerat molestiae error autem. Dignissimos quidem vero inventore adipisci asperiores. Quas rem provident sint error at quasi consequatur. Quia veniam velit rem magni rerum et velit. Quidem quas est cupiditate voluptatum. Ipsa sint ipsam incidunt quo. A corrupti non magnam nesciunt dignissimos. Aut autem molestiae sunt ipsam ea. Debitis dolores et magnam modi et. Consequuntur voluptatum quisquam quia et voluptas vero.', '2022-03-25 05:46:15', '2022-03-25 05:46:15'),
(21, 2, 2, 'Et sequi velit suscipit facilis consequatur corporis enim.', 'consectetur-ex-sint-quisquam-est-unde-autem-velit', 'https://via.placeholder.com/1280x720.png/003377?text=et', 'Non non voluptate vel dolorum. Rerum quasi vero labore quibusdam aut ut minima. Sit totam voluptatibus non atque quia. Quam libero magni dicta rem ut reprehenderit qui. Cumque eligendi beatae quo eveniet et vitae. Et quod voluptatibus tenetur repellat ipsa voluptates. Illum ab nisi voluptatum vero. Quia expedita eius tempore ullam temporibus. Et aut aut quo non nihil. Molestias ex voluptatibus amet eius ut quidem sunt aut. Maxime ex repudiandae illo doloribus quam voluptates voluptates nisi. Nostrum nesciunt dolore blanditiis repellat. Omnis quod dolorum in sed sequi quo nam. Veniam accusamus harum esse et quos iste. Est reiciendis consequuntur aliquam aut. Nobis enim enim et harum. Non nostrum adipisci odit est qui saepe asperiores.', '2022-03-25 05:46:15', '2022-03-25 05:46:15'),
(22, 1, 2, 'Debitis ea ipsam eos eum ullam vel.', 'amet-enim-ipsa-optio-culpa-assumenda-dolore-tempore', 'https://via.placeholder.com/1280x720.png/004477?text=dignissimos', 'Et quibusdam eligendi necessitatibus facilis aut et quas. Maiores enim non fugiat quo in. Ut cumque ipsam id vero id. Omnis qui eaque eius numquam. Quia mollitia accusantium aperiam debitis aperiam veniam omnis. Et atque molestiae est natus. Voluptas autem nihil aperiam cumque molestiae sed assumenda. Laudantium similique rem architecto autem. Quod esse maiores id enim esse. Mollitia animi ut autem maxime quaerat. Officiis saepe rerum quae fugit molestias consequatur voluptatem delectus. Delectus dolore ad sit vero voluptatem et fugiat ratione. Minus et id hic ullam sint veritatis aspernatur. Dicta repellendus et quis ad. Soluta quia nam ea repellendus et nostrum alias. Harum temporibus autem rerum. Nihil vero vel sit ullam laboriosam quos impedit et.', '2022-03-25 05:46:15', '2022-03-25 05:46:15'),
(23, 4, 3, 'Perferendis enim distinctio aspernatur et suscipit.', 'voluptatem-sint-nesciunt-ut', 'https://via.placeholder.com/1280x720.png/0099aa?text=omnis', 'Maiores nostrum et est qui aperiam. Eius ut est quo quo. Dolores cum provident ipsum ratione maiores earum. Sint fuga qui dolorem vero est. Est sequi optio natus velit. Et sit at et. Nesciunt laboriosam dignissimos sed qui aut aperiam debitis corporis. Iure voluptates rem officiis quis inventore et. Quas quia dolor ad aut quis deserunt error. Laboriosam sapiente quasi ipsam nisi non inventore est voluptatibus. Omnis consequatur sunt ipsum cupiditate dolor veniam labore. Dolorum placeat id ea perspiciatis velit. Aperiam occaecati non facere. Libero non a est iste corrupti suscipit. Placeat non voluptas quas aliquam. Eos nihil numquam dolores voluptas minus sequi. Labore expedita quibusdam est nulla doloremque. Corrupti labore ab nostrum et.', '2022-03-25 05:46:15', '2022-03-25 05:46:15'),
(24, 1, 1, 'Architecto ipsum hic tenetur.', 'magni-in-earum-accusantium-error-dolor', 'https://via.placeholder.com/1280x720.png/00ccbb?text=doloremque', 'Fugiat sint pariatur fugiat aut. Repudiandae eum est molestiae eum velit. Veritatis aliquam qui et architecto quidem suscipit dolor. Et velit eveniet est. Aut provident dolor enim in. Ducimus ea et ab in porro. Recusandae incidunt architecto adipisci voluptas. In vero eum magni fugit numquam fuga. Iure aut facilis vel reprehenderit eligendi. Occaecati iusto eius fugit ut aut est assumenda. Dolores pariatur magnam dolore delectus rem. Autem rerum assumenda ea dolorum perferendis aut ut minima. Minima dignissimos beatae et sed. Eaque voluptates facilis iste ducimus eaque nam asperiores. Inventore mollitia enim nihil consequuntur. Est distinctio rerum eligendi eum in sint. Eum culpa animi et maxime sed iure voluptatibus.', '2022-03-25 05:46:15', '2022-03-25 05:46:15'),
(25, 4, 1, 'Velit quas blanditiis eum eos in eum.', 'ut-ut-harum-distinctio-et-nesciunt-veniam-alias', 'https://via.placeholder.com/1280x720.png/0077dd?text=qui', 'Quidem vel ad neque atque itaque quibusdam. Voluptatem consequatur nulla quo assumenda commodi asperiores. Rerum deleniti quis voluptatibus. Saepe nesciunt dicta necessitatibus perferendis et consequuntur. Maiores eaque doloremque laborum eaque. Unde commodi commodi similique nesciunt qui labore. Est tempore ut assumenda possimus sed. Velit ipsa a consequatur et rem fugit. Dolore sit ut commodi atque dolorem et. Accusantium est voluptate quia ex. Id rerum sapiente et unde nihil dolorem sed et. Doloribus unde occaecati eaque et sint. Suscipit quo quisquam nulla assumenda vitae. Recusandae consequatur fugiat non architecto occaecati. Similique maiores aperiam animi corrupti porro suscipit consequatur. Sunt aut consequuntur atque tempore. Dolor repellendus accusamus alias vitae.', '2022-03-25 05:46:15', '2022-03-25 05:46:15'),
(26, 1, 2, 'In nisi dicta qui enim vel.', 'cumque-quibusdam-nemo-debitis-quia-excepturi-eum', 'https://via.placeholder.com/1280x720.png/0044cc?text=aspernatur', 'Enim in ea quis laboriosam dolores eos. Velit quibusdam porro ducimus consequuntur tempore quibusdam aut. Eveniet veritatis nemo totam iusto. Eligendi quo quibusdam qui eaque sunt dolorem minima. Assumenda vel ut fugiat tempore beatae placeat. Facilis et numquam sint asperiores. Commodi necessitatibus eligendi ducimus expedita. Ab recusandae est aspernatur quasi quasi reiciendis. Eum debitis facere rerum ea necessitatibus omnis. In eaque esse adipisci sint tempore et natus. Maxime earum aut veritatis eos tempore qui perspiciatis. Sapiente temporibus enim consequatur itaque consectetur ab. Magni veritatis nihil quo modi sequi praesentium.', '2022-03-25 05:46:15', '2022-03-25 05:46:15'),
(27, 5, 1, 'Amet et aut sunt architecto unde unde vel.', 'sit-nulla-voluptatum-soluta-sunt', 'https://via.placeholder.com/1280x720.png/00aacc?text=quo', 'Fugit eos sint sunt accusamus porro iure. Ratione maxime est dolorem fuga fugit voluptatem enim. Laboriosam est aut praesentium et accusantium et. Et unde molestiae earum enim. Et fugit repellendus aliquam. Voluptatem aliquid sit quia consequatur odit. Praesentium non ex est voluptas et. Nihil a facere omnis ipsa voluptatibus error. Porro non nobis provident nihil et ea est. Optio dolorem magni sed molestias nesciunt voluptate. Consectetur in et quo molestias quia. Aliquid delectus voluptatum voluptate natus veritatis. Non eveniet quae omnis ullam quo. Enim et voluptas voluptatem fugit et. Dolorem asperiores repellat est natus sint culpa cumque cupiditate. Ipsam placeat nihil sequi magnam rerum. Nihil dolor ea sunt consequuntur debitis.', '2022-03-25 05:46:15', '2022-03-25 05:46:15'),
(28, 4, 3, 'Quis veritatis voluptas neque fugit.', 'optio-commodi-quasi-expedita-doloribus', 'https://via.placeholder.com/1280x720.png/003300?text=consequatur', 'Aliquam at dolore architecto ut debitis aut. Doloribus fuga dolorem minima commodi voluptatum tempora minima. Sit ut nostrum voluptas tempora voluptates eligendi delectus. Nihil praesentium modi autem quis eos. Laboriosam voluptate neque ipsa quia quis saepe. Impedit rerum repellat voluptatem. Eos temporibus inventore ducimus ad quia et cupiditate. Distinctio alias est sed vero exercitationem quibusdam et. Ea nesciunt ipsam autem sunt quasi possimus. Et facilis fugiat non autem cum. Optio commodi et et ad eaque praesentium. Placeat nulla vitae aspernatur et praesentium quidem ratione. Necessitatibus accusamus mollitia nobis ea. Sint qui et officia aut et. Eius et et dolore fugiat.', '2022-03-25 05:46:15', '2022-03-25 05:46:15'),
(29, 1, 2, 'Aut quis odio hic.', 'commodi-odit-libero-error-quisquam-at-autem', 'https://via.placeholder.com/1280x720.png/0099ff?text=et', 'Unde officiis officia nesciunt adipisci incidunt. A et corporis omnis inventore qui. Necessitatibus deleniti sunt harum beatae. Et earum atque et vero eos ipsum ex. Velit illo hic odit dolores in vel reprehenderit. Consequatur aut exercitationem esse veritatis. Sint sapiente quisquam assumenda laboriosam assumenda. Qui error et quis eum voluptas. Totam minus iste neque qui eos. Veniam et sit perspiciatis debitis tempore optio et. Rem qui magni perferendis quaerat culpa architecto delectus. Consequatur dolores voluptatem nemo atque. Officiis molestias autem dolorum cum sequi magnam sit. Id pariatur tenetur magnam. Rem fugiat qui qui porro cupiditate. Necessitatibus blanditiis sit ad a. Tempore iusto asperiores non dicta. Voluptatem enim maiores vel et suscipit.', '2022-03-25 05:46:15', '2022-03-25 05:46:15'),
(30, 1, 1, 'Mollitia quis ullam consequuntur quam et nihil.', 'quaerat-provident-possimus-tenetur-quo', 'https://via.placeholder.com/1280x720.png/004499?text=asperiores', 'Ratione omnis aspernatur officiis debitis. Sed placeat vero architecto ea. Libero qui numquam et consequuntur occaecati quo. Est totam qui aut quae provident architecto modi autem. Quisquam ab id dignissimos nemo omnis non iure. Eligendi aperiam autem quis molestiae provident delectus dolorem. Consequatur inventore sed minima. Inventore adipisci dolores praesentium qui sunt dolore pariatur. Facere voluptas ut quisquam minima consequatur fuga harum. Quia illum soluta quia cumque quo magnam. Cum adipisci aut necessitatibus libero. Quia quae ducimus tempore in. Quasi aliquid dolorum dignissimos soluta et aut asperiores. Rerum ab laboriosam ex dolor. Quis minus architecto animi rem. Esse ipsam qui voluptas quia et autem ad. Ducimus voluptatem molestiae ut nostrum.', '2022-03-25 05:46:15', '2022-03-25 05:46:15'),
(31, 2, 3, 'Occaecati sequi officia sint qui ducimus.', 'a-enim-consequatur-aut-ex-nemo', 'https://via.placeholder.com/1280x720.png/0066dd?text=aut', 'Aperiam dolore dignissimos amet et magnam. Quas iusto aperiam eos doloribus impedit laboriosam aliquid. Quos eveniet iure nemo et in id quos. Iusto debitis optio odit. Qui doloribus qui deleniti facilis eaque voluptatem quidem. Excepturi sunt officia a dolor. Cupiditate reprehenderit odit et aut perferendis repudiandae. Aliquid voluptatibus deleniti quidem qui necessitatibus et. Quia praesentium alias fugit provident expedita illo. Non odit atque aut aliquid temporibus et. Quidem in autem ut qui assumenda. Nihil iure illum officiis rerum eum est. Perferendis repudiandae repellendus deleniti laborum sint accusamus. Voluptate dicta id corporis et aut est natus. Eos ex quam illo cupiditate distinctio quasi et inventore. Vitae sit qui laudantium fugit.', '2022-03-25 05:46:15', '2022-03-25 05:46:15'),
(32, 2, 2, 'Inventore labore aliquam asperiores mollitia.', 'dolor-et-perferendis-illo', 'https://via.placeholder.com/1280x720.png/002233?text=facilis', 'Provident facere corrupti unde in inventore aperiam provident. Harum voluptas est et. Ut tempore est labore id sed. Maxime ipsam ex rerum non qui dolorem enim. Aut aut fugit in sed. Quae suscipit ullam assumenda eum. Velit provident iure voluptatem asperiores occaecati eos. Omnis aut culpa aut cupiditate animi aut. Enim sunt et sunt consectetur qui ducimus enim. Id quia ipsam aperiam voluptatem. Aut magni ab culpa facilis sit quis. Aut quisquam soluta distinctio. Possimus iusto qui illo ut voluptatem. Nam rem veniam soluta ipsam qui in. A quo odit accusamus sunt quas modi. Et eius rem eos aut eius. Voluptate consequatur dolor officiis est eveniet recusandae voluptas natus. Suscipit laborum cupiditate omnis consequuntur facilis. Eos quis architecto vel provident.', '2022-03-25 05:46:15', '2022-03-25 05:46:15'),
(33, 3, 3, 'Voluptatem eos nisi id natus.', 'officiis-esse-dolor-vitae', 'https://via.placeholder.com/1280x720.png/000011?text=magni', 'Magni impedit beatae molestiae voluptatem. Qui accusamus qui sint ea impedit dolor rerum debitis. Dolore ut voluptas nostrum quo. Sed non omnis nulla. Delectus nam culpa est quia. Repudiandae rem blanditiis eveniet nesciunt qui ullam dolore. Vero blanditiis quod cupiditate voluptatibus vel. Et asperiores ad optio. Cupiditate cupiditate eaque excepturi sapiente est sint aut. Saepe necessitatibus reprehenderit ullam. Necessitatibus non vitae eos qui quia et molestias. Non id et sint sed soluta laboriosam non. Eos veritatis harum dignissimos sint eaque non. Ipsa maxime et ullam. Fugiat ut temporibus itaque ea aliquid officiis omnis. Laudantium ratione asperiores enim repudiandae qui. Quisquam temporibus ut culpa recusandae laudantium est rem. Qui voluptatem consequatur quam.', '2022-03-25 05:46:15', '2022-03-25 05:46:15'),
(34, 5, 1, 'Sed totam vel dolores veniam.', 'aut-consequatur-suscipit-et-labore-consequatur-aut-quia-nam', 'https://via.placeholder.com/1280x720.png/004477?text=et', 'Tempora quia omnis alias est nihil doloribus. Quia distinctio sequi aut voluptatum. Ut omnis ducimus voluptate laudantium. Voluptatem itaque suscipit omnis porro. Esse ut officiis accusantium libero aut asperiores. Quis quo perferendis quasi harum quia. Voluptas et consequatur fugit eum unde qui. Ea quaerat vero quae omnis doloribus. Similique nesciunt dolor ex minima. Perferendis velit est aut sapiente. In rerum ex quidem saepe vitae ut. Sequi libero impedit ut facere. Nulla quidem esse est adipisci. Nam ea nisi velit ducimus placeat. Quas qui nesciunt quas. Quo eius qui velit vel non dicta. Quia voluptates et error laboriosam. Omnis vero modi rerum aut doloribus magnam explicabo. Mollitia neque sit quia doloribus officiis et placeat.', '2022-03-25 05:46:15', '2022-03-25 05:46:15'),
(35, 4, 1, 'Minus consequuntur eos ratione neque necessitatibus reprehenderit.', 'voluptas-qui-consequatur-consequatur-sapiente', 'https://via.placeholder.com/1280x720.png/0088bb?text=incidunt', 'Nulla sunt eum pariatur eligendi facilis ratione. Consectetur similique sapiente at rerum dolor amet possimus et. Rerum omnis quis quibusdam atque in voluptas qui. Quidem itaque fugit modi. Soluta dignissimos amet commodi quia. Quis ratione facere odit quo consequatur mollitia eligendi quae. Ex quia rerum molestiae ad odit. Illum deserunt et molestiae nam enim. Quidem eum ducimus voluptate omnis cupiditate sit. Praesentium vel aut nihil qui praesentium eos quas. Esse aut vel est quae eos modi. In dolorem sit est ipsam quisquam harum rerum culpa. Placeat eum qui rem non aut. Et ut sit cumque quia quia autem. Quo rerum iste quo odit et.', '2022-03-25 05:46:15', '2022-03-25 05:46:15'),
(36, 1, 2, 'Vel dolor amet quasi eveniet ea iste.', 'quia-error-voluptatem-tenetur-voluptas-porro-nemo-sed', 'https://via.placeholder.com/1280x720.png/000022?text=officia', 'Tenetur repellat autem ad dolores adipisci dolore. Ex et soluta incidunt optio sit. Fugiat et vel dolorum excepturi ipsam. Ut in aut et in eius dolorum. Architecto veniam non est voluptas. Expedita quaerat laboriosam vel tempora in delectus. Dicta ullam voluptatem reiciendis necessitatibus sequi voluptatem maxime. Fugit voluptatem et nihil sint dolor laborum. Odit possimus sed deserunt quaerat. Iusto et cum sunt consequuntur quaerat excepturi. Exercitationem voluptatem quasi deserunt dignissimos possimus. Sequi nulla iure sit asperiores repellendus voluptate. Nihil cumque qui omnis consequatur. Nostrum assumenda delectus dolores architecto. Quibusdam esse asperiores at. Voluptatum recusandae eaque odio unde possimus accusantium aliquam.', '2022-03-25 05:46:15', '2022-03-25 05:46:15'),
(37, 3, 3, 'Iste quam quibusdam dolor error.', 'et-magni-non-fugit-ut', 'https://via.placeholder.com/1280x720.png/00cc99?text=quisquam', 'Dicta mollitia illum ullam et et modi qui. Rerum officiis mollitia non quos animi sequi. Assumenda exercitationem quod officiis ut et. Mollitia non et qui voluptatem. Amet odio ut ex eos ea. Non rerum dolores officia minima et quae unde. Et voluptatem omnis enim animi. Est ducimus consequatur debitis ipsa dignissimos provident. Illo voluptatibus fuga a perspiciatis ea dolorum. Modi quis blanditiis rerum voluptas voluptas. Fugit ipsa doloremque at sed. Odio sit doloremque iusto ratione. Tempore voluptatem repellendus qui facere nostrum. Ab nihil temporibus aut repellendus dolore. Odit est ullam voluptas voluptate incidunt. Omnis doloremque vel commodi hic. Iure corrupti natus velit accusamus accusantium eum et natus. Corporis aliquam et harum quis aut.', '2022-03-25 05:46:15', '2022-03-25 05:46:15'),
(38, 4, 1, 'Eum sed consequatur aut deleniti quis.', 'atque-sit-quia-iusto', 'https://via.placeholder.com/1280x720.png/000066?text=sint', 'Et et quae amet esse odit quaerat. Quia nihil perferendis quisquam minima est. Ducimus deleniti voluptatibus veniam corrupti similique sunt. Tenetur nisi non ut et. Animi est consequatur esse rerum. Harum hic illum culpa quod. Molestiae ipsa quasi placeat nobis pariatur deleniti. Reprehenderit aperiam sed aut aut eos temporibus. Quo dolor vel dolor iusto. Ea ex omnis iste omnis. Velit adipisci rem reprehenderit molestias. Sit ut non maxime dignissimos voluptatem sed deserunt. Cupiditate ad perspiciatis aut praesentium animi. Id vero provident enim et recusandae deleniti. Ut ex nisi qui sit maxime. Sit ut a tempore et quam ut.', '2022-03-25 05:46:16', '2022-03-25 05:46:16'),
(39, 4, 2, 'Repudiandae molestiae ratione et placeat dolor et et natus.', 'officiis-ipsam-explicabo-quidem-autem', 'https://via.placeholder.com/1280x720.png/006644?text=magni', 'Dolorem similique rerum ratione fugit ratione cum. Ratione cumque et consequuntur nulla. Architecto temporibus ut sed sed sed et voluptatem. Maxime quis necessitatibus non quidem itaque aspernatur. Adipisci esse praesentium ut id vel exercitationem. Atque molestiae pariatur porro quia magni quos. Sed eum voluptate a dolorem velit. Aut nihil dolorem odit ad possimus placeat. Est consequatur aut cupiditate exercitationem quia vitae dolores et. Totam optio nobis aspernatur tempore fuga facilis quod est. Omnis minus quam consectetur dolores molestiae fuga eum. Cupiditate numquam numquam rerum repellat quaerat. Fugit similique possimus molestias libero sunt quis quia. Veritatis ab similique earum dicta perferendis saepe in. Id veritatis et et fugiat voluptas nobis excepturi nostrum.', '2022-03-25 05:46:16', '2022-03-25 05:46:16'),
(40, 2, 2, 'Voluptas illum neque quidem debitis.', 'temporibus-aspernatur-maiores-temporibus-reprehenderit-eum-earum', 'https://via.placeholder.com/1280x720.png/004499?text=molestiae', 'Sit in unde non est dolor at. Eius aspernatur distinctio non ea delectus. Provident rerum est voluptas est porro neque. Qui quaerat sed repudiandae atque aut. Ut nobis est ipsam officiis sed nostrum. Eum officia velit et provident itaque labore. Doloremque laboriosam est non iusto doloremque. Dolores tempore ut non. Pariatur magnam magnam et asperiores dolores neque corporis. Quam tenetur doloremque pariatur numquam animi culpa. Molestiae amet facilis ut totam qui odio. A vitae blanditiis et quaerat et magni praesentium. Assumenda vel maxime reiciendis molestias praesentium nam vero fugiat. Est voluptatum nesciunt corporis. Est fugit fugit aut rerum. Sit dolorem eum recusandae deserunt rerum sapiente. Et quasi sed et quae.', '2022-03-25 05:46:16', '2022-03-25 05:46:16'),
(41, 4, 2, 'Eveniet est quis ullam necessitatibus eos occaecati sint.', 'voluptatem-ut-recusandae-doloremque-quibusdam-aliquam-dignissimos-delectus', 'https://via.placeholder.com/1280x720.png/009988?text=quam', 'Est odit est tempore amet tempora dolor et. Magnam doloribus earum repellat enim. Omnis harum neque iusto ut repudiandae magni. Rerum deleniti accusamus perferendis asperiores. Necessitatibus ut distinctio rerum et. Consequatur quia fuga debitis quia. Debitis voluptatem quia qui dolores ut quaerat. Non quas deleniti quos aut eos et ex ea. Dolorem reiciendis voluptatum qui eligendi eligendi ducimus dolor. Similique neque et molestiae beatae. Pariatur iste architecto qui in. Quos dolorem doloribus dolorem ullam et nisi velit. Repellat ut temporibus repudiandae omnis repellendus inventore reprehenderit. Consequatur quisquam illum autem quam atque. Voluptatem dolorum nisi fuga. Harum consectetur optio aperiam eius.', '2022-03-25 05:46:16', '2022-03-25 05:46:16'),
(42, 2, 3, 'At perferendis repudiandae perspiciatis autem labore non enim.', 'et-quia-consequatur-cupiditate-sit-velit', 'https://via.placeholder.com/1280x720.png/00aa99?text=fuga', 'Voluptatibus sit quibusdam delectus. Voluptas quod consequatur consectetur error enim. Iste dolores excepturi officiis rerum. Enim error distinctio est praesentium. Minus quia possimus quis quae qui. Eum eos corrupti sit fugiat omnis. Id voluptates aut odio aut iste officia. Ut soluta corporis et aut. Error sed dolorum blanditiis ducimus voluptates ratione optio aut. Incidunt et itaque laboriosam tempora necessitatibus ea odio. Eos natus voluptas quia. Eos quia voluptate labore et qui vel id. Et dicta pariatur qui repellendus natus eum qui. Aut amet ex accusamus quis. Voluptatum numquam architecto est ut eius error debitis velit. Ut pariatur aliquid necessitatibus harum dolores.', '2022-03-25 05:46:16', '2022-03-25 05:46:16'),
(43, 3, 1, 'Dolores porro aperiam ad aut.', 'non-soluta-id-et-quia-repellendus-quia-quis-fugit', 'https://via.placeholder.com/1280x720.png/006622?text=et', 'Voluptates eum dolorem est ut. Minima quisquam vero ut quia nam. Quo ut qui suscipit dignissimos quas voluptatem. Culpa est quod sit consectetur. Beatae non placeat incidunt dolores reiciendis consequatur. Qui rerum laudantium labore qui cupiditate. Fugit repellendus voluptates corrupti voluptatum aut. Eum minus velit dolorum molestiae neque quasi. Aliquam autem esse quis saepe. Non quas illum quibusdam eligendi. Sed quam omnis sapiente quidem est eos. Accusamus corporis ea nesciunt voluptatum. Fuga quia aut libero rerum dicta dicta. Voluptas nam omnis fuga id tempora et. Eum ut nemo culpa. Reprehenderit omnis nobis aut quia non. Voluptate vel distinctio ut. Aut ut numquam vero iusto totam assumenda. Nostrum voluptates enim recusandae expedita aut.', '2022-03-25 05:46:16', '2022-03-25 05:46:16'),
(44, 1, 2, 'Et quis architecto non ipsa adipisci voluptas.', 'ut-corrupti-animi-dolores-maxime', 'https://via.placeholder.com/1280x720.png/00ee22?text=vitae', 'Recusandae esse at est quibusdam dolores molestias aut. Nam molestias eaque qui aut. Ut quo ullam accusamus excepturi qui dolor. Consectetur minima eligendi deleniti voluptatem sed. Repellat ea possimus dolore quaerat consequatur. Vel culpa est facere cum omnis consequatur aut. Qui doloribus aut iure dolorem. Et vel laudantium ipsa voluptatem voluptate dolores. Magnam aut nemo omnis nulla quae itaque dolorem. Sed ipsa facilis corporis sit non. Non hic a tempora praesentium quia sit. Accusamus qui tenetur neque necessitatibus qui quis. Expedita voluptatem eius fugiat molestiae adipisci. Exercitationem rerum reprehenderit aliquid molestiae qui iure perspiciatis. Velit nisi et molestiae vero beatae labore quia. Sunt deleniti sequi delectus dignissimos nihil.', '2022-03-25 05:46:16', '2022-03-25 05:46:16'),
(45, 3, 2, 'In omnis consequatur quae laudantium eum molestiae in.', 'fuga-quibusdam-repellat-rem-culpa-sunt-aut-sit', 'https://via.placeholder.com/1280x720.png/000066?text=soluta', 'Sit eum quae et ad. Et ut sed impedit nisi et. Velit ut sed harum ipsam eum placeat repudiandae. Non illum dolor voluptatem voluptate quasi consequuntur velit. Ut sit sed odit et voluptatem omnis repellendus. Unde quia commodi nisi ex. Eos quia commodi non quasi dicta et. Voluptatem earum suscipit voluptatem voluptatem vel vero. Neque velit dolore officiis expedita. Cupiditate ipsam et voluptatum. Dolore in molestiae necessitatibus neque. Adipisci debitis commodi blanditiis. Quisquam voluptas rerum nemo quia voluptatum voluptatem omnis. Natus magni adipisci placeat cum unde consectetur dolorem. Nihil perspiciatis quo id cumque consequatur porro.', '2022-03-25 05:46:16', '2022-03-25 05:46:16'),
(46, 4, 1, 'Fugiat quo ut rerum nam.', 'fugit-distinctio-neque-omnis-eius', 'https://via.placeholder.com/1280x720.png/00ccff?text=harum', 'Voluptatum pariatur excepturi ut quia nesciunt quo assumenda. Voluptas aliquam temporibus cum voluptatibus. Doloremque ea explicabo dolorem voluptatem repudiandae minima dolore. Minima consequuntur eos sunt quam. Consectetur est architecto illo architecto eaque. Doloribus fuga vitae eveniet voluptatem quo. Qui atque sint earum enim consequatur. Natus voluptatibus itaque amet quibusdam. Sapiente repellendus ut itaque sit est corporis rerum. Dolores praesentium neque quia veniam expedita laboriosam provident. Maiores doloremque rem dolorem ex nihil accusantium ut fugiat. Cum alias recusandae non sint. Modi quibusdam quis aut unde perspiciatis facere quo. Ex earum sit odio pariatur inventore omnis ea. Et dolor et in. Est eum voluptatum magnam. Ratione omnis sit aut et.', '2022-03-25 05:46:16', '2022-03-25 05:46:16'),
(47, 2, 2, 'Assumenda aut illo sint explicabo rem consequatur.', 'reprehenderit-et-excepturi-rerum-minima-autem-dolor-saepe-dignissimos', 'https://via.placeholder.com/1280x720.png/00eedd?text=rerum', 'Similique tempore nihil ducimus sunt quibusdam recusandae. Odio explicabo qui asperiores fugiat beatae natus dicta. Consequatur provident sint eos reprehenderit veritatis. In aliquid consequatur quas iure. Qui aut accusantium labore minus rerum eum est. Quibusdam ut facilis facilis. Voluptas velit minus nam sunt iure beatae. Qui assumenda aut sed. Ut quaerat dolorum quia ducimus qui cupiditate. Numquam facere deleniti hic sint aut perspiciatis est. Et sit soluta aut molestiae voluptatum. Omnis pariatur occaecati impedit ut doloribus. Reprehenderit exercitationem non ad consequuntur quidem ab voluptatibus. Magni quo dicta minus repellat molestiae. Quia totam dicta mollitia totam. Porro nobis repudiandae temporibus. Ut eum aut aspernatur.', '2022-03-25 05:46:16', '2022-03-25 05:46:16'),
(48, 1, 1, 'Molestiae aut molestias nostrum voluptatem ducimus eaque.', 'aliquam-occaecati-velit-excepturi-iusto', 'https://via.placeholder.com/1280x720.png/004400?text=adipisci', 'Et odio harum reprehenderit quod dignissimos quibusdam. Reiciendis ipsum aut beatae voluptatem eligendi dolor ut. Sit voluptas sit dolorem dolor qui distinctio dolorem. Ea quis error aut eaque aut et. Dolor saepe accusamus mollitia in aut et id. Similique sed ut nihil. Et aut architecto quo excepturi temporibus necessitatibus blanditiis. Voluptas in magnam excepturi est nihil. Facilis nemo corrupti facilis placeat eos quidem. Odit minima tempore et quas autem accusamus minima. Natus illo soluta delectus harum libero. Quia accusamus unde possimus voluptatem ipsa. Impedit error dicta eligendi nihil rerum. Minima nostrum saepe non voluptas saepe quasi. Ut qui velit error est labore eos quia sequi. Possimus cupiditate molestiae esse alias vel rerum.', '2022-03-25 05:46:16', '2022-03-25 05:46:16'),
(49, 2, 1, 'Exercitationem ut est modi.', 'voluptate-aut-ea-at-sit', 'https://via.placeholder.com/1280x720.png/005555?text=quia', 'Voluptatem eum nihil consequatur magni voluptatum. Est et quasi quaerat et alias aut. Perspiciatis fugit officia aspernatur aut repellendus molestiae dolores. Laborum nihil quaerat mollitia ducimus quo libero nobis. Similique dolores in et fugit. Fugiat dicta ducimus provident itaque libero provident. Quo nihil qui voluptates aut. Ad totam voluptas laudantium recusandae facilis. Repellat distinctio sequi rem voluptates animi sed. Dignissimos qui ab dolorem et est occaecati. Qui suscipit porro maiores quia est delectus. Soluta omnis odio ipsam minima repellat. Et nobis aut et dolor. Ducimus natus ipsum voluptates et maiores fugit recusandae. Ab reprehenderit doloremque velit quia. Occaecati qui officiis cupiditate in voluptatibus quidem aut nemo. Harum asperiores dolor similique est.', '2022-03-25 05:46:16', '2022-03-25 05:46:16'),
(50, 3, 3, 'Aspernatur nisi esse quis molestiae laudantium.', 'autem-aperiam-et-soluta-fugit-deserunt-aut-neque', 'https://via.placeholder.com/1280x720.png/00aaee?text=architecto', 'Iusto et et eveniet omnis. Quae nam quod ullam consectetur aut asperiores. Impedit unde possimus ea sed dolorum. Autem quia quia modi est rerum aliquid. Error porro ut omnis. Quae recusandae et quia voluptas reprehenderit doloremque. Eum totam molestias aut dignissimos ipsum. Ut quia eos modi totam ut placeat officia. Et optio officiis deleniti quis est nulla. Maxime pariatur placeat maiores. Modi id occaecati nemo deserunt distinctio quo minus omnis. Quidem tempore eaque ab incidunt voluptatibus. Vitae non beatae sapiente eos nobis repellendus optio. Esse voluptas vitae autem optio maiores aut qui quo. Adipisci velit architecto qui vitae voluptatibus ad. Aut commodi qui aperiam aspernatur odio nemo consequatur.', '2022-03-25 05:46:16', '2022-03-25 05:46:16'),
(51, 2, 3, 'Adipisci perferendis pariatur neque.', 'rem-aut-explicabo-in-qui-quis', 'https://via.placeholder.com/1280x720.png/000066?text=iure', 'Est dolor suscipit quia. Dolores aut voluptatum et aspernatur voluptatem. Soluta doloribus veniam quasi ex dicta. In velit est minus ea. Corrupti corporis ab similique est maxime repudiandae dolorum velit. Ratione sunt pariatur illum dicta consequuntur veniam libero. In voluptas nihil maxime. Corporis ab modi reprehenderit corrupti eligendi. Praesentium qui est nemo ut modi magni. Laboriosam ullam inventore ut eaque. Impedit ullam illo et aut est dolor maxime. Commodi et possimus ipsa autem voluptates eaque fuga provident. Est temporibus perspiciatis natus in sint. Natus est aut corrupti nulla nobis. Nesciunt quos totam est. Occaecati vel praesentium sint illum eligendi provident dolores. Nostrum quasi in ratione corrupti quis mollitia.', '2022-03-25 05:46:16', '2022-03-25 05:46:16'),
(52, 1, 3, 'Deserunt atque alias voluptatibus ullam.', 'qui-esse-ea-et-labore-dolorem-necessitatibus-molestiae-pariatur', 'https://via.placeholder.com/1280x720.png/0000ee?text=iure', 'Enim nesciunt molestiae non ut aut. Doloribus nesciunt sit cum ratione. Eum ad quod dolor libero in non. Tempora et hic praesentium. Id temporibus beatae doloremque facere. Nisi mollitia eos et itaque. Quam sed incidunt est quisquam. Distinctio possimus nesciunt quos in iste. Veritatis nostrum et vel repellat. Et neque mollitia nobis id tempora iste. Et velit consequatur et consequatur unde eum culpa. Quisquam expedita atque earum molestiae sint laboriosam adipisci. Id voluptas nisi quas ea quaerat praesentium. Aut ea deleniti nemo sit. Voluptatem atque aut ut voluptas vero debitis. Tempore non quo porro iusto. Voluptatibus minima distinctio labore sit. Qui perferendis repellat labore incidunt.', '2022-03-25 05:46:16', '2022-03-25 05:46:16'),
(53, 3, 1, 'Quae alias quisquam sapiente reprehenderit iste.', 'quaerat-eligendi-doloribus-explicabo-nobis-atque', 'https://via.placeholder.com/1280x720.png/009988?text=odio', 'Minus quos est aliquid enim et alias. Deserunt veniam ea molestiae ex dolore. Soluta qui ducimus molestias dolorum perspiciatis rem officiis. Autem ipsa debitis soluta ea tempora est nihil. Harum dolorem aut ipsam ea deleniti. Voluptatem magni aspernatur repudiandae necessitatibus delectus eum expedita. Nulla repellendus est vel accusantium assumenda. Ut est corporis sed delectus. Reprehenderit debitis voluptatibus aperiam nisi consequatur explicabo aliquam. Dolor ut sed excepturi dolores. Culpa excepturi quos alias eum ab. Praesentium aut laboriosam hic quisquam voluptates. Voluptas eos qui sed quia. Ducimus itaque ab commodi sapiente. Illo veniam quam iusto qui voluptate.', '2022-03-25 05:46:16', '2022-03-25 05:46:16');
INSERT INTO `courses` (`id`, `user_id`, `category_id`, `name`, `slug`, `imagen`, `description`, `created_at`, `updated_at`) VALUES
(54, 5, 3, 'Dolor nostrum commodi voluptas illum sed porro assumenda.', 'maxime-velit-vero-est-dolores-dolores-consequatur', 'https://via.placeholder.com/1280x720.png/00ffdd?text=aut', 'Aperiam inventore fugiat et nostrum fugit enim et. Et architecto laborum aspernatur aut consequuntur. Temporibus a sunt beatae nihil. Consequatur non molestias rerum. Corrupti asperiores voluptatem quia quam hic. Natus sit recusandae omnis. Numquam quis non natus reiciendis odio. Corrupti voluptate est a in nostrum voluptas. Deleniti temporibus eos vero sint et. Eos culpa fugit aliquid maiores nulla aut. Ut quo facilis nesciunt vel blanditiis et officia. Ut repudiandae dolorem iure aspernatur voluptas et. Voluptatem saepe sit doloribus. Voluptatem doloremque perferendis rerum sunt molestias. Omnis dolore sit id at ut et eius. At exercitationem hic aut incidunt recusandae saepe magnam.', '2022-03-25 05:46:16', '2022-03-25 05:46:16'),
(55, 3, 2, 'Quasi debitis veritatis exercitationem repellendus pariatur nobis dolorem.', 'quibusdam-in-repellendus-eum-explicabo-ut-et-eaque', 'https://via.placeholder.com/1280x720.png/00ee44?text=quod', 'Tempore perferendis et recusandae sint. Voluptatibus maxime sint ducimus impedit eos impedit. Minus esse eum non accusantium et. Dolore qui unde voluptatem in corrupti. Dolor magnam et aut tenetur sint enim. Aliquid suscipit ut et alias rerum amet porro. Nihil at velit qui recusandae. Occaecati perspiciatis omnis esse veniam et saepe laborum. Quaerat et ullam nesciunt perferendis reiciendis facere similique. Ea sed libero et sunt tenetur quos expedita temporibus. Ducimus rerum ut sunt omnis ratione. Dolorem aliquam maxime et ut consequatur. Aliquam illo nobis sed sed. Eius omnis ut reiciendis ratione. Ut nihil et eos enim esse. Enim quo natus eum qui deserunt aut. Nam expedita qui qui omnis et veniam non.', '2022-03-25 05:46:16', '2022-03-25 05:46:16'),
(56, 3, 1, 'Illum consectetur qui omnis quam nihil et labore.', 'fugiat-ipsa-sit-numquam-et-dolor-aut-et', 'https://via.placeholder.com/1280x720.png/00aa99?text=et', 'Ratione ratione placeat dignissimos omnis. Quae sed et aliquam fugiat et velit. Sed dicta velit ea illum dolor non. Qui porro neque distinctio culpa voluptates magni. Qui voluptatem quis sit rerum rerum quasi autem. Blanditiis et ad totam voluptates ut dolor harum omnis. Alias fugiat et ut dolor. Ut autem porro perferendis ducimus quod dolor eligendi. Excepturi dolore consectetur sit eos deleniti id. Dignissimos corporis et autem velit. Est illo quaerat voluptas aut. Voluptatem dolor in veniam voluptas dolores. Sed eius doloribus quasi doloremque quasi. Ex sapiente eveniet eum ut. Aperiam explicabo labore quod est labore deleniti sed. Molestiae minima dolorem repellat est pariatur. Ut qui ut cum consequatur harum aut recusandae.', '2022-03-25 05:46:16', '2022-03-25 05:46:16'),
(57, 3, 3, 'Illum nostrum totam vel nihil.', 'velit-quisquam-commodi-nemo-quisquam-sed-distinctio-minima', 'https://via.placeholder.com/1280x720.png/001100?text=voluptatum', 'Distinctio fuga nulla facere. Quidem commodi ea excepturi. Eum nam totam in voluptatem et. Est eveniet nihil vero praesentium nihil et. Quisquam ad natus rerum voluptatum occaecati magnam aut. Aut tempore provident nam nulla modi quaerat sunt. Voluptatum debitis ducimus sit qui. Et praesentium aut aut ut expedita nobis doloremque. Quia et eos consequatur perferendis similique tempora rerum. Placeat consequatur sit et facilis molestiae non repellat sint. Officiis asperiores debitis placeat architecto cum quia reiciendis rerum. Mollitia repellendus dolores ipsa sit dicta. Corrupti perferendis voluptas culpa consequuntur et. Magni et libero quis temporibus. Fugiat iure dolorem labore alias.', '2022-03-25 05:46:16', '2022-03-25 05:46:16'),
(58, 4, 3, 'Consectetur quam non et facilis.', 'laudantium-quo-et-aut-et-numquam', 'https://via.placeholder.com/1280x720.png/008844?text=illum', 'Et vitae sed vitae magnam. Est rerum architecto rem culpa reiciendis eos. Tempora adipisci illo dolorem rerum quam quisquam blanditiis. Veritatis omnis eius debitis enim omnis nisi. Dolores consequatur ab voluptas quaerat eligendi quia beatae. Architecto suscipit nihil sit sint rerum facere necessitatibus. Et sequi eveniet quaerat qui non consequatur aut facere. Quod dolores quas dolore deleniti sapiente et consectetur voluptates. Nemo consequatur voluptates et ullam necessitatibus. Modi harum saepe nihil dolor blanditiis. Et rerum facilis id illo dicta. Quis illum ipsam inventore animi aliquid omnis omnis. Tenetur sed necessitatibus assumenda autem. Omnis nemo nesciunt voluptatum adipisci.', '2022-03-25 05:46:16', '2022-03-25 05:46:16'),
(59, 3, 2, 'Totam ipsa sunt numquam repudiandae officiis veritatis laudantium.', 'ad-alias-modi-sed', 'https://via.placeholder.com/1280x720.png/006655?text=enim', 'Beatae aut minima rerum suscipit explicabo laborum ea. In sunt dolorum rerum et. Sed aliquid et et facilis accusamus. Sunt consequuntur velit consectetur ex. Earum velit non corrupti enim similique dolor. Molestiae quia labore vero aspernatur sunt. Eaque cum nam non reprehenderit aut natus maxime excepturi. Et repudiandae quo tempore saepe. Ut aperiam sit et non quidem aperiam. Enim qui facere quia enim earum. Qui est assumenda itaque ut molestias. Voluptatem sed autem illum accusantium ut sit odit. Et minus cum natus dolore cumque voluptatem praesentium. Id consequatur optio et ipsa est quam in minus. Delectus dolor tempore aut officiis dolorum quasi itaque ratione. Amet ipsum sequi nostrum nemo assumenda minus.', '2022-03-25 05:46:16', '2022-03-25 05:46:16'),
(60, 5, 1, 'Quae accusantium sed porro.', 'et-deleniti-id-cupiditate-cumque-corporis-cupiditate-nobis', 'https://via.placeholder.com/1280x720.png/00dd22?text=autem', 'Ab dolorem sed suscipit laudantium iure inventore eum. Voluptate ea omnis aut provident sint magni quia. Quo sint aut illo nulla magnam quaerat. Illo voluptatum voluptatem ea voluptatum nesciunt ea. Et aut facere sint rerum veritatis beatae. Cumque labore quis doloremque eos ipsum exercitationem. Ut aspernatur eaque eius in magni tempora quo fuga. Aut occaecati vel sunt non ipsa necessitatibus. Tempora nisi dolor explicabo aut quasi qui sunt. Est ducimus et omnis ab. Consequatur a assumenda eos laudantium sed aut eum. Beatae sit similique enim velit. Quasi in provident qui incidunt similique minima. Tempora non quas laborum corporis ullam odio autem. Voluptates voluptatem cumque voluptatibus numquam.', '2022-03-25 05:46:16', '2022-03-25 05:46:16'),
(61, 5, 2, 'Culpa nemo quidem voluptas est consequatur.', 'saepe-eligendi-ut-et-sit-consectetur', 'https://via.placeholder.com/1280x720.png/00cccc?text=ducimus', 'Doloribus et sint consequatur rerum perferendis facere aspernatur. Animi id quod id. Provident enim voluptas omnis quidem vero. Nam sed necessitatibus et cumque. Qui assumenda excepturi sapiente. Facilis in maiores voluptas. Officia ut itaque et dolor. Commodi ducimus maiores eius quae exercitationem voluptas. Soluta sed officia non ad incidunt excepturi. Maiores explicabo autem officiis facilis magnam inventore vel odit. At commodi sequi nisi voluptatem et alias ratione. A illo esse quidem optio voluptas. Quidem et eius non. Placeat quas inventore eos sunt atque. Quia atque voluptas omnis. Minima dolorum quo voluptas. Quo nihil sed ratione commodi qui.', '2022-03-25 05:46:16', '2022-03-25 05:46:16'),
(62, 1, 2, 'Adipisci culpa ducimus qui qui cum.', 'voluptate-harum-deleniti-necessitatibus', 'https://via.placeholder.com/1280x720.png/006622?text=fugit', 'Soluta dicta voluptas itaque quaerat. Nesciunt laborum quaerat molestiae. Commodi dolorum aut tenetur atque quia debitis dolorem. Quia repellat aspernatur neque consectetur neque repudiandae. Et odio harum et illo. Aperiam ipsam corporis ullam nisi ullam facilis. Non hic reprehenderit magnam inventore et. Praesentium ipsam numquam non quisquam in. Illo veritatis optio nemo quaerat. Recusandae est at sed enim praesentium. Aspernatur consequatur quae id. Ipsa quam eaque in labore. Officiis sed accusamus aut repellat doloremque sunt ab. Quo ad quibusdam minima minus omnis. Repellat earum rerum rerum atque fuga consectetur soluta. Quas quis ea quis et qui. Cupiditate eaque consequuntur similique modi. Vel ea facilis est enim. Consectetur maxime eligendi eum voluptatem qui recusandae illo.', '2022-03-25 05:46:16', '2022-03-25 05:46:16'),
(63, 3, 1, 'Delectus mollitia earum possimus in nihil dolor.', 'vero-nisi-nisi-quis-optio-ad-sit-vel-tempora', 'https://via.placeholder.com/1280x720.png/0011dd?text=consequuntur', 'Perspiciatis eveniet amet maiores vel. Consectetur voluptatibus odit est vitae eaque. Beatae in distinctio dicta in eos quia. Ut est amet accusantium officia saepe. Consectetur eum vero inventore exercitationem aut optio porro velit. Exercitationem dignissimos quia cum enim nobis numquam. Ut dolorem quisquam reiciendis saepe est facilis. Omnis nam aliquam et. Laudantium eveniet quia consequatur eum. Pariatur in cupiditate nihil occaecati voluptatem atque cum facere. Consequatur harum deserunt eaque incidunt tempore voluptatem. Nisi omnis mollitia consequatur sint. Pariatur voluptatem id eos illum ea. Aliquam accusantium quaerat dolorem molestiae quam eum ex dolorum. Molestiae quo eum omnis beatae tempora. Consequatur rem qui reiciendis tenetur autem omnis beatae.', '2022-03-25 05:46:16', '2022-03-25 05:46:16'),
(64, 4, 3, 'Dolorum placeat dolore est eos.', 'ducimus-perferendis-ut-sed-aliquid-amet-fugiat-eaque', 'https://via.placeholder.com/1280x720.png/003300?text=alias', 'Autem qui blanditiis aut exercitationem temporibus. Accusamus quidem autem vel doloribus nulla adipisci. Et at consectetur hic eveniet. Iste aut laborum minus consequuntur illo qui mollitia. Error dolores rerum quia voluptatem rerum. Facilis earum quasi qui. Et et sint aspernatur ut. Est fugit incidunt et. Amet officiis et cupiditate error debitis aut. Dicta debitis tempore tempore qui nam omnis. Qui quia quaerat officiis unde. Qui ut quia molestiae est. Cumque culpa quia voluptas ut distinctio. Ex occaecati voluptate unde. Nihil dolorem quo atque hic a hic. In nisi voluptate dolore earum occaecati dolorem beatae. Ex ipsam eaque non excepturi debitis.', '2022-03-25 05:46:16', '2022-03-25 05:46:16'),
(65, 5, 2, 'Culpa quo minima id non libero sequi.', 'aspernatur-et-amet-qui-velit', 'https://via.placeholder.com/1280x720.png/002222?text=molestias', 'Dolor eaque accusamus nobis repellendus vitae nam aspernatur aliquid. Rerum tenetur voluptates cumque error veniam ut aliquam. Reprehenderit velit ut corporis nisi aut. Ab atque quia reiciendis. Repudiandae repellat ut perspiciatis ea qui eligendi. Maiores quibusdam facilis dolore sapiente voluptatum libero. Sunt sint atque necessitatibus ut fugit quas. Fugiat repudiandae vel vel quasi enim tempore maxime. Tempora iusto pariatur facilis aperiam dolor quaerat. Autem omnis recusandae qui. Neque et quidem voluptas exercitationem ratione sed voluptatibus. Deserunt ratione qui sunt et vitae fugiat hic. Sunt fugiat ad quis quisquam et. Dolorem repellat non voluptates fugit.', '2022-03-25 05:46:16', '2022-03-25 05:46:16'),
(66, 3, 3, 'Sunt et ut voluptatibus repellat.', 'aut-temporibus-numquam-et-sequi-numquam', 'https://via.placeholder.com/1280x720.png/005533?text=commodi', 'Repellendus sit voluptatem amet architecto atque perferendis sed qui. Quaerat dolor aut veniam nostrum dolor similique quo. Maiores est quia necessitatibus dolores. Necessitatibus voluptatem facere aut magnam nihil vero enim. Est numquam dignissimos fugiat ex omnis aut iste. Ipsum iusto et veritatis. Sit enim enim aliquam et. Dicta quia qui qui expedita maiores et. Ipsam alias voluptatum praesentium nobis. Et nihil reprehenderit magnam rerum nobis. Harum debitis necessitatibus quaerat et id. Molestiae libero eos qui rerum distinctio tenetur odio. Officia nihil rerum quod dolor. Quae quidem aut dolor fugiat porro. Ut facilis dolorum rerum.', '2022-03-25 05:46:16', '2022-03-25 05:46:16'),
(67, 5, 3, 'Et recusandae possimus et est voluptatem dignissimos.', 'ratione-tempore-eius-veritatis-aut', 'https://via.placeholder.com/1280x720.png/009977?text=corporis', 'Optio consectetur assumenda animi soluta qui velit repellendus. Ipsa distinctio rerum qui consequatur quis. Eos maxime porro veniam modi dolores. Id autem ut earum eligendi amet ipsum. Deserunt sint tenetur assumenda. Aut soluta dignissimos nihil et. Velit et perferendis qui hic et et voluptas. Sit neque nam nihil provident. Impedit et officia alias exercitationem quasi blanditiis. Sequi pariatur sit vel dolor ut quas dolores. Placeat aut earum eos corporis. Sapiente aliquid doloremque magnam consectetur in. Veniam consectetur possimus ex. Libero sed quia quos quaerat doloremque repellendus quae.', '2022-03-25 05:46:16', '2022-03-25 05:46:16'),
(68, 1, 3, 'Ducimus natus tempore exercitationem consectetur.', 'occaecati-suscipit-voluptatem-et', 'https://via.placeholder.com/1280x720.png/00ccdd?text=vero', 'Non at facilis quisquam qui distinctio officiis provident sit. Magnam iure corrupti est mollitia libero. Nihil voluptas sint maiores ipsa vero. Corporis dolor corporis consequatur qui amet. Atque quas libero et ipsum suscipit. Assumenda necessitatibus velit illum qui qui dolor. Blanditiis vero ab est autem. Quam omnis reiciendis iste voluptatem voluptatem tempora aut omnis. Eveniet vitae et sed qui laudantium est et. Velit ducimus delectus odio magni est. Porro non numquam dolor rerum quos. Quia sed error nam illo laborum aut hic. Sit voluptas quaerat excepturi omnis consequatur. Nemo voluptas voluptas voluptatem dolores. Dolor quia nihil rem unde voluptatum reprehenderit velit.', '2022-03-25 05:46:17', '2022-03-25 05:46:17'),
(69, 2, 3, 'Iusto eum vitae sit corrupti velit minima accusamus.', 'maxime-nesciunt-veniam-sed-quisquam', 'https://via.placeholder.com/1280x720.png/003355?text=et', 'Exercitationem et quasi error vel. Exercitationem dolorum aut est fuga. Et quos quo blanditiis deleniti itaque et quaerat. Et est eos voluptatem consequatur deserunt quae est. Illo quia quidem maxime dolores velit est sit. Blanditiis ut ducimus voluptatum consequuntur voluptatem ipsum voluptate. Officiis optio facere quis. Dignissimos explicabo beatae natus eligendi sed. Voluptate reiciendis dolores aspernatur cupiditate id magnam. Corporis laboriosam voluptatem vero in hic. Nisi eligendi quos eos adipisci placeat. Voluptatem ut ratione eum. Voluptatem eaque voluptatibus rerum atque et voluptatem at a. Tempora ut facere qui dolores facere quo illo. Reiciendis non ipsam fugit.', '2022-03-25 05:46:17', '2022-03-25 05:46:17'),
(70, 2, 2, 'Aut doloremque aliquid quaerat tempora dolorem ipsum.', 'qui-ducimus-omnis-tempore-hic-tempora-delectus-et-non', 'https://via.placeholder.com/1280x720.png/00ff22?text=vero', 'Vel rerum omnis itaque aut. Unde facilis aliquid id sit natus omnis et. Qui fugit vero qui. Inventore omnis repellendus nihil dolor quae eaque in assumenda. Sit eum sed iusto. Earum velit aut earum deserunt omnis quaerat. Sed eum laborum quam numquam. Asperiores vero ab consequuntur rerum sint praesentium maiores est. Qui qui possimus optio. Quia fugiat qui voluptates. Dicta ratione qui cupiditate neque natus. Neque minima velit eum dolorem tenetur non at qui. Temporibus quis aut temporibus. Officiis voluptatem ab aut dolorum. Architecto ea vero sapiente ut. Quo et distinctio aut deserunt non. Veritatis cum amet et.', '2022-03-25 05:46:17', '2022-03-25 05:46:17'),
(71, 1, 1, 'Totam officiis et sit eveniet officia est.', 'quo-autem-alias-maiores-excepturi', 'https://via.placeholder.com/1280x720.png/003377?text=et', 'Repudiandae nam autem doloribus. In asperiores quae cumque et tenetur. Ex odit commodi et neque maiores alias quo corporis. Accusamus laboriosam inventore voluptatem vel reprehenderit incidunt. Et officiis nisi vel culpa. Neque ratione eum voluptatibus. Veritatis et ut sapiente accusantium ut aut. Qui eum tempora nulla itaque. Eveniet rerum nam laboriosam illo fuga eveniet quam numquam. Est velit et laudantium aut sit nam voluptatibus. Temporibus veniam numquam est asperiores nihil. Non aut pariatur maxime et blanditiis sunt. Et et est quia facere enim. Et excepturi quia nemo eum optio. Sed et aspernatur saepe. Aut eligendi aut possimus sint fugiat iste culpa. Temporibus dolores libero aut beatae error.', '2022-03-25 05:46:17', '2022-03-25 05:46:17'),
(72, 3, 2, 'At quibusdam sunt fugit omnis.', 'animi-eius-fuga-at-fuga', 'https://via.placeholder.com/1280x720.png/0022aa?text=quidem', 'Ut vel ut deleniti. Aut omnis rerum perspiciatis quia ipsa aliquid. Veritatis molestiae voluptatem explicabo nemo est. Ipsa reprehenderit at quia. Et repellat at praesentium velit eaque maxime. Harum neque pariatur quasi sed eaque officiis hic qui. Rem aut et sint et non. Mollitia aut doloremque qui eum illum ut. Ut qui sit quia. Accusamus earum impedit consectetur modi iste quia. Itaque quo voluptatem quo tenetur omnis. Debitis id enim minima error rem. Ut ut ipsam ex quisquam sint necessitatibus quaerat. Nam ut voluptas quia. Repudiandae quas in consequuntur. Laborum consequuntur enim enim. Hic enim et est ut voluptatem. Magni quibusdam excepturi commodi totam. Repellat quae mollitia quibusdam impedit a accusamus. Incidunt vero totam vitae libero sit quam sit.', '2022-03-25 05:46:17', '2022-03-25 05:46:17'),
(73, 5, 2, 'Id ut rerum officiis quos et officia.', 'maiores-aliquid-est-asperiores-culpa-non-nobis-quasi-exercitationem', 'https://via.placeholder.com/1280x720.png/009966?text=exercitationem', 'Ducimus sed velit reiciendis exercitationem vel vitae ullam. Accusantium accusamus incidunt recusandae molestias. Harum et architecto magni sit ea. Nihil quidem deleniti dolor nam voluptates corporis. Quod quia quia nam laudantium et explicabo et. Qui ut sapiente qui animi reprehenderit non qui. Fuga totam iusto quidem. Voluptatem dignissimos unde exercitationem cumque et. Deleniti debitis voluptatem sint commodi ut molestiae. Nihil asperiores quis aliquid vel. Deleniti pariatur ad occaecati enim ut rem. Commodi similique non tenetur tenetur consequatur sit. Sed quod nemo consequatur expedita voluptas. Ipsam eaque qui delectus molestias iure qui facilis officia. Sit et nesciunt aspernatur vitae ratione. Porro itaque et facere eius.', '2022-03-25 05:46:17', '2022-03-25 05:46:17'),
(74, 1, 3, 'Eius saepe cumque impedit veritatis ullam nobis et.', 'earum-soluta-est-vitae-eos-vero', 'https://via.placeholder.com/1280x720.png/00ff55?text=reprehenderit', 'Earum repellat eligendi et hic. Fuga autem rem repellat reprehenderit voluptas molestiae sit. Sit natus voluptatem natus alias qui pariatur rerum dolores. Nam voluptatem id id velit dolores asperiores a. Deserunt id est reprehenderit ab est numquam dolore fuga. Vel inventore culpa aut vero repellendus architecto perferendis. Reiciendis et voluptates maiores voluptates modi omnis non. Enim id et sint ad architecto odio libero. Dolorem illum quis quia aut. Est ea est aliquid minus culpa dolores minima est. At vero dolore et reiciendis. Voluptates ullam inventore quo omnis. Est quo sunt eaque commodi incidunt ipsa laboriosam. Eveniet quaerat sit ipsa ipsam. Similique ut inventore mollitia eaque doloremque consequuntur.', '2022-03-25 05:46:17', '2022-03-25 05:46:17'),
(75, 1, 1, 'Voluptatem aliquid occaecati quis quod voluptatum.', 'ducimus-totam-rem-asperiores-dolores-sint', 'https://via.placeholder.com/1280x720.png/007766?text=illum', 'Dicta excepturi sed rerum aut. Placeat quo blanditiis sint. Quaerat id ducimus et distinctio sit sed exercitationem. Ea laudantium totam amet suscipit inventore quidem est. Consequuntur facilis aut placeat nostrum incidunt quos tempora. Occaecati sint consequatur possimus omnis et voluptatem corporis. Officia dolore atque vero qui ullam. Sit in non explicabo omnis. Sed error est laboriosam in qui atque doloribus recusandae. Provident dolores dolorum et veritatis rerum iusto. Repudiandae et aliquid iusto. Porro a et odit vel amet nemo. Magnam eius sed perspiciatis autem id perferendis. Qui aperiam officia quae fugiat ipsum. Minus ratione natus ducimus nobis facere et explicabo. Est enim temporibus qui iste beatae ex. Molestiae minus aut beatae est.', '2022-03-25 05:46:17', '2022-03-25 05:46:17'),
(76, 2, 2, 'Consectetur numquam fugit consectetur voluptatem.', 'quos-et-molestias-animi-fuga', 'https://via.placeholder.com/1280x720.png/000022?text=illo', 'Id eum quos quae in. Dolores voluptatem et sit distinctio. Dignissimos quidem provident nihil magnam. Error fugit laudantium quibusdam velit. Voluptate sunt est officia impedit dolor eligendi ut. Culpa cum molestias dolores iure. Est et numquam voluptas. Similique quis et aliquam voluptatem neque. Voluptate totam maxime atque quidem repellat consequuntur eos. Qui eaque praesentium asperiores ut qui et aut. Voluptatem et inventore vel quod aspernatur. Modi molestiae autem est expedita nihil sapiente. Laudantium aspernatur officia officia voluptatibus perspiciatis aut. Aliquid repellat libero minima omnis. Velit hic et pariatur saepe accusamus voluptas. Totam ea temporibus fugit corrupti distinctio. Magnam pariatur facilis consequatur ad in. Animi sequi aut ut quidem consequatur.', '2022-03-25 05:46:17', '2022-03-25 05:46:17'),
(77, 1, 3, 'Quas itaque nemo cum molestiae quis et labore.', 'dolorem-rerum-quo-nulla-aperiam-illo-voluptatem-mollitia', 'https://via.placeholder.com/1280x720.png/002211?text=nisi', 'Molestias consequuntur unde vero. Ea ut dolore et dolore voluptatum qui. Et ipsam alias tenetur et sed dignissimos. Explicabo ea voluptatem pariatur et dolor et autem. Dolores ad est eos consequatur quis in non. Quia rerum ullam est dicta ducimus reprehenderit. Aliquam autem eaque minus iste reiciendis perspiciatis. Rerum eum nihil incidunt dignissimos. Et molestiae a est dolore. Expedita at ut molestiae quisquam dolorem nihil laudantium. Accusantium omnis est corporis. Aut est beatae quo quia nobis. Incidunt magni asperiores ut laborum ea velit laborum. Reprehenderit quod aut quia qui est.', '2022-03-25 05:46:17', '2022-03-25 05:46:17'),
(78, 3, 1, 'Quod assumenda quia velit qui.', 'aut-recusandae-odit-ea-et-sed-aspernatur-sint', 'https://via.placeholder.com/1280x720.png/00aacc?text=numquam', 'Doloribus tenetur dolore aut vitae. Qui libero est ex et aut magni totam. Nam ut distinctio sint eos aspernatur laudantium. Ducimus eveniet illum molestiae. Omnis voluptatibus minus numquam qui aut magni. Nisi qui nihil exercitationem ut. Quibusdam nam enim consequatur sed. Corporis ea nulla et quam. Cupiditate facere earum ut labore. Voluptatem accusantium assumenda consequatur aspernatur dolor explicabo. Voluptas neque vel saepe illo qui cumque exercitationem. Autem accusantium sit odit fugiat. Recusandae eos animi modi voluptas quas officiis non. Beatae voluptas dolore quis dolores ducimus minus. Ea autem sunt voluptatem eaque facilis. Dicta voluptate eum enim alias nihil voluptatem. Aperiam est debitis non eum autem.', '2022-03-25 05:46:17', '2022-03-25 05:46:17'),
(79, 2, 3, 'Illum molestias alias consequatur.', 'cupiditate-quam-placeat-ut-corrupti', 'https://via.placeholder.com/1280x720.png/00bb66?text=ratione', 'Iure temporibus et odio nulla laborum tempore. Et architecto optio tempore ea. Et quaerat aut et ullam exercitationem recusandae nulla. Quia soluta mollitia non quia facere amet. Eum quasi est id ut at ipsum nihil. Quia voluptate soluta tenetur qui ea facere. Omnis earum nemo quia. Sit omnis eaque omnis dolorem. Et quia recusandae tempora ipsa deserunt in sed occaecati. Molestiae sunt totam voluptas eum ea deleniti sit. Qui sit unde ut impedit. Ipsa a odit est facilis. Dolor molestias ut sint labore commodi. Excepturi qui sed sit eaque quibusdam consequatur. Et sapiente quo distinctio et aut et. Quos voluptatem quasi velit corporis ipsum dolor. Id tenetur voluptas modi est. Dignissimos sit culpa tenetur ducimus enim nisi voluptas. Veritatis voluptas qui eligendi neque ipsa dicta quos.', '2022-03-25 05:46:17', '2022-03-25 05:46:17'),
(80, 1, 2, 'Est occaecati et officia et.', 'velit-autem-aliquam-sunt-quis-et', 'https://via.placeholder.com/1280x720.png/00ccdd?text=voluptas', 'Et nobis est officia provident. Officiis suscipit beatae distinctio occaecati. Ut non ut maiores aut qui et. Adipisci incidunt tempore eveniet iusto voluptatem. Molestiae fugiat iste voluptas quia. Laudantium consequatur earum doloribus rem debitis ipsam recusandae cumque. Dolore et asperiores quis similique est qui quasi beatae. Quidem fuga nisi nesciunt delectus minima quas. Cum ut autem sed nisi eos. Ex perferendis quia hic. Eum non quisquam aut amet. Voluptas quae qui quos distinctio facere consequuntur quae. Numquam quam corporis similique aliquam. Aut dolores voluptatem corporis nostrum ipsum aperiam tempora. Maiores et ullam porro recusandae saepe maiores quo totam. Eaque aperiam consequuntur quaerat ea sunt iusto.', '2022-03-25 05:46:17', '2022-03-25 05:46:17'),
(81, 3, 3, 'Velit ipsam doloremque suscipit nemo cupiditate aliquid.', 'qui-veniam-qui-facilis-laboriosam-nobis-dignissimos-dolorem', 'https://via.placeholder.com/1280x720.png/00dd99?text=culpa', 'Sed nulla ab consectetur blanditiis a laborum reiciendis. Qui explicabo itaque nulla sed dignissimos omnis velit. Commodi nam autem beatae iste. Sunt minima aspernatur animi asperiores ut et. Saepe aperiam ipsam et repellat facilis maiores. Nisi nisi molestias a ea molestiae. Provident aut adipisci dolores accusantium numquam sunt. Eius corporis veritatis aspernatur sint rerum possimus. Et id dolore blanditiis qui incidunt porro ducimus. Sed perferendis neque mollitia consequatur a itaque dolore. Quis sequi vero eum velit itaque. Aspernatur id et sed eum dolores. Et esse et et earum. Assumenda non fugiat recusandae. Rerum veritatis voluptatem rem non consectetur.', '2022-03-25 05:46:17', '2022-03-25 05:46:17'),
(82, 1, 2, 'Fugit occaecati numquam labore autem sequi ut.', 'error-aut-ullam-quisquam-excepturi-alias-est-perferendis', 'https://via.placeholder.com/1280x720.png/008899?text=accusantium', 'Ut cum accusantium sunt veritatis. Sequi neque atque odit est minima architecto officia itaque. Et non modi accusamus magnam blanditiis est non id. Excepturi ipsum modi autem dicta. Animi maiores eos a error dolore temporibus praesentium. Beatae omnis ut tempora sed facere. Quia labore quas suscipit nesciunt quo voluptates. Hic rerum vel dolor autem placeat consequuntur repudiandae. Eligendi esse cumque odio maxime qui quasi reiciendis. Ab quia eum reiciendis dolorum. Et laborum hic qui magnam nulla. Dignissimos vel est sed deserunt. Est consectetur ad eos culpa vel error magnam culpa. Amet eius voluptas ut non.', '2022-03-25 05:46:17', '2022-03-25 05:46:17'),
(83, 3, 3, 'Quasi velit libero aut unde dolor iusto accusamus.', 'recusandae-nulla-in-aliquam-nemo-quia', 'https://via.placeholder.com/1280x720.png/000044?text=ipsum', 'Molestiae sit totam velit fuga id. Temporibus aperiam alias dolores sed numquam maiores magnam. Quo dolorem consequatur porro aut eos. Et id aut quo veniam aut ut. Molestias ea quisquam omnis sunt fugit doloribus. Enim consectetur dolorum maxime quod. Corrupti corrupti iste soluta tempora occaecati delectus ab in. Quia nam rerum et. Ut rem voluptatem asperiores et architecto dolores ducimus. Nam atque ipsam rerum voluptas eos. Ratione dolor dolorem et maiores molestiae. Voluptate maiores alias aperiam molestias nulla. Eos quaerat fugiat quo quisquam. Aut et at officia est minima. Rerum a et incidunt autem eaque. Libero autem cupiditate dolor.', '2022-03-25 05:46:17', '2022-03-25 05:46:17'),
(84, 1, 2, 'Quis doloribus dolore minus accusamus itaque est.', 'quaerat-beatae-ea-tempora-voluptatem-quis-praesentium-facilis', 'https://via.placeholder.com/1280x720.png/00aadd?text=veritatis', 'Tenetur nam vitae magni quis perspiciatis quis esse. Reprehenderit est architecto expedita non odit. Perferendis sit est qui. Ducimus modi occaecati illo. Iure accusantium libero et non necessitatibus tempora quas. Id vitae id inventore distinctio. Eaque perferendis perspiciatis eius expedita eveniet molestiae dolore. Error magni magni autem sint. Molestiae velit deleniti sint sed sunt sed commodi. Sint dolores laborum labore suscipit odio eos. Ad quis voluptatum aliquid ratione assumenda. Excepturi voluptatem architecto saepe beatae id mollitia. Rerum dolor molestias odit iste vel deleniti voluptates ipsa. Recusandae debitis ex suscipit illo necessitatibus voluptatibus. Totam sequi et quaerat nostrum sunt. Quasi possimus pariatur consectetur similique.', '2022-03-25 05:46:17', '2022-03-25 05:46:17'),
(85, 2, 3, 'Velit ipsam laborum rerum tempore alias et non cum.', 'id-eos-consectetur-quo-mollitia-odit-ipsam-exercitationem-sed', 'https://via.placeholder.com/1280x720.png/00ffbb?text=quibusdam', 'Voluptatum dolorum ut ratione fuga laborum. Sequi provident sed non deleniti facere voluptatum expedita. Et atque occaecati ut placeat sed optio aut. Iusto repudiandae vel dolorum id et praesentium et eum. Quaerat itaque voluptatibus ipsa vel similique officia. Pariatur officia enim nam et. Maiores nihil ea tenetur quaerat quis nulla. Quia sunt inventore illo distinctio nihil. Voluptas a error cumque at enim laborum. Et et sed nobis ut optio quisquam architecto veritatis. Placeat tenetur expedita quas autem fugit. Natus facilis asperiores fugiat corrupti. Expedita quibusdam voluptate soluta vel. Veritatis amet totam aut. Ullam quis maxime autem harum eos accusantium. Ea commodi provident nostrum eaque quos. Illum delectus commodi deserunt et. Commodi officia doloribus tempora aut.', '2022-03-25 05:46:17', '2022-03-25 05:46:17'),
(86, 3, 2, 'Laborum occaecati tempore et a similique necessitatibus sequi.', 'nisi-sunt-dolorem-et-ducimus-porro-quia-provident', 'https://via.placeholder.com/1280x720.png/00ff44?text=velit', 'Sapiente corporis magni eaque corporis molestiae. Praesentium saepe non et ut quo rerum ratione. Aliquam quasi nihil deleniti fugiat aperiam. Aliquam assumenda est a labore. Voluptatum libero esse minima perspiciatis quod. Porro praesentium iusto et autem. Ea maxime enim ab veritatis aliquid. Et quis maiores non et quidem pariatur excepturi. Eum mollitia velit voluptatem voluptates. Et corporis corrupti eos hic distinctio officiis. Iste aut voluptas odio eum consectetur voluptas sed. Harum praesentium est molestiae suscipit nisi nesciunt. Est et omnis reiciendis quis ad. Delectus aut corporis quia cum praesentium quisquam. Qui nisi placeat animi eveniet qui vitae.', '2022-03-25 05:46:17', '2022-03-25 05:46:17'),
(87, 1, 3, 'Eos laudantium vitae fugiat.', 'est-aliquam-quo-earum-ut-tenetur-ab-enim', 'https://via.placeholder.com/1280x720.png/00bbdd?text=quae', 'Expedita suscipit voluptatem est necessitatibus repellendus consequuntur. Qui rerum sint inventore velit. Similique quis laboriosam hic qui. Ut non eum dolor quia debitis porro quibusdam. Recusandae corporis quo sit voluptatum exercitationem odio consequatur ab. Assumenda voluptatem maiores recusandae impedit blanditiis in ad. Omnis et alias delectus. Enim labore rem ut nesciunt facilis ipsam. Qui sapiente libero non reprehenderit velit. Consequuntur minus maiores voluptatem tempore nemo consequuntur deleniti dolor. Autem sed consequatur laborum impedit tempore. Sit molestiae quisquam quia voluptatem quasi aliquid. Delectus laudantium dolore est ut illum consequuntur voluptate exercitationem.', '2022-03-25 05:46:17', '2022-03-25 05:46:17'),
(88, 2, 3, 'Veritatis velit et cumque recusandae repellendus.', 'saepe-saepe-ad-necessitatibus-consequuntur-asperiores-laboriosam-delectus', 'https://via.placeholder.com/1280x720.png/0055bb?text=temporibus', 'Voluptate hic id sit sed nemo sint. Vitae est eveniet sint consequatur enim. Voluptates a voluptas ab ut. Aperiam tempore numquam in nemo eligendi. Facere ex id sint voluptatem ea quis quae. Ratione est labore dolor velit et voluptatibus. Occaecati accusamus dolor non ad. Nihil labore dignissimos repellendus qui consectetur dolorem facere. Nulla architecto autem delectus molestiae ab. Totam nobis eos quasi necessitatibus ullam illum et voluptatem. Modi est deserunt eos eos dolorem. Hic explicabo commodi aspernatur neque. Velit rem nobis quia ad officia commodi.', '2022-03-25 05:46:18', '2022-03-25 05:46:18'),
(89, 5, 1, 'Enim ut deserunt beatae porro id quia ad.', 'autem-totam-ipsam-ut-eum-nostrum-consequatur', 'https://via.placeholder.com/1280x720.png/008899?text=delectus', 'Dignissimos et assumenda cumque est eligendi. Ex et sunt explicabo aliquam quidem omnis sed. Quaerat expedita earum sit nisi unde debitis. Debitis aspernatur beatae numquam dolorem expedita. Fuga repellat sed ut. Quasi molestiae consectetur qui. Autem explicabo reiciendis eos. Autem autem itaque sit cum. Ipsum aliquid eius optio voluptatibus sequi. Aut dolores dolorem ut voluptas consectetur. Omnis dolores cupiditate et. Veritatis ut dolor nihil iure consequuntur in ut. Sit similique natus quasi impedit dolore. Dolor autem quae rerum est aspernatur eius. Autem ab harum molestiae ut quia recusandae. Deleniti voluptatem et id corrupti fugiat et. Vel quod eaque occaecati dolor nulla dolorum magni. Ea veritatis qui aut rerum aspernatur ut ut.', '2022-03-25 05:46:18', '2022-03-25 05:46:18'),
(90, 5, 2, 'Pariatur sint laudantium dolores illum nulla tempore.', 'et-ut-quae-eum-deserunt-architecto-expedita-omnis-laborum', 'https://via.placeholder.com/1280x720.png/004477?text=rerum', 'Natus aut ullam voluptatem cupiditate asperiores. Explicabo sed debitis non. Iure eos vel cumque officia minus. Non ea est ut veritatis molestiae a. Quis ut praesentium possimus qui laborum. Voluptatem omnis necessitatibus porro et. Soluta ea pariatur neque et. Ea in est provident qui rerum eveniet. Quaerat nemo odio illum voluptatem tenetur. Maxime sint corrupti consequatur nobis impedit autem itaque laborum. Ut omnis sit quibusdam officia maiores. Facilis ratione consequuntur sit porro pariatur aliquid quisquam. Quo vel eligendi quae nulla voluptas error non. Nostrum beatae ullam tempora dolor aspernatur reiciendis explicabo. Dolor voluptas numquam voluptatem est. Libero incidunt dolore facere non laborum. Nihil tenetur dolores porro.', '2022-03-25 05:46:18', '2022-03-25 05:46:18');

-- --------------------------------------------------------

--
-- Estructura de tabla para la tabla `failed_jobs`
--

CREATE TABLE `failed_jobs` (
  `id` bigint(20) UNSIGNED NOT NULL,
  `uuid` varchar(255) COLLATE utf8mb4_unicode_ci NOT NULL,
  `connection` text COLLATE utf8mb4_unicode_ci NOT NULL,
  `queue` text COLLATE utf8mb4_unicode_ci NOT NULL,
  `payload` longtext COLLATE utf8mb4_unicode_ci NOT NULL,
  `exception` longtext COLLATE utf8mb4_unicode_ci NOT NULL,
  `failed_at` timestamp NOT NULL DEFAULT current_timestamp()
) ENGINE=InnoDB DEFAULT CHARSET=utf8mb4 COLLATE=utf8mb4_unicode_ci;

-- --------------------------------------------------------

--
-- Estructura de tabla para la tabla `migrations`
--

CREATE TABLE `migrations` (
  `id` int(10) UNSIGNED NOT NULL,
  `migration` varchar(255) COLLATE utf8mb4_unicode_ci NOT NULL,
  `batch` int(11) NOT NULL
) ENGINE=InnoDB DEFAULT CHARSET=utf8mb4 COLLATE=utf8mb4_unicode_ci;

--
-- Volcado de datos para la tabla `migrations`
--

INSERT INTO `migrations` (`id`, `migration`, `batch`) VALUES
(1, '2014_10_12_000000_create_users_table', 1),
(2, '2014_10_12_100000_create_password_resets_table', 1),
(3, '2014_10_12_200000_add_two_factor_columns_to_users_table', 1),
(4, '2019_08_19_000000_create_failed_jobs_table', 1),
(5, '2019_12_14_000001_create_personal_access_tokens_table', 1),
(6, '2022_03_24_155831_create_sessions_table', 1),
(7, '2022_03_24_162124_create_categories_table', 1),
(8, '2022_03_24_163322_create_courses_table', 1),
(9, '2022_03_24_185158_create_posts_table', 1);

-- --------------------------------------------------------

--
-- Estructura de tabla para la tabla `posts`
--

CREATE TABLE `posts` (
  `id` bigint(20) UNSIGNED NOT NULL,
  `course_id` bigint(20) UNSIGNED NOT NULL,
  `name` varchar(255) COLLATE utf8mb4_unicode_ci NOT NULL,
  `free` varchar(255) COLLATE utf8mb4_unicode_ci NOT NULL DEFAULT '0',
  `created_at` timestamp NULL DEFAULT NULL,
  `updated_at` timestamp NULL DEFAULT NULL
) ENGINE=InnoDB DEFAULT CHARSET=utf8mb4 COLLATE=utf8mb4_unicode_ci;

--
-- Volcado de datos para la tabla `posts`
--

INSERT INTO `posts` (`id`, `course_id`, `name`, `free`, `created_at`, `updated_at`) VALUES
(1, 2, 'Illum et ex sint voluptas consequatur.', '0', '2022-03-25 05:46:18', '2022-03-25 05:46:18'),
(2, 2, 'Consequatur temporibus ratione porro odit.', '1', '2022-03-25 05:46:18', '2022-03-25 05:46:18'),
(3, 6, 'Quia enim ut illo laboriosam suscipit autem.', '0', '2022-03-25 05:46:18', '2022-03-25 05:46:18'),
(4, 3, 'Est corrupti reiciendis ducimus rerum sit pariatur.', '1', '2022-03-25 05:46:18', '2022-03-25 05:46:18'),
(5, 9, 'Quam velit aliquid nihil doloremque.', '0', '2022-03-25 05:46:18', '2022-03-25 05:46:18'),
(6, 9, 'Ut nisi consectetur laborum hic.', '0', '2022-03-25 05:46:18', '2022-03-25 05:46:18'),
(7, 2, 'Dolorem impedit aut nostrum mollitia omnis et.', '0', '2022-03-25 05:46:18', '2022-03-25 05:46:18'),
(8, 3, 'Occaecati voluptatibus est dolore sit.', '0', '2022-03-25 05:46:18', '2022-03-25 05:46:18'),
(9, 5, 'Velit dolor mollitia dicta.', '1', '2022-03-25 05:46:18', '2022-03-25 05:46:18'),
(10, 6, 'Saepe sit quis ut expedita qui et dolore.', '0', '2022-03-25 05:46:18', '2022-03-25 05:46:18'),
(11, 3, 'Eius at quia et molestiae iusto ut sit delectus.', '1', '2022-03-25 05:46:18', '2022-03-25 05:46:18'),
(12, 2, 'Molestiae recusandae et quam.', '0', '2022-03-25 05:46:18', '2022-03-25 05:46:18'),
(13, 5, 'Ab illum itaque blanditiis minima dicta voluptatem.', '1', '2022-03-25 05:46:18', '2022-03-25 05:46:18'),
(14, 8, 'Totam aut ut tenetur et deserunt est.', '1', '2022-03-25 05:46:18', '2022-03-25 05:46:18'),
(15, 4, 'Aut sapiente similique aliquid saepe debitis libero.', '0', '2022-03-25 05:46:18', '2022-03-25 05:46:18'),
(16, 10, 'Labore qui unde iusto quae.', '0', '2022-03-25 05:46:18', '2022-03-25 05:46:18'),
(17, 9, 'Quis et minima doloribus quia aut corrupti nemo veritatis.', '1', '2022-03-25 05:46:19', '2022-03-25 05:46:19'),
(18, 9, 'Perspiciatis sint non quam quaerat nihil sit laborum.', '1', '2022-03-25 05:46:19', '2022-03-25 05:46:19'),
(19, 7, 'Modi doloribus labore quis.', '0', '2022-03-25 05:46:19', '2022-03-25 05:46:19'),
(20, 10, 'In voluptas inventore alias temporibus.', '1', '2022-03-25 05:46:19', '2022-03-25 05:46:19'),
(21, 1, 'Eligendi repudiandae sint ipsam reiciendis omnis provident.', '0', '2022-03-25 05:46:19', '2022-03-25 05:46:19'),
(22, 10, 'Et eos dicta quia dicta corporis.', '0', '2022-03-25 05:46:19', '2022-03-25 05:46:19'),
(23, 7, 'Sed fuga delectus et.', '1', '2022-03-25 05:46:19', '2022-03-25 05:46:19'),
(24, 10, 'Sed est odio consequuntur quibusdam.', '1', '2022-03-25 05:46:19', '2022-03-25 05:46:19'),
(25, 10, 'Ratione amet ipsa dolor aut.', '0', '2022-03-25 05:46:19', '2022-03-25 05:46:19'),
(26, 2, 'Recusandae dolor et non distinctio fugit.', '0', '2022-03-25 05:46:19', '2022-03-25 05:46:19'),
(27, 2, 'Perspiciatis dolor totam est dolores dolorum.', '1', '2022-03-25 05:46:19', '2022-03-25 05:46:19'),
(28, 4, 'Molestiae dolorem adipisci autem amet.', '0', '2022-03-25 05:46:19', '2022-03-25 05:46:19'),
(29, 4, 'Error id quis quia incidunt.', '1', '2022-03-25 05:46:20', '2022-03-25 05:46:20'),
(30, 4, 'Eum quia unde eum culpa nam.', '0', '2022-03-25 05:46:20', '2022-03-25 05:46:20'),
(31, 6, 'Repellat consequatur similique et eos modi sed.', '1', '2022-03-25 05:46:20', '2022-03-25 05:46:20'),
(32, 6, 'Cum voluptas impedit iste deserunt sequi voluptatum at.', '1', '2022-03-25 05:46:20', '2022-03-25 05:46:20'),
(33, 4, 'Minus voluptates dolores nisi.', '0', '2022-03-25 05:46:20', '2022-03-25 05:46:20'),
(34, 2, 'Quam aperiam sunt qui aut.', '1', '2022-03-25 05:46:20', '2022-03-25 05:46:20'),
(35, 3, 'Aut amet blanditiis eos aspernatur.', '0', '2022-03-25 05:46:20', '2022-03-25 05:46:20'),
(36, 1, 'Recusandae suscipit id ipsa dicta nam qui.', '1', '2022-03-25 05:46:20', '2022-03-25 05:46:20'),
(37, 7, 'Earum doloremque rerum quo.', '0', '2022-03-25 05:46:20', '2022-03-25 05:46:20'),
(38, 9, 'Minus excepturi possimus possimus.', '1', '2022-03-25 05:46:20', '2022-03-25 05:46:20'),
(39, 10, 'Fugit inventore voluptatem optio accusantium esse sapiente fuga.', '0', '2022-03-25 05:46:20', '2022-03-25 05:46:20'),
(40, 6, 'Aut reiciendis minima nam.', '0', '2022-03-25 05:46:20', '2022-03-25 05:46:20'),
(41, 9, 'Natus enim incidunt ut provident.', '1', '2022-03-25 05:46:20', '2022-03-25 05:46:20'),
(42, 9, 'Repellendus velit cum totam ipsam quidem.', '0', '2022-03-25 05:46:20', '2022-03-25 05:46:20'),
(43, 4, 'Ut minima laboriosam reprehenderit molestiae laudantium non recusandae quos.', '0', '2022-03-25 05:46:20', '2022-03-25 05:46:20'),
(44, 6, 'Et rerum explicabo dolor eos.', '0', '2022-03-25 05:46:20', '2022-03-25 05:46:20'),
(45, 1, 'Veritatis expedita consequuntur fugit quis qui fuga.', '0', '2022-03-25 05:46:20', '2022-03-25 05:46:20'),
(46, 3, 'Harum rerum rem ad nostrum incidunt nobis.', '1', '2022-03-25 05:46:20', '2022-03-25 05:46:20'),
(47, 8, 'Repellendus magnam ea ut assumenda perferendis.', '0', '2022-03-25 05:46:21', '2022-03-25 05:46:21'),
(48, 8, 'Ipsum cupiditate non at necessitatibus ex id quos qui.', '0', '2022-03-25 05:46:21', '2022-03-25 05:46:21'),
(49, 6, 'Architecto quos ipsum est magnam temporibus.', '1', '2022-03-25 05:46:21', '2022-03-25 05:46:21'),
(50, 5, 'Sint alias vel et qui.', '1', '2022-03-25 05:46:21', '2022-03-25 05:46:21'),
(51, 5, 'Ut necessitatibus in reiciendis eum sint.', '1', '2022-03-25 05:46:21', '2022-03-25 05:46:21'),
(52, 7, 'Architecto fugit enim consequatur eligendi aut hic accusantium.', '1', '2022-03-25 05:46:21', '2022-03-25 05:46:21'),
(53, 3, 'Quam minus error animi voluptatibus qui hic sed.', '1', '2022-03-25 05:46:21', '2022-03-25 05:46:21'),
(54, 2, 'Maiores eligendi ut aut sed pariatur porro.', '1', '2022-03-25 05:46:21', '2022-03-25 05:46:21'),
(55, 6, 'Iure amet excepturi quia et iusto.', '0', '2022-03-25 05:46:21', '2022-03-25 05:46:21'),
(56, 6, 'Dolorem dolor quas aperiam sint quis mollitia.', '0', '2022-03-25 05:46:21', '2022-03-25 05:46:21'),
(57, 6, 'Dolorem excepturi quasi aliquam maxime.', '0', '2022-03-25 05:46:21', '2022-03-25 05:46:21'),
(58, 10, 'Commodi accusamus non eum sit quo quo.', '1', '2022-03-25 05:46:21', '2022-03-25 05:46:21'),
(59, 2, 'Quibusdam aspernatur nisi ut qui et dicta quidem.', '1', '2022-03-25 05:46:21', '2022-03-25 05:46:21'),
(60, 5, 'Laborum ipsum qui repellendus sit quibusdam minima laudantium.', '0', '2022-03-25 05:46:21', '2022-03-25 05:46:21'),
(61, 5, 'Omnis non laboriosam assumenda architecto.', '0', '2022-03-25 05:46:21', '2022-03-25 05:46:21'),
(62, 1, 'Omnis est quibusdam alias esse at.', '1', '2022-03-25 05:46:21', '2022-03-25 05:46:21'),
(63, 1, 'Eius qui quis sunt quia.', '0', '2022-03-25 05:46:21', '2022-03-25 05:46:21'),
(64, 7, 'Accusamus enim nesciunt dicta blanditiis vel sunt.', '1', '2022-03-25 05:46:21', '2022-03-25 05:46:21'),
(65, 3, 'Consequuntur est illo possimus quam mollitia.', '0', '2022-03-25 05:46:22', '2022-03-25 05:46:22'),
(66, 1, 'Fugit nihil aliquid repudiandae vero voluptatem.', '1', '2022-03-25 05:46:22', '2022-03-25 05:46:22'),
(67, 1, 'Voluptatibus reiciendis et ab doloremque et repellat ipsa error.', '1', '2022-03-25 05:46:22', '2022-03-25 05:46:22'),
(68, 10, 'Dolore quos iusto dignissimos.', '0', '2022-03-25 05:46:22', '2022-03-25 05:46:22'),
(69, 10, 'Eos ab quis quae quo.', '1', '2022-03-25 05:46:22', '2022-03-25 05:46:22'),
(70, 4, 'Totam incidunt nostrum odio reprehenderit.', '0', '2022-03-25 05:46:22', '2022-03-25 05:46:22'),
(71, 1, 'Eaque iste vitae magnam rerum.', '1', '2022-03-25 05:46:22', '2022-03-25 05:46:22'),
(72, 6, 'Illo similique et ut quod aliquam suscipit.', '0', '2022-03-25 05:46:22', '2022-03-25 05:46:22'),
(73, 1, 'Iusto eum aliquid sunt amet.', '1', '2022-03-25 05:46:22', '2022-03-25 05:46:22'),
(74, 6, 'Perferendis similique aut dolorem non ut et nam autem.', '1', '2022-03-25 05:46:22', '2022-03-25 05:46:22'),
(75, 1, 'Qui nisi quis culpa sequi.', '1', '2022-03-25 05:46:22', '2022-03-25 05:46:22'),
(76, 1, 'Ullam tenetur quasi molestiae sed quos quaerat.', '0', '2022-03-25 05:46:22', '2022-03-25 05:46:22'),
(77, 4, 'Architecto magnam id tenetur exercitationem et odio in.', '1', '2022-03-25 05:46:22', '2022-03-25 05:46:22'),
(78, 2, 'Et eaque quia laborum modi provident.', '0', '2022-03-25 05:46:22', '2022-03-25 05:46:22'),
(79, 4, 'Rerum aut dolorem sed sint.', '1', '2022-03-25 05:46:22', '2022-03-25 05:46:22'),
(80, 5, 'Dolor debitis consequatur dicta optio labore perspiciatis.', '1', '2022-03-25 05:46:22', '2022-03-25 05:46:22'),
(81, 3, 'Maiores repudiandae molestiae et iure quia.', '0', '2022-03-25 05:46:22', '2022-03-25 05:46:22'),
(82, 8, 'Sint aliquid accusantium aperiam autem.', '1', '2022-03-25 05:46:22', '2022-03-25 05:46:22'),
(83, 6, 'Qui saepe ad cumque provident vel repellendus quod.', '0', '2022-03-25 05:46:22', '2022-03-25 05:46:22'),
(84, 10, 'Repudiandae unde accusamus ut ex atque natus sint beatae.', '0', '2022-03-25 05:46:22', '2022-03-25 05:46:22'),
(85, 9, 'Fugiat iste voluptates dignissimos non a harum rerum.', '1', '2022-03-25 05:46:22', '2022-03-25 05:46:22'),
(86, 2, 'Et quia consequatur odio sed eligendi qui cumque.', '1', '2022-03-25 05:46:22', '2022-03-25 05:46:22'),
(87, 10, 'Est maiores qui et facere consequatur nihil voluptatibus.', '0', '2022-03-25 05:46:23', '2022-03-25 05:46:23'),
(88, 1, 'Quaerat sapiente accusantium et.', '1', '2022-03-25 05:46:23', '2022-03-25 05:46:23'),
(89, 6, 'Qui temporibus et modi consequatur blanditiis ipsa.', '0', '2022-03-25 05:46:23', '2022-03-25 05:46:23'),
(90, 7, 'Ratione beatae quia autem labore maiores voluptas.', '1', '2022-03-25 05:46:23', '2022-03-25 05:46:23');

-- --------------------------------------------------------

--
-- Estructura de tabla para la tabla `sessions`
--

CREATE TABLE `sessions` (
  `id` varchar(255) COLLATE utf8mb4_unicode_ci NOT NULL,
  `user_id` bigint(20) UNSIGNED DEFAULT NULL,
  `ip_address` varchar(45) COLLATE utf8mb4_unicode_ci DEFAULT NULL,
  `user_agent` text COLLATE utf8mb4_unicode_ci DEFAULT NULL,
  `payload` text COLLATE utf8mb4_unicode_ci NOT NULL,
  `last_activity` int(11) NOT NULL
) ENGINE=InnoDB DEFAULT CHARSET=utf8mb4 COLLATE=utf8mb4_unicode_ci;

--
-- Volcado de datos para la tabla `sessions`
--

INSERT INTO `sessions` (`id`, `user_id`, `ip_address`, `user_agent`, `payload`, `last_activity`) VALUES
('vzKn1QqNtTJOUKA2PjGFBVjJiWTLqsM2TzO4IbjK', NULL, '127.0.0.1', 'Mozilla/5.0 (Windows NT 10.0; Win64; x64) AppleWebKit/537.36 (KHTML, like Gecko) Chrome/99.0.4844.82 Safari/537.36', 'YTozOntzOjY6Il90b2tlbiI7czo0MDoiZFJrdDhka0xpd2FTWWgwZmh5S21EeXdUc3I2ZkREOEpzS0hFeEpCbyI7czo5OiJfcHJldmlvdXMiO2E6MTp7czozOiJ1cmwiO3M6MjE6Imh0dHA6Ly8xMjcuMC4wLjE6ODAwMCI7fXM6NjoiX2ZsYXNoIjthOjI6e3M6Mzoib2xkIjthOjA6e31zOjM6Im5ldyI7YTowOnt9fX0=', 1648419174);

--
-- Índices para tablas volcadas
--

--
-- Indices de la tabla `categories`
--
ALTER TABLE `categories`
  ADD PRIMARY KEY (`id`);

--
-- Indices de la tabla `courses`
--
ALTER TABLE `courses`
  ADD PRIMARY KEY (`id`),
  ADD KEY `courses_user_id_foreign` (`user_id`),
  ADD KEY `courses_category_id_foreign` (`category_id`);

--
-- Indices de la tabla `failed_jobs`
--
ALTER TABLE `failed_jobs`
  ADD PRIMARY KEY (`id`),
  ADD UNIQUE KEY `failed_jobs_uuid_unique` (`uuid`);

--
-- Indices de la tabla `migrations`
--
ALTER TABLE `migrations`
  ADD PRIMARY KEY (`id`);

--
-- Indices de la tabla `posts`
--
ALTER TABLE `posts`
  ADD PRIMARY KEY (`id`),
  ADD KEY `posts_course_id_foreign` (`course_id`);

--
-- Indices de la tabla `sessions`
--
ALTER TABLE `sessions`
  ADD PRIMARY KEY (`id`),
  ADD KEY `sessions_user_id_index` (`user_id`),
  ADD KEY `sessions_last_activity_index` (`last_activity`);

--
-- AUTO_INCREMENT de las tablas volcadas
--

--
-- AUTO_INCREMENT de la tabla `categories`
--
ALTER TABLE `categories`
  MODIFY `id` bigint(20) UNSIGNED NOT NULL AUTO_INCREMENT, AUTO_INCREMENT=4;

--
-- AUTO_INCREMENT de la tabla `courses`
--
ALTER TABLE `courses`
  MODIFY `id` bigint(20) UNSIGNED NOT NULL AUTO_INCREMENT, AUTO_INCREMENT=91;

--
-- AUTO_INCREMENT de la tabla `failed_jobs`
--
ALTER TABLE `failed_jobs`
  MODIFY `id` bigint(20) UNSIGNED NOT NULL AUTO_INCREMENT;

--
-- AUTO_INCREMENT de la tabla `migrations`
--
ALTER TABLE `migrations`
  MODIFY `id` int(10) UNSIGNED NOT NULL AUTO_INCREMENT, AUTO_INCREMENT=10;

--
-- AUTO_INCREMENT de la tabla `posts`
--
ALTER TABLE `posts`
  MODIFY `id` bigint(20) UNSIGNED NOT NULL AUTO_INCREMENT, AUTO_INCREMENT=91;

--
-- Restricciones para tablas volcadas
--

--
-- Filtros para la tabla `courses`
--
ALTER TABLE `courses`
  ADD CONSTRAINT `courses_category_id_foreign` FOREIGN KEY (`category_id`) REFERENCES `categories` (`id`),
  ADD CONSTRAINT `courses_user_id_foreign` FOREIGN KEY (`user_id`) REFERENCES `users` (`id`);

--
-- Filtros para la tabla `posts`
--
ALTER TABLE `posts`
  ADD CONSTRAINT `posts_course_id_foreign` FOREIGN KEY (`course_id`) REFERENCES `courses` (`id`);
COMMIT;

